000
CXUS51 KILN 012120
CLMCMH
CLIMATE REPORT
NATIONAL WEATHER SERVICE WILMINGTON OH
520 PM EDT WED NOV 01 2023
...................................
...THE COLUMBUS OH CLIMATE SUMMARY FOR THE MONTH OF OCTOBER 2023...
CLIMATE NORMAL PERIOD: 1991 TO 2020
CLIMATE RECORD PERIOD: 1869 TO 2023
WEATHER OBSERVED NORMAL DEPART LAST YEAR`S
VALUE DATE(S) VALUE FROM VALUE DATE(S)
NORMAL
................................................................
TEMPERATURE (F)
RECORD
HIGH 94 10/02/2019
10/01/2019
10/01/2019
LOW 17 10/21/1952
HIGHEST 87 10/03 65 22 77 10/06
10/04
10/23
10/24
LOWEST 29 10/31 43 -14 32 10/20
AVG. MAXIMUM 67.0 65.5 1.5 65.6
AVG. MINIMUM 48.2 44.8 3.4 42.7
MEAN 57.6 55.2 2.4 54.1
DAYS MAX >= 90 0 0.2 -0.2 0
DAYS MAX <= 32 0 0.0 0.0 0
DAYS MIN <= 32 1 1.6 -0.6 1
DAYS MIN <= 0 0 0.0 0.0 0
PRECIPITATION (INCHES)
TOTALS 3.11 2.90 0.21 0.60
DAILY AVG. 0.10 0.09 0.01 0.02
DAYS >= .01 12 10.0 2.0 7
DAYS >= .10 8 5.8 2.2 3
DAYS >= .50 2 1.7 0.3 0
DAYS >= 1.00 0 0.7 -0.7 0
GREATEST
24 HR. TOTAL 0.92 10/19 TO 10/20 0.19 10/18 TO 10/19
10/30 TO 10/31
SNOWFALL (INCHES)
TOTALS T 0.2 -0.2 T
SINCE 7/1 T 0.2 -0.2 T
DAYS >= TRACE 1 0.1 0.9 1
DAYS >= 1.0 0 0.1 -0.1 0
GREATEST
24 HR TOTAL T 10/31 TO 10/31 T 10/18 TO 10/18
DEGREE DAYS
HEATING TOTAL 259 323 -64 329
SINCE 7/1 268 388 -120 394
COOLING TOTAL 36 18 18 1
SINCE 1/1 992 1069 -77 1161
................................................................
WIND (MPH)
AVERAGE WIND SPEED 7.0
RESULTANT WIND SPEED/DIRECTION 2/270
HIGHEST WIND SPEED/DIRECTION 28/290 DATE 10/06
HIGHEST GUST SPEED/DIRECTION 34/290 DATE 10/06
SKY COVER
AVERAGE SKY COVER 0.63
AVERAGE RH (PERCENT) 74
WEATHER CONDITIONS. NUMBER OF DAYS WITH
THUNDERSTORM 0 MIXED PRECIP 0
HEAVY RAIN 4 RAIN 5
LIGHT RAIN 16 FREEZING RAIN 0
LT FREEZING RAIN 0 HAIL 0
HEAVY SNOW 0 SNOW 0
LIGHT SNOW 1 SLEET 0
FOG 15 FOG W/VIS <= 1/4 MILE 0
HAZE 2
- INDICATES NEGATIVE NUMBERS.
R INDICATES RECORD WAS SET OR TIED.
MM INDICATES DATA IS MISSING.
T INDICATES TRACE AMOUNT.
$$