000
CXUS51 KILN 010624
CLMCMH
CLIMATE REPORT
NATIONAL WEATHER SERVICE WILMINGTON OH
224 AM EDT SUN OCT 01 2023
...................................
...THE COLUMBUS OH CLIMATE SUMMARY FOR THE MONTH OF SEPTEMBER 2023...
CLIMATE NORMAL PERIOD: 1991 TO 2020
CLIMATE RECORD PERIOD: 1869 TO 2023
WEATHER OBSERVED NORMAL DEPART LAST YEAR`S
VALUE DATE(S) VALUE FROM VALUE DATE(S)
NORMAL
................................................................
TEMPERATURE (F)
RECORD
HIGH 100 09/02/1953
LOW 31 09/30/1963
09/21/1962
HIGHEST 92 09/05 77 15 87 09/01
09/21
LOWEST 48 09/19 55 -7 43 09/30
AVG. MAXIMUM 78.7 77.8 0.9 76.5
AVG. MINIMUM 59.0 56.5 2.5 58.0
MEAN 68.8 67.2 1.7 67.3
DAYS MAX >= 90 2 2.3 -0.3 0
DAYS MAX <= 32 0 0.0 0.0 0
DAYS MIN <= 32 0 0.0 0.0 0
DAYS MIN <= 0 0 0.0 0.0 0
PRECIPITATION (INCHES)
TOTALS 0.77 3.14 -2.37 3.14
DAILY AVG. 0.03 0.10 -0.07 0.10
DAYS >= .01 7 8.7 -1.7 9
DAYS >= .10 2 5.5 -3.5 6
DAYS >= .50 0 2.2 -2.2 4
DAYS >= 1.00 0 0.9 -0.9 0
GREATEST
24 HR. TOTAL 0.48 09/27 TO 09/28 0.81 09/05 TO 09/05
STORM TOTAL 0.47
SNOWFALL (INCHES)
TOTALS 0.0 0.0 0.0 0.0
SINCE 7/1 T 0.0 T 0.0
DAYS >= TRACE 0 0.0 0.0 0
DAYS >= 1.0 0 0.0 0.0 0
GREATEST
24 HR TOTAL 0.0 0.0
STORM TOTAL 0.0
DEGREE DAYS
HEATING TOTAL 9 61 -52 65
SINCE 7/1 9 63 -54 65
COOLING TOTAL 132 125 7 143
SINCE 1/1 956 1051 -95 1160
................................................................
WIND (MPH)
AVERAGE WIND SPEED 5.3
RESULTANT WIND SPEED/DIRECTION 2/050
HIGHEST WIND SPEED/DIRECTION 21/190 DATE 09/06
HIGHEST GUST SPEED/DIRECTION 29/190 DATE 09/06
SKY COVER
AVERAGE SKY COVER 0.51
AVERAGE RH (PERCENT) 75
WEATHER CONDITIONS. NUMBER OF DAYS WITH
THUNDERSTORM 0 MIXED PRECIP 0
HEAVY RAIN 2 RAIN 1
LIGHT RAIN 8 FREEZING RAIN 0
LT FREEZING RAIN 0 HAIL 0
HEAVY SNOW 0 SNOW 0
LIGHT SNOW 0 SLEET 0
FOG 11 FOG W/VIS <= 1/4 MILE 0
HAZE 2
- INDICATES NEGATIVE NUMBERS.
R INDICATES RECORD WAS SET OR TIED.
MM INDICATES DATA IS MISSING.
T INDICATES TRACE AMOUNT.
$$