000
CXUS54 KMAF 012312
CF6CNM
PRELIMINARY LOCAL CLIMATOLOGICAL DATA (WS FORM: F-6)
STATION: CARLSBAD
MONTH: AUGUST
YEAR: 2023
LATITUDE: 32 20 N
LONGITUDE: 104 15 W
TEMPERATURE IN F: :PCPN: SNOW: WIND :SUNSHINE: SKY :PK WND
================================================================================
1 2 3 4 5 6A 6B 7 8 9 10 11 12 13 14 15 16 17 18
12Z AVG MX 2MIN
DY MAX MIN AVG DEP HDD CDD WTR SNW DPTH SPD SPD DIR MIN PSBL S-S WX SPD DR
================================================================================
1 100 73 87 5 0 22 0.00 M M 6.9 22 210 M M 0 3 28 210
2 100 71 86 4 0 21 0.00 M M 5.7 15 50 M M 0 23 150
3 101 72 87 5 0 22 T M M 8.1 28 320 M M 0 3 34 320
4 105 73 89 7 0 24 0.00 M M 6.8 15 120 M M 0 21 120
5 106 74 90 8 0 25 0.00 M M 9.0 16 160 M M 0 24 120
6 107 72 90 8 0 25 0.00 M M 8.0 24 360 M M 0 31 350
7 104 71 88 6 0 23 0.21 M M 10.7 38 350 M M 1 38 54 340
8 102 71 87 5 0 22 0.00 M M 7.1 25 320 M M 1 33 310
9 104 71 88 6 0 23 0.00 M M 8.5 20 350 M M 0 27 30
10 103 74 89 7 0 24 0.00 M M 8.2 22 330 M M 0 30 330
11 104 81 93 11 0 28 0.01 M M 14.4 37 260 M M 1 38 47 260
12 103 82 93 11 0 28 0.00 M M 9.2 35 250 M M 0 8 43 260
13 100 74 87 5 0 22 0.03 M M 8.5 29 240 M M 2 3 36 240
14 90 73 82 0 0 17 0.00 M M 14.0 24 330 M M 5 3 32 330
15 93 72 83 1 0 18 0.00 M M 6.1 15 180 M M 1 22 180
16 100 72 86 5 0 21 0.00 M M 7.6 15 160 M M 0 20 160
17 104 73 89 8 0 24 0.00 M M 5.7 17 360 M M 0 3 22 360
18 102 70 86 5 0 21 0.00 M M 9.0 23 150 M M 0 33 150
19 99 66 83 2 0 18 0.00 M M 9.0 23 140 M M 0 30 150
20 98 64 81 0 0 16 0.00 M M 8.4 23 130 M M 0 35 140
21 98 68 83 2 0 18 T M M 6.4 28 60 M M 1 38 41 60
22 94 69 82 2 0 17 0.00 M M 7.2 21 130 M M 2 30 110
23 83 69 76 -4 0 11 0.37 M M 10.4 24 150 M M 6 1 33 140
24 91 68 80 0 0 15 0.00 M M 6.7 15 160 M M 1 1 20 150
25 96 68 82 2 0 17 0.00 M M 5.8 14 150 M M 0 19 140
26 97 68 83 3 0 18 T M M 7.6 21 120 M M 1 26 120
27 95 73 84 5 0 19 0.00 M M 7.6 24 120 M M 0 3 33 120
28 90 67 79 0 0 14 T M M 6.2 36 310 M M 3 3 46 320
29 91 66 79 0 0 14 0.16 M M 9.5 30 310 M M 3 38 38 80
30 89 64 77 -2 0 12 0.00 M M 5.9 12 90 M M 0 17 90
31 95 63 79 1 0 14 0.00 M M 6.8 15 160 M M 0 22 170
================================================================================
SM 3044 2192 0 613 0.78 M 251.0 M 28
================================================================================
AV 98.2 70.7 8.1 FASTST M M 1 MAX(MPH)
MISC ----> 38 350 54 340
================================================================================
NOTES:
# LAST OF SEVERAL OCCURRENCES
COLUMN 17 PEAK WIND IN M.P.H.
PRELIMINARY LOCAL CLIMATOLOGICAL DATA (WS FORM: F-6) , PAGE 2
STATION: CARLSBAD
MONTH: AUGUST
YEAR: 2023
LATITUDE: 32 20 N
LONGITUDE: 104 15 W
[TEMPERATURE DATA] [PRECIPITATION DATA] SYMBOLS USED IN COLUMN 16
AVERAGE MONTHLY: 84.5 TOTAL FOR MONTH: 0.78 1 = FOG OR MIST
DPTR FM NORMAL: 3.5 DPTR FM NORMAL: -0.87 2 = FOG REDUCING VISIBILITY
HIGHEST: 107 ON 6 GRTST 24HR 0.37 ON 23-23 TO 1/4 MILE OR LESS
LOWEST: 63 ON 31 3 = THUNDER
SNOW, ICE PELLETS, HAIL 4 = ICE PELLETS
TOTAL MONTH: M 5 = HAIL
GRTST 24HR M ON M 6 = FREEZING RAIN OR DRIZZLE
GRTST DEPTH: M ON M 7 = DUSTSTORM OR SANDSTORM:
VSBY 1/2 MILE OR LESS
8 = SMOKE OR HAZE
[NO. OF DAYS WITH] [WEATHER - DAYS WITH] 9 = BLOWING SNOW
X = TORNADO
MAX 32 OR BELOW: 0 0.01 INCH OR MORE: 5
MAX 90 OR ABOVE: 29 0.10 INCH OR MORE: 3
MIN 32 OR BELOW: 0 0.50 INCH OR MORE: 0
MIN 0 OR BELOW: 0 1.00 INCH OR MORE: 0
[HDD (BASE 65) ]
TOTAL THIS MO. 0 CLEAR (SCALE 0-3) 28
DPTR FM NORMAL 0 PTCLDY (SCALE 4-7) 3
TOTAL FM JUL 1 0 CLOUDY (SCALE 8-10) 0
DPTR FM NORMAL 0
[CDD (BASE 65) ]
TOTAL THIS MO. 613
DPTR FM NORMAL 117 [PRESSURE DATA]
TOTAL FM JAN 1 2169 HIGHEST SLP 30.19 ON 15
DPTR FM NORMAL 318 LOWEST SLP 29.61 ON 10
[REMARKS]
#FINAL-08-23#