000
CXUS56 KSGX 011045
CF6CNO
PRELIMINARY LOCAL CLIMATOLOGICAL DATA (WS FORM: F-6)
STATION: CHINO AIRPORT CA
MONTH: OCTOBER
YEAR: 2023
LATITUDE: 33 58 N
LONGITUDE: 117 38 W
TEMPERATURE IN F: :PCPN: SNOW: WIND :SUNSHINE: SKY :PK WND
================================================================================
1 2 3 4 5 6A 6B 7 8 9 10 11 12 13 14 15 16 17 18
12Z AVG MX 2MIN
DY MAX MIN AVG DEP HDD CDD WTR SNW DPTH SPD SPD DIR MIN PSBL S-S WX SPD DR
================================================================================
1 72 52 62 -10 3 0 0.00 M M 5.5 15 240 M M 5 19 250
2 78 49 64 -8 1 0 0.00 M M 4.5 17 230 M M 1 1 22 240
3 88 50 69 -3 0 4 0.00 M M 2.7 16 230 M M 0 18 26 260
4 95 52 74 2 0 9 0.00 M M 4.7 23 60 M M 0 18 30 60
5 100 56 78 6 0 13 0.00 M M 3.9 14 240 M M 0 8 18 80
6 102 56 79 8 0 14 0.00 M M 2.8 16 230 M M 0 8 19 240
7 99 55 77 6 0 12 0.00 M M 3.0 13 230 M M 1 8 15 240
8 97 61 79 8 0 14 0.00 M M 4.2 14 260 M M 1 8 18 250
9 89 57 73 3 0 8 0.00 M M 3.7 18 250 M M 2 18 22 260
10 80 53 67 -3 0 2 0.00 M M 5.8 15 250 M M 3 18 19 250
11 78 54 66 -4 0 1 0.02 M M 6.8 17 230 M M 6 1 23 220
12 88 50 69 -1 0 4 0.00 M M 2.6 13 240 M M 1 18 15 240
13 87 50 69 -1 0 4 0.00 M M 3.1 15 240 M M 3 18 17 250
14 88 52 70 1 0 5 0.00 M M 2.0 10 240 M M 0 18 13 290
15 97 51 74 5 0 9 0.00 M M 2.5 14 240 M M 0 17 240
16 94 53 74 5 0 9 0.00 M M 3.1 13 260 M M 0 8 16 250
17 91 51 71 2 0 6 0.00 M M 2.5 14 240 M M 1 18 16 240
18 101 53 77 9 0 12 0.00 M M 2.9 14 280 M M 0 18 17 300
19 97 56 77 9 0 12 0.00 M M 3.1 15 250 M M 0 18 18 250
20 98 56 77 9 0 12 0.00 M M 2.2 15 260 M M 1 8 17 250
21 90 56 73 5 0 8 0.00 M M 4.5 15 230 M M 0 8 19 220
22 78 52 65 -3 0 0 0.00 M M 5.5 20 240 M M 3 18 23 250
23 76 56 66 -1 0 1 0.00 M M 5.9 15 240 M M 5 18 240
24 79 51 65 -2 0 0 0.00 M M 4.4 16 240 M M 1 1 21 230
25 72 61 67 0 0 2 0.01 M M 6.2 12 230 M M 9 18 16 260
26 75 56 66 -1 0 1 0.00 M M 4.5 13 240 M M 6 16 240
27 76 52 64 -2 1 0 0.00 M M 3.2 14 240 M M 5 18 16 230
28 75 49 62 -4 3 0 0.00 M M 3.3 16 230 M M 1 18 20 240
29 78 47 63 -3 2 0 0.00 M M 12.1 28 80 M M 0 18 43 70
30 82 43 63 -3 2 0 0.00 M M 4.2 21 80 M M 2 8 29 70
31 88 42 65 0 0 0 0.00 M M 5.6 17 90 M M 1 8 22 90
================================================================================
SM 2688 1632 12 162 0.03 M 131.0 M 58
================================================================================
AV 86.7 52.6 4.2 FASTST M M 2 MAX(MPH)
MISC ----> 28 80 43 70
================================================================================
NOTES:
# LAST OF SEVERAL OCCURRENCES
COLUMN 17 PEAK WIND IN M.P.H.
PRELIMINARY LOCAL CLIMATOLOGICAL DATA (WS FORM: F-6) , PAGE 2
STATION: CHINO AIRPORT CA
MONTH: OCTOBER
YEAR: 2023
LATITUDE: 33 58 N
LONGITUDE: 117 38 W
[TEMPERATURE DATA] [PRECIPITATION DATA] SYMBOLS USED IN COLUMN 16
AVERAGE MONTHLY: 69.7 TOTAL FOR MONTH: 0.03 1 = FOG OR MIST
DPTR FM NORMAL: 0.8 DPTR FM NORMAL: -0.50 2 = FOG REDUCING VISIBILITY
HIGHEST: 102 ON 6 GRTST 24HR 0.02 ON 11-11 TO 1/4 MILE OR LESS
LOWEST: 42 ON 31 3 = THUNDER
SNOW, ICE PELLETS, HAIL 4 = ICE PELLETS
TOTAL MONTH: M 5 = HAIL
GRTST 24HR M ON M 6 = FREEZING RAIN OR DRIZZLE
GRTST DEPTH: M ON M 7 = DUSTSTORM OR SANDSTORM:
VSBY 1/2 MILE OR LESS
8 = SMOKE OR HAZE
[NO. OF DAYS WITH] [WEATHER - DAYS WITH] 9 = BLOWING SNOW
X = TORNADO
MAX 32 OR BELOW: 0 0.01 INCH OR MORE: 2
MAX 90 OR ABOVE: 12 0.10 INCH OR MORE: 0
MIN 32 OR BELOW: 0 0.50 INCH OR MORE: 0
MIN 0 OR BELOW: 0 1.00 INCH OR MORE: 0
[HDD (BASE 65) ]
TOTAL THIS MO. 12 CLEAR (SCALE 0-3) 24
DPTR FM NORMAL -16 PTCLDY (SCALE 4-7) 6
TOTAL FM JUL 1 12 CLOUDY (SCALE 8-10) 1
DPTR FM NORMAL -15
[CDD (BASE 65) ]
TOTAL THIS MO. 162
DPTR FM NORMAL 13 [PRESSURE DATA]
TOTAL FM JAN 1 1513 HIGHEST SLP 30.12 ON 30
DPTR FM NORMAL -277 LOWEST SLP 29.62 ON 11
[REMARKS]
#FINAL-10-23#