000
CXUS53 KICT 292109
CF6CNU
PRELIMINARY LOCAL CLIMATOLOGICAL DATA (WS FORM: F-6)
STATION: CHANUTE KS
MONTH: FEBRUARY
YEAR: 2024
LATITUDE: 37 40 N
LONGITUDE: 95 29 W
TEMPERATURE IN F: :PCPN: SNOW: WIND :SUNSHINE: SKY :PK WND
================================================================================
1 2 3 4 5 6A 6B 7 8 9 10 11 12 13 14 15 16 17 18
12Z AVG MX 2MIN
DY MAX MIN AVG DEP HDD CDD WTR SNW DPTH SPD SPD DIR MIN PSBL S-S WX SPD DR
================================================================================
1 67 48 58 23 7 0 0.00 M M 11.5 18 180 M M 0 23 170
2 73 50 62 27 3 0 0.00 M M 10.2 22 150 M M 2 29 140
3 60 50 55 20 10 0 0.94 M M 12.3 22 90 M M 9 1 29 90
4 50 41 46 11 19 0 0.54 M M 10.9 18 20 M M 10 1 27 40
5 57 34 46 10 19 0 0.00 M M 7.5 13 360 M M 0 18 18 20
6 60 27 44 8 21 0 0.00 M M 5.0 10 130 M M 1 12 14 130
7 65 44 55 19 10 0 0.00 M M 14.2 25 160 M M 0 35 180
8 70 49 60 24 5 0 0.00 M M 17.0 31 200 M M 1 45 190
9 64 35 50 13 15 0 0.00 M M 6.9 15 360 M M 0 21 350
10 51 37 44 7 21 0 0.00 M M 11.3 17 40 M M 1 24 10
11 44 37 41 4 24 0 0.00 M M 10.4 20 30 M M 7 26 40
12 56 31 44 7 21 0 0.00 M M 7.7 22 320 M M 4 29 330
13 64 30 47 9 18 0 0.00 M M 9.3 25 210 M M 0 32 220
14 68 34 51 13 14 0 0.00 M M 12.2 22 180 M M 0 31 180
15 54 37 46 8 19 0 0.00 M M 11.0 20 350 M M 3 27 10
16 44 27 36 -2 29 0 T M M 14.3 26 10 M M 9 36 20
17 36 14 25 -14 40 0 0.00 M M 9.6 20 340 M M 2 26 350
18 57 20 39 0 26 0 0.00 M M 7.5 15 220 M M 0 23 230
19 58 25 42 2 23 0 T M M 9.6 21 170 M M 2 28 170
20 72 27 50 10 15 0 0.00 M M 6.0 17 180 M M 0 8 25 170
21 72 43 58 18 7 0 0.00 M M 8.1 17 170 M M 0 23 160
22 71 47 59 19 6 0 T M M 10.1 21 10 M M 1 13 31 20
23 70 37 54 13 11 0 0.00 M M 9.0 24 310 M M 0 34 290
24 67 31 49 8 16 0 0.00 M M 7.7 18 180 M M 0 24 200
25 81 44 63 21 2 0 0.00 M M 5.6 13 310 M M 0 8 20 300
26 79 41 60 18 5 0 0.00 M M 9.6 20 210 M M 0 25 210
27 84 28 56 14 9 0 0.00 M M 17.8 33 270 M M 1 47 270
28 44 20 32 -11 33 0 0.00 M M 10.2 26 340 M M 1 36 340
29 59 21 40 -3 25 0 T M M 11.7 25 190 M M 2 34 200
================================================================================
SM 1797 1009 473 0 1.48 M 294.2 M 56
================================================================================
AV 62.0 34.8 10.1 FASTST M M 2 MAX(MPH)
MISC ----> 33 270 47 270
================================================================================
NOTES:
# LAST OF SEVERAL OCCURRENCES
COLUMN 17 PEAK WIND IN M.P.H.
PRELIMINARY LOCAL CLIMATOLOGICAL DATA (WS FORM: F-6) , PAGE 2
STATION: CHANUTE KS
MONTH: FEBRUARY
YEAR: 2024
LATITUDE: 37 40 N
LONGITUDE: 95 29 W
[TEMPERATURE DATA] [PRECIPITATION DATA] SYMBOLS USED IN COLUMN 16
AVERAGE MONTHLY: 48.4 TOTAL FOR MONTH: 1.48 1 = FOG OR MIST
DPTR FM NORMAL: 10.1 DPTR FM NORMAL: -0.08 2 = FOG REDUCING VISIBILITY
HIGHEST: 84 ON 27 GRTST 24HR 1.27 ON 3- 4 TO 1/4 MILE OR LESS
LOWEST: 14 ON 17 3 = THUNDER
SNOW, ICE PELLETS, HAIL 4 = ICE PELLETS
TOTAL MONTH: M 5 = HAIL
GRTST 24HR M ON M 6 = FREEZING RAIN OR DRIZZLE
GRTST DEPTH: M ON M 7 = DUSTSTORM OR SANDSTORM:
VSBY 1/2 MILE OR LESS
8 = SMOKE OR HAZE
[NO. OF DAYS WITH] [WEATHER - DAYS WITH] 9 = BLOWING SNOW
X = TORNADO
MAX 32 OR BELOW: 0 0.01 INCH OR MORE: 2
MAX 90 OR ABOVE: 0 0.10 INCH OR MORE: 2
MIN 32 OR BELOW: 12 0.50 INCH OR MORE: 2
MIN 0 OR BELOW: 0 1.00 INCH OR MORE: 0
[HDD (BASE 65) ]
TOTAL THIS MO. 473 CLEAR (SCALE 0-3) 24
DPTR FM NORMAL -275 PTCLDY (SCALE 4-7) 2
TOTAL FM JUL 1 2888 CLOUDY (SCALE 8-10) 3
DPTR FM NORMAL -535
[CDD (BASE 65) ]
TOTAL THIS MO. 0
DPTR FM NORMAL 0 [PRESSURE DATA]
TOTAL FM JAN 1 0 HIGHEST SLP 30.53 ON 17
DPTR FM NORMAL 0 LOWEST SLP 29.29 ON 27
[REMARKS]
#FINAL-02-24#