000
CXUS55 KGJT 010910
CF6CNY
PRELIMINARY LOCAL CLIMATOLOGICAL DATA (WS FORM: F-6)
STATION: CANYONLANDS AIRPORT UT
MONTH: JULY
YEAR: 2023
LATITUDE: 38 46 N
LONGITUDE: 109 45 W
TEMPERATURE IN F: :PCPN: SNOW: WIND :SUNSHINE: SKY :PK WND
================================================================================
1 2 3 4 5 6A 6B 7 8 9 10 11 12 13 14 15 16 17 18
12Z AVG MX 2MIN
DY MAX MIN AVG DEP HDD CDD WTR SNW DPTH SPD SPD DIR MIN PSBL S-S WX SPD DR
================================================================================
1 94 57 76 -3 0 11 0.00 M M 5.6 15 300 M M 0 8 22 360
2 99 57 78 -1 0 13 0.00 M M 4.7 22 340 M M 0 35 330
3 101 59 80 1 0 15 0.00 M M 7.4 29 80 M M 0 3 37 50
4 103 69 86 6 0 21 0.00 M M 10.0 31 240 M M 0 41 210
5 97 61 79 -1 0 14 0.00 M M 3.4 20 230 M M 0 26 220
6 99 68 84 4 0 19 0.00 M M 8.4 23 240 M M 0 34 240
7 98 66 82 2 0 17 0.00 M M 5.9 21 230 M M 0 33 270
8 97 61 79 -2 0 14 0.00 M M 6.4 21 280 M M 0 32 260
9 100 59 80 -1 0 15 0.00 M M 6.4 20 240 M M 0 29 210
10 99 72 86 5 0 21 0.00 M M 9.6 25 230 M M 0 37 240
11 100 64 82 1 0 17 0.00 M M 7.9 28 210 M M 0 35 210
12 102 68 85 4 0 20 0.00 M M 3.5 23 250 M M 0 31 230
13 102 64 83 2 0 18 0.00 M M 6.9 20 280 M M 0 27 260
14 101 64 83 1 0 18 0.00 M M 7.9 21 330 M M 0 28 330
15 100 65 83 1 0 18 0.00 M M 8.2 21 300 M M 0 29 330
16 103 60 82 0 0 17 0.00 M M 4.8 17 300 M M 0 23 300
17 110 64 87 5 0 22 0.00 M M 8.1 24 250 M M 0 35 260
18 102 68 85 3 0 20 T M M 7.8 48 280 M M 1 38 63 260
19 100 67 84 2 0 19 T M M 6.3 33 300 M M 1 3 47 310
20 98 66 82 0 0 17 0.00 M M 5.5 24 60 M M 0 35 50
21 101 72 87 5 0 22 0.00 M M 8.1 23 50 M M 0 32 60
22 103 69 86 4 0 21 0.00 M M 3.2 15 360 M M 0 20 360
23 106 66 86 4 0 21 0.00 M M 7.0 24 40 M M 0 28 40
24 103 72 88 6 0 23 0.00 M M 10.1 32 250 M M 0 41 250
25 103 72 88 6 0 23 0.00 M M 7.5 36 320 M M 0 48 290
26 102 67 85 3 0 20 T M M 6.3 39 310 M M 0 3 51 310
27 103 68 86 4 0 21 0.00 M M 8.9 25 220 M M 0 35 230
28 104 67 86 4 0 21 0.00 M M 5.3 21 260 M M 0 32 230
29 104 75 90 8 0 25 0.00 M M 8.4 22 200 M M 0 29 170
30 101 78 90 8 0 25 T M M 10.0 31 160 M M 1 44 160
31 94 73 84 3 0 19 0.01 M M 7.6 24 40 M M 2 3 29 40
================================================================================
SM 3129 2058 0 587 0.01 M 217.1 M 5
================================================================================
AV100.9 66.4 7.0 FASTST M M 0 MAX(MPH)
MISC ----> 48 280 63 260
================================================================================
NOTES:
# LAST OF SEVERAL OCCURRENCES
COLUMN 17 PEAK WIND IN M.P.H.
PRELIMINARY LOCAL CLIMATOLOGICAL DATA (WS FORM: F-6) , PAGE 2
STATION: CANYONLANDS AIRPORT UT
MONTH: JULY
YEAR: 2023
LATITUDE: 38 46 N
LONGITUDE: 109 45 W
[TEMPERATURE DATA] [PRECIPITATION DATA] SYMBOLS USED IN COLUMN 16
AVERAGE MONTHLY: 83.7 TOTAL FOR MONTH: 0.01 1 = FOG OR MIST
DPTR FM NORMAL: 2.6 DPTR FM NORMAL: -0.52 2 = FOG REDUCING VISIBILITY
HIGHEST: 110 ON 17 GRTST 24HR 0.01 ON 30-31 TO 1/4 MILE OR LESS
LOWEST: 57 ON 2, 1 3 = THUNDER
SNOW, ICE PELLETS, HAIL 4 = ICE PELLETS
TOTAL MONTH: M 5 = HAIL
GRTST 24HR M ON M 6 = FREEZING RAIN OR DRIZZLE
GRTST DEPTH: M ON M 7 = DUSTSTORM OR SANDSTORM:
VSBY 1/2 MILE OR LESS
8 = SMOKE OR HAZE
[NO. OF DAYS WITH] [WEATHER - DAYS WITH] 9 = BLOWING SNOW
X = TORNADO
MAX 32 OR BELOW: 0 0.01 INCH OR MORE: 1
MAX 90 OR ABOVE: 31 0.10 INCH OR MORE: 0
MIN 32 OR BELOW: 0 0.50 INCH OR MORE: 0
MIN 0 OR BELOW: 0 1.00 INCH OR MORE: 0
[HDD (BASE 65) ]
TOTAL THIS MO. 0 CLEAR (SCALE 0-3) 31
DPTR FM NORMAL 0 PTCLDY (SCALE 4-7) 0
TOTAL FM JUL 1 0 CLOUDY (SCALE 8-10) 0
DPTR FM NORMAL 0
[CDD (BASE 65) ]
TOTAL THIS MO. 587
DPTR FM NORMAL 87 [PRESSURE DATA]
TOTAL FM JAN 1 840 HIGHEST SLP M ON M
DPTR FM NORMAL -20 LOWEST SLP 29.57 ON 7
[REMARKS]
#FINAL-07-23#