000
CXUS55 KRIW 011110
CF6COD
PRELIMINARY LOCAL CLIMATOLOGICAL DATA (WS FORM: F-6)
STATION: CODY WY
MONTH: JANUARY
YEAR: 2023
LATITUDE: 44 31 N
LONGITUDE: 109 1 W
TEMPERATURE IN F: :PCPN: SNOW: WIND :SUNSHINE: SKY :PK WND
================================================================================
1 2 3 4 5 6A 6B 7 8 9 10 11 12 13 14 15 16 17 18
12Z AVG MX 2MIN
DY MAX MIN AVG DEP HDD CDD WTR SNW DPTH SPD SPD DIR MIN PSBL S-S WX SPD DR
================================================================================
1 33 21 27 1 38 0 0.00 M M 1.9 7 360 M M 8 M M
2 31 18 25 -1 40 0 T M M 1.9 6 20 M M 7 M M
3 35 21 28 2 37 0 0.00 M M 6.9 22 260 M M 8 37 270
4 35 22 29 3 36 0 0.00 M M 15.0 23 260 M M 0 39 250
5 33 15 24 -2 41 0 0.00 M M 3.9 16 270 M M 2 22 230
6 43 17 30 3 35 0 0.00 M M 2.9 9 180 M M 6 M M
7 45 20 33 6 32 0 0.00 M M 8.2 17 140 M M 0 28 240
8 45 13 29 2 36 0 0.00 M M 5.8 14 210 M M 1 20 250
9 42 21 32 5 33 0 0.00 M M 8.6 17 160 M M 0 32 260
10 44 22 33 6 32 0 0.00 M M 5.7 12 50 M M 2 M M
11 39 21 30 3 35 0 T M M 3.5 12 40 M M 6 M M
12 45 20 33 6 32 0 0.00 M M 12.5 20 250 M M 0 38 270
13 43 21 32 5 33 0 0.00 M M 3.9 14 160 M M 0 M M
14 49 24 37 10 28 0 0.00 M M 7.1 16 250 M M 2 30 260
15 40 21 31 4 34 0 0.00 M M 3.3 12 200 M M 4 M M
16 42 19 31 4 34 0 T M M 3.1 10 100 M M 4 M M
17 36 17 27 0 38 0 0.00 M M 3.4 9 40 M M 5 M M
18 40 16 28 1 37 0 0.00 M M 8.5 17 270 M M 0 30 260
19 36 20 28 1 37 0 0.00 M M 6.8 15 270 M M 2 31 270
20 37 19 28 1 37 0 0.00 M M 5.4 12 170 M M 3 M M
21 36 15 26 -1 39 0 0.00 M M 5.1 14 230 M M 4 M M
22 33 13 23 -4 42 0 T M M 3.4 10 20 M M 7 M M
23 37 17 27 0 38 0 T M M 8.2 22 150 M M 5 M M
24 38 13 26 -1 39 0 T M M 5.7 17 310 M M 5 24 310
25 35 24 30 3 35 0 0.00 M M 6.5 15 340 M M 10 M M
26 42 20 31 4 34 0 0.00 M M 10.7 23 260 M M 6 39 260
27 37 25 31 4 34 0 T M M 7.3 16 330 M M 9 1 22 260
28 25 -6 10 -17 55 0 0.01 M M 14.4 23 330 M M 10 18 32 340
29 -1 -18 -9 -36 74 0 T M M 6.0 15 30 M M 5 17 10
30 13 -21 -4 -31 69 0 0.00 M M 3.5 9 200 M M 0 33 270
31 27 -11 8 -19 57 0 0.00 M M 10.7 23 250 M M 1 41 260
================================================================================
SM 1115 459 1221 0 0.01 M 199.9 M 122
================================================================================
AV 36.0 14.8 6.4 FASTST M M 4 MAX(MPH)
MISC ----> 23 330 41 260
================================================================================
NOTES:
# LAST OF SEVERAL OCCURRENCES
COLUMN 17 PEAK WIND IN M.P.H.
PRELIMINARY LOCAL CLIMATOLOGICAL DATA (WS FORM: F-6) , PAGE 2
STATION: CODY WY
MONTH: JANUARY
YEAR: 2023
LATITUDE: 44 31 N
LONGITUDE: 109 1 W
[TEMPERATURE DATA] [PRECIPITATION DATA] SYMBOLS USED IN COLUMN 16
AVERAGE MONTHLY: 25.4 TOTAL FOR MONTH: 0.01 1 = FOG OR MIST
DPTR FM NORMAL: -1.5 DPTR FM NORMAL: M 2 = FOG REDUCING VISIBILITY
HIGHEST: 49 ON 14 GRTST 24HR 0.51 ON 1- 2 TO 1/4 MILE OR LESS
LOWEST: -21 ON 30 3 = THUNDER
SNOW, ICE PELLETS, HAIL 4 = ICE PELLETS
TOTAL MONTH: M 5 = HAIL
GRTST 24HR M ON M 6 = FREEZING RAIN OR DRIZZLE
GRTST DEPTH: M ON M 7 = DUSTSTORM OR SANDSTORM:
VSBY 1/2 MILE OR LESS
8 = SMOKE OR HAZE
[NO. OF DAYS WITH] [WEATHER - DAYS WITH] 9 = BLOWING SNOW
X = TORNADO
MAX 32 OR BELOW: 5 0.01 INCH OR MORE: 1
MAX 90 OR ABOVE: 0 0.10 INCH OR MORE: 0
MIN 32 OR BELOW: 31 0.50 INCH OR MORE: 0
MIN 0 OR BELOW: 4 1.00 INCH OR MORE: 0
[HDD (BASE 65) ]
TOTAL THIS MO. 1221 CLEAR (SCALE 0-3) 14
DPTR FM NORMAL 47 PTCLDY (SCALE 4-7) 14
TOTAL FM JUL 1 4346 CLOUDY (SCALE 8-10) 3
DPTR FM NORMAL 596
[CDD (BASE 65) ]
TOTAL THIS MO. 0
DPTR FM NORMAL 0 [PRESSURE DATA]
TOTAL FM JAN 1 0 HIGHEST SLP M ON M
DPTR FM NORMAL 0 LOWEST SLP M ON M
[REMARKS]
#FINAL-01-23#