000
CXUS54 KCRP 011210
CF6COT
PRELIMINARY LOCAL CLIMATOLOGICAL DATA (WS FORM: F-6)
STATION: COTULLA
MONTH: JULY
YEAR: 2023
LATITUDE: 28 27 N
LONGITUDE: 99 13 W
TEMPERATURE IN F: :PCPN: SNOW: WIND :SUNSHINE: SKY :PK WND
================================================================================
1 2 3 4 5 6A 6B 7 8 9 10 11 12 13 14 15 16 17 18
12Z AVG MX 2MIN
DY MAX MIN AVG DEP HDD CDD WTR SNW DPTH SPD SPD DIR MIN PSBL S-S WX SPD DR
================================================================================
1 107 81 94 8 0 29 0.00 0.0 0 12.1 26 130 M M 3 35 130
2 98 80 89 3 0 24 0.00 0.0 0 6.4 14 30 M M 2 19 110
3 103 81 92 6 0 27 T 0.0 0 7.7 24 140 M M 2 3 31 140
4 105 83 94 8 0 29 0.17 0.0 0 11.3 22 140 M M 2 30 140
5 102 82 92 6 0 27 0.00 0.0 0 11.8 23 130 M M 3 31 130
6 96 79 88 2 0 23 T 0.0 0 11.5 24 110 M M 6 35 120
7 95 76 86 0 0 21 1.53 0.0 0 8.7 32 140 M M 6 13 44 140
8 101 79 90 4 0 25 0.00 0.0 0 9.9 20 130 M M 3 1 26 120
9 104 78 91 5 0 26 0.00 0.0 0 10.4 21 130 M M 0 30 130
10 105 80 93 7 0 28 0.00 0.0 0 10.4 21 130 M M 1 29 130
11 108 80 94 8 0 29 0.00 0.0 0 11.1 23 130 M M 0 29 130
12 109 80 95 9 0 30 0.00 0.0 0 12.0 25 130 M M 0 35 120
13 109 81 95 8 0 30 0.00 0.0 0 12.1 23 130 M M 0 34 140
14 108 80 94 7 0 29 0.00 0.0 0 12.2 22 130 M M 0 29 140
15 109 80 95 8 0 30 0.00 0.0 0 11.4 22 130 M M 0 29 140
16 109 78 94 7 0 29 0.00 0.0 0 9.6 23 140 M M 0 31 140
17 108 76 92 5 0 27 0.00 0.0 0 8.7 24 130 M M 0 34 130
18 109 78 94 7 0 29 0.00 0.0 0 8.9 23 140 M M 0 30 140
19 109 80 95 8 0 30 0.00 0.0 0 11.8 26 130 M M 0 34 140
20 108 79 94 7 0 29 0.00 0.0 0 12.1 25 130 M M 0 8 35 140
21 107 76 92 5 0 27 0.00 0.0 0 9.2 22 130 M M 0 30 110
22 106 78 92 5 0 27 0.00 0.0 0 7.1 15 130 M M 0 23 80
23 108 81 95 7 0 30 0.00 0.0 0 6.9 26 70 M M 1 41 70
24 106 79 93 5 0 28 0.00 0.0 0 9.1 26 140 M M 0 34 150
25 105 79 92 4 0 27 0.00 0.0 0 9.2 22 140 M M 1 32 130
26 107 81 94 6 0 29 0.00 0.0 0 11.6 26 130 M M 0 38 140
27 106 78 92 4 0 27 0.00 0.0 0 11.3 25 140 M M 1 34 130
28 106 77 92 4 0 27 0.00 0.0 0 9.2 25 140 M M 1 35 130
29 103 75 89 1 0 24 0.00 0.0 0 9.3 22 140 M M 0 32 170
30 104 77 91 3 0 26 0.00 0.0 0 7.8 22 140 M M 0 29 150
31 104 79 92 4 0 27 0.00 0.0 0 8.7 22 140 M M 0 30 140
================================================================================
SM 3264 2451 0 850 1.70 0.0 309.5 M 32
================================================================================
AV105.3 79.1 10.0 FASTST M M 1 MAX(MPH)
MISC ----> 32 140 44 140
================================================================================
NOTES:
# LAST OF SEVERAL OCCURRENCES
COLUMN 17 PEAK WIND IN M.P.H.
PRELIMINARY LOCAL CLIMATOLOGICAL DATA (WS FORM: F-6) , PAGE 2
STATION: COTULLA
MONTH: JULY
YEAR: 2023
LATITUDE: 28 27 N
LONGITUDE: 99 13 W
[TEMPERATURE DATA] [PRECIPITATION DATA] SYMBOLS USED IN COLUMN 16
AVERAGE MONTHLY: 92.2 TOTAL FOR MONTH: 1.70 1 = FOG OR MIST
DPTR FM NORMAL: 5.2 DPTR FM NORMAL: -0.56 2 = FOG REDUCING VISIBILITY
HIGHEST: 109 ON 19,18 GRTST 24HR 1.53 ON 7- 7 TO 1/4 MILE OR LESS
LOWEST: 75 ON 29 3 = THUNDER
SNOW, ICE PELLETS, HAIL 4 = ICE PELLETS
TOTAL MONTH: 0.0 INCH 5 = HAIL
GRTST 24HR 0.0 6 = FREEZING RAIN OR DRIZZLE
GRTST DEPTH: 0 7 = DUSTSTORM OR SANDSTORM:
VSBY 1/2 MILE OR LESS
8 = SMOKE OR HAZE
[NO. OF DAYS WITH] [WEATHER - DAYS WITH] 9 = BLOWING SNOW
X = TORNADO
MAX 32 OR BELOW: 0 0.01 INCH OR MORE: 2
MAX 90 OR ABOVE: 31 0.10 INCH OR MORE: 2
MIN 32 OR BELOW: 0 0.50 INCH OR MORE: 1
MIN 0 OR BELOW: 0 1.00 INCH OR MORE: 1
[HDD (BASE 65) ]
TOTAL THIS MO. 0 CLEAR (SCALE 0-3) 27
DPTR FM NORMAL 0 PTCLDY (SCALE 4-7) 4
TOTAL FM JUL 1 0 CLOUDY (SCALE 8-10) 0
DPTR FM NORMAL 0
[CDD (BASE 65) ]
TOTAL THIS MO. 850
DPTR FM NORMAL 170 [PRESSURE DATA]
TOTAL FM JAN 1 3016 HIGHEST SLP 30.11 ON 25
DPTR FM NORMAL 730 LOWEST SLP 29.72 ON 14
[REMARKS]
#FINAL-07-23#