000
CXUS54 KCRP 011300
CF6COT
PRELIMINARY LOCAL CLIMATOLOGICAL DATA (WS FORM: F-6)
STATION: COTULLA
MONTH: MARCH
YEAR: 2020
LATITUDE: 28 27 N
LONGITUDE: 99 13 W
TEMPERATURE IN F: :PCPN: SNOW: WIND :SUNSHINE: SKY :PK WND
================================================================================
1 2 3 4 5 6A 6B 7 8 9 10 11 12 13 14 15 16 17 18
12Z AVG MX 2MIN
DY MAX MIN AVG DEP HDD CDD WTR SNW DPTH SPD SPD DIR MIN PSBL S-S WX SPD DR
================================================================================
1 84 60 72 10 0 7 0.00 0.0 0 6.7 14 160 M M 1 19 150
2 88 62 75 13 0 10 0.00 0.0 0 6.7 17 140 M M 1 1 22 150
3 80 69 75 13 0 10 0.00 0.0 0 9.4 17 120 M M 8 18 22 120
4 80 58 69 6 0 4 0.03 0.0 0 14.7 31 330 M M 4 1 43 330
5 78 47 63 0 2 0 0.00 0.0 0 7.0 15 360 M M 1 20 30
6 78 49 64 1 1 0 0.00 0.0 0 9.1 21 80 M M 0 27 80
7 76 57 67 4 0 2 0.00 0.0 0 10.9 24 140 M M 4 30 140
8 80 53 67 3 0 2 0.00 0.0 0 12.5 25 140 M M 2 34 130
9 79 65 72 8 0 7 T 0.0 0 9.2 18 150 M M 2 3 25 150
10 83 65 74 10 0 9 0.00 0.0 0 8.4 14 150 M M 5 18 150
11 93 62 78 14 0 13 0.00 0.0 0 8.4 20 150 M M 2 1 26 150
12 93 65 79 14 0 14 0.00 0.0 0 10.4 21 130 M M 0 1 25 140
13 92 69 81 16 0 16 0.00 0.0 0 12.6 24 120 M M 4 32 120
14 92 71 82 17 0 17 T 0.0 0 11.8 23 100 M M 6 18 30 110
15 89 71 80 15 0 15 T 0.0 0 13.8 25 130 M M 8 1 31 130
16 84 69 77 11 0 12 T 0.0 0 9.6 21 150 M M 6 27 150
17 93 69 81 15 0 16 0.00 0.0 0 12.8 24 130 M M 3 30 120
18 93 69 81 15 0 16 0.11 0.0 0 10.3 21 140 M M 4 1 27 150
19 96 66 81 15 0 16 1.31 0.0 0 10.8 35 320 M M 3 13 45 320
20 74 56 65 -2 0 0 1.11 0.0 0 11.0 25 90 M M 9 13 37 90
21 57 52 55 -12 10 0 0.42 0.0 0 7.2 17 50 M M 10 13 23 50
22 64 55 60 -7 5 0 0.03 0.0 0 3.4 8 340 M M 10 1 10 60
23 89 63 76 9 0 11 0.00 0.0 0 7.0 17 130 M M 7 1 23 130
24 93 66 80 12 0 15 0.00 0.0 0 6.9 15 10 M M 1 22 360
25 91 65 78 10 0 13 0.00 0.0 0 7.6 15 130 M M 2 12 21 140
26 100 69 85 17 0 20 0.00 0.0 0 12.1 23 130 M M 2 28 150
27 97 68 83 15 0 18 0.00 0.0 0 8.7 20 120 M M 1 25 120
28 87 62 75 6 0 10 T 0.0 0 8.4 24 20 M M 2 30 20
29 81 55 68 -1 0 3 T 0.0 0 8.8 17 140 M M 6 27 80
30 80 64 72 3 0 7 0.06 0.0 0 3.7 12 180 M M 7 16 200
31 88 65 77 8 0 12 0.00 0.0 0 7.1 15 30 M M 0 19 30
================================================================================
SM 2632 1936 18 295 3.07 0.0 287.0 M 121
================================================================================
AV 84.9 62.5 9.3 FASTST M M 4 MAX(MPH)
MISC ----> # 35 320 # 45 320
================================================================================
NOTES:
# LAST OF SEVERAL OCCURRENCES
COLUMN 17 PEAK WIND IN M.P.H.
PRELIMINARY LOCAL CLIMATOLOGICAL DATA (WS FORM: F-6) , PAGE 2
STATION: COTULLA
MONTH: MARCH
YEAR: 2020
LATITUDE: 28 27 N
LONGITUDE: 99 13 W
[TEMPERATURE DATA] [PRECIPITATION DATA] SYMBOLS USED IN COLUMN 16
AVERAGE MONTHLY: 73.7 TOTAL FOR MONTH: 3.07 1 = FOG OR MIST
DPTR FM NORMAL: 8.1 DPTR FM NORMAL: 1.28 2 = FOG REDUCING VISIBILITY
HIGHEST: 100 ON 26 GRTST 24HR 1.31 ON 19-19 TO 1/4 MILE OR LESS
LOWEST: 47 ON 5 3 = THUNDER
SNOW, ICE PELLETS, HAIL 4 = ICE PELLETS
TOTAL MONTH: 0.0 INCH 5 = HAIL
GRTST 24HR 0.0 6 = FREEZING RAIN OR DRIZZLE
GRTST DEPTH: 0 7 = DUSTSTORM OR SANDSTORM:
VSBY 1/2 MILE OR LESS
8 = SMOKE OR HAZE
[NO. OF DAYS WITH] [WEATHER - DAYS WITH] 9 = BLOWING SNOW
X = TORNADO
MAX 32 OR BELOW: 0 0.01 INCH OR MORE: 7
MAX 90 OR ABOVE: 11 0.10 INCH OR MORE: 4
MIN 32 OR BELOW: 0 0.50 INCH OR MORE: 2
MIN 0 OR BELOW: 0 1.00 INCH OR MORE: 2
[HDD (BASE 65) ]
TOTAL THIS MO. 18 CLEAR (SCALE 0-3) 15
DPTR FM NORMAL -78 PTCLDY (SCALE 4-7) 13
TOTAL FM JUL 1 781 CLOUDY (SCALE 8-10) 3
DPTR FM NORMAL -293
[CDD (BASE 65) ]
TOTAL THIS MO. 295
DPTR FM NORMAL 180 [PRESSURE DATA]
TOTAL FM JAN 1 405 HIGHEST SLP 30.49 ON 6
DPTR FM NORMAL 235 LOWEST SLP 29.58 ON 27
[REMARKS]
#FINAL-03-20#