000
CXUS53 KLSX 011717
CF6COU

PRELIMINARY LOCAL CLIMATOLOGICAL DATA (WS FORM: F-6)

                                          STATION:   COLUMBIA ASOS
                                          MONTH:     JANUARY
                                          YEAR:      2018
                                          LATITUDE:   38 49 N
                                          LONGITUDE:  92 13 W

  TEMPERATURE IN F:       :PCPN:    SNOW:  WIND      :SUNSHINE: SKY     :PK WND
================================================================================
1   2   3   4   5  6A  6B    7    8   9   10  11  12  13   14  15   16   17  18
                                     12Z  AVG MX 2MIN
DY MAX MIN AVG DEP HDD CDD  WTR  SNW DPTH SPD SPD DIR MIN PSBL S-S WX    SPD DR
================================================================================

 1  10  -9   1 -29  64   0 0.00  0.0    T  7.9 16 330   M    M   0        20 330
 2  21  -5   8 -22  57   0 0.00  0.0    T  6.8 14 230   M    M   0        19 240
 3  28   8  18 -12  47   0 0.00  0.0    T 12.7 23 310   M    M   4        27 310
 4  19   2  11 -19  54   0 0.00  0.0    T  5.1 13 360   M    M   4        16 350
 5  26  12  19 -11  46   0 0.00  0.0    0  8.2 14  40   M    M   4        17  30
 6  27  10  19 -10  46   0 0.00  0.0    0 10.4 17 150   M    M   5        22 150
 7  37  25  31   2  34   0 0.74  0.0    0 12.4 24 170   M    M   8 18     28 180
 8  37  31  34   5  31   0 0.00  0.0    0  5.5 15 310   M    M  10 12     18 310
 9  41  29  35   6  30   0 0.00  0.0    0  9.7 18 150   M    M  10 12     23 160
10  61  41  51  22  14   0 0.00  0.0    0 18.8 28 170   M    M   4 1      36 170
11  59  16  38   9  27   0 0.06    T    0 16.7 28 320   M    M  10 18     34 310
12  22   8  15 -14  50   0 0.01    T    T 16.3 25 330   M    M   2        30 330
13  22  11  17 -12  48   0 0.00  0.0    0  7.7 16 340   M    M   7        19 340
14  28  14  21  -8  44   0 0.02  0.3    0 10.4 18 170   M    M  10 1      24 180
15  31   2  17 -12  48   0 0.08  1.2    2 15.1 26 320   M    M   5 1      31 300
16   8  -4   2 -27  63   0 0.00  0.0    1  9.3 16 310   M    M   2        20 310
17  23  -2  11 -19  54   0 0.00  0.0    1  7.6 14 230   M    M   0        16 240
18  43  11  27  -3  38   0 0.00  0.0    1 11.3 23 210   M    M   0 8      27 220
19  54  29  42  12  23   0 0.00  0.0    T 13.8 24 210   M    M   0        30 220
20  55  34  45  15  20   0 0.00  0.0    0  7.5 13 210   M    M   4        13 200
21  71  45  58  28   7   0 1.07  0.0    0 11.7 24 190   M    M   6 1      32 220
22  57  33  45  15  20   0 0.24    T    0 18.5 37 240   M    M   8 1      47 240
23  37  26  32   2  33   0    T    T    0 13.3 26 280   M    M   9 1      37 280
24  46  22  34   4  31   0 0.00  0.0    0  5.6 15 290   M    M   1 18     18 290
25  66  31  49  19  16   0 0.00  0.0    0 13.0 26 230   M    M   0        35 230
26  62  42  52  22  13   0    T  0.0    0 16.7 32 200   M    M   5        43 190
27  56  36  46  16  19   0    T  0.0    0  6.8 18 210   M    M   3        21 210
28  51  28  40  10  25   0 0.00  0.0    0  7.5 21  10   M    M   2        25  10
29  32  21  27  -4  38   0 0.00  0.0    0 11.0 20 360   M    M   6        23 360
30  43  17  30  -1  35   0 0.00  0.0    0 12.1 26 170   M    M   1        35 160
31  58  36  47  16  18   0 0.00  0.0    0  9.5 21 270   M    M   0        28 180
================================================================================
SM 1231  600      1093   0  2.22     1.5 338.9          M      130
================================================================================
AV 39.7 19.4                              10.9 FASTST   M    M   4    MAX(MPH)
                                 MISC ---->  # 37 240               # 47  240
================================================================================
NOTES:
# LAST OF SEVERAL OCCURRENCES

COLUMN 17 PEAK WIND IN M.P.H.

PRELIMINARY LOCAL CLIMATOLOGICAL DATA (WS FORM: F-6) , PAGE 2

                                          STATION:  COLUMBIA ASOS
                                          MONTH:    JANUARY
                                          YEAR:     2018
                                          LATITUDE:   38 49 N
                                          LONGITUDE:  92 13 W

[TEMPERATURE DATA]      [PRECIPITATION DATA]       SYMBOLS USED IN COLUMN 16

AVERAGE MONTHLY: 29.5   TOTAL FOR MONTH:   2.22    1 = FOG OR MIST
DPTR FM NORMAL:  -0.2   DPTR FM NORMAL:    0.30    2 = FOG REDUCING VISIBILITY
HIGHEST:    71 ON 21    GRTST 24HR  1.29 ON 21-22      TO 1/4 MILE OR LESS
LOWEST:     -9 ON  1                               3 = THUNDER
                        SNOW, ICE PELLETS, HAIL    4 = ICE PELLETS
                        TOTAL MONTH:   1.5 INCHES  5 = HAIL
                        GRTST 24HR   1.2 ON 15-15  6 = FREEZING RAIN OR DRIZZLE
                        GRTST DEPTH:   2 ON 15     7 = DUSTSTORM OR SANDSTORM:
                                                       VSBY 1/2 MILE OR LESS
                                                   8 = SMOKE OR HAZE
[NO. OF DAYS WITH]      [WEATHER - DAYS WITH]      9 = BLOWING SNOW
                                                   X = TORNADO
MAX 32 OR BELOW:  13    0.01 INCH OR MORE:   7
MAX 90 OR ABOVE:   0    0.10 INCH OR MORE:   3
MIN 32 OR BELOW:  24    0.50 INCH OR MORE:   2
MIN  0 OR BELOW:   4    1.00 INCH OR MORE:   1

[HDD (BASE 65) ]
TOTAL THIS MO.  1093    CLEAR  (SCALE 0-3)  13
DPTR FM NORMAL    -1    PTCLDY (SCALE 4-7)  13
TOTAL FM JUL 1  2837    CLOUDY (SCALE 8-10)  5
DPTR FM NORMAL  -252

[CDD (BASE 65) ]
TOTAL THIS MO.     0
DPTR FM NORMAL     0    [PRESSURE DATA]
TOTAL FM JAN 1     0    HIGHEST SLP 30.96 ON  1
DPTR FM NORMAL     0    LOWEST  SLP 29.49 ON 22

[REMARKS]
#FINAL-01-18#
