000
CDUS43 KLSX 072230
CLICOU


CLIMATE REPORT
NATIONAL WEATHER SERVICE ST LOUIS MO
529 PM CDT SAT APR 7 2018


...................................

...THE COLUMBIA ASOS CLIMATE SUMMARY FOR APRIL 7 2018...
VALID TODAY AS OF 0500 PM LOCAL TIME.

CLIMATE NORMAL PERIOD 1981 TO 2010
CLIMATE RECORD PERIOD 1890 TO 2018


WEATHER ITEM   OBSERVED TIME   RECORD YEAR NORMAL DEPARTURE LAST
                VALUE   (LST)  VALUE       VALUE  FROM      YEAR
                                                  NORMAL
..................................................................
TEMPERATURE (F)
 TODAY
  MAXIMUM         43    359 PM  86    1893  63    -20       63
  MINIMUM         21    618 AM  19    2007  41    -20       35
  AVERAGE         32                        52    -20       49

PRECIPITATION (IN)
  TODAY            0.00          2.17 1922   0.13  -0.13     0.00
  MONTH TO DATE    0.14                      0.89  -0.75     1.44
  SINCE MAR 1      3.48                      3.80  -0.32     4.65
  SINCE JAN 1      8.69                      7.97   0.72     5.87

SNOWFALL (IN)
  TODAY            0.0           2.3  1982   0.0    0.0      0.0
  MONTH TO DATE    0.3                       0.1    0.2      0.0
  SINCE MAR 1      0.6                       1.8   -1.2       T
  SINCE JUL 1      3.8                      17.9  -14.1      1.6
  SNOW DEPTH       0

DEGREE DAYS
 HEATING
  TODAY           33                        13     20       16
  MONTH TO DATE  195                        98     97       83
  SINCE MAR 1    856                       734    122      582
  SINCE JUL 1   4495                      4680   -185     3623

 COOLING
  TODAY            0                         0      0        0
  MONTH TO DATE    0                         0      0        0
  SINCE MAR 1      0                         3     -3        4
  SINCE JAN 1      0                         3     -3        8
..................................................................


WIND (MPH)
  HIGHEST WIND SPEED    20   HIGHEST WIND DIRECTION     N (360)
  HIGHEST GUST SPEED    25   HIGHEST GUST DIRECTION     N (10)
  AVERAGE WIND SPEED    12.3


SKY COVER
  AVERAGE SKY COVER 0.3



RELATIVE HUMIDITY (PERCENT)
 HIGHEST    68           600 AM
 LOWEST     36           300 PM
 AVERAGE    52

..........................................................


THE COLUMBIA ASOS CLIMATE NORMALS FOR TOMORROW
                         NORMAL    RECORD    YEAR
 MAXIMUM TEMPERATURE (F)   64        86      2001
                                             1905
 MINIMUM TEMPERATURE (F)   42        23      2007


SUNRISE AND SUNSET
APRIL  7 2018.........SUNRISE   644 AM CDT   SUNSET   738 PM CDT
APRIL  8 2018.........SUNRISE   643 AM CDT   SUNSET   739 PM CDT


-  INDICATES NEGATIVE NUMBERS.
R  INDICATES RECORD WAS SET OR TIED.
MM INDICATES DATA IS MISSING.
T  INDICATES TRACE AMOUNT.




$$
