625
CDUS43 KLSX 132232
CLICOU


CLIMATE REPORT
NATIONAL WEATHER SERVICE ST LOUIS MO
526 PM CDT FRI APR 13 2018


...................................

...THE COLUMBIA ASOS CLIMATE SUMMARY FOR APRIL 13 2018...
VALID TODAY AS OF 0500 PM LOCAL TIME.

CLIMATE NORMAL PERIOD 1981 TO 2010
CLIMATE RECORD PERIOD 1890 TO 2018


WEATHER ITEM   OBSERVED TIME   RECORD YEAR NORMAL DEPARTURE LAST
                VALUE   (LST)  VALUE       VALUE  FROM      YEAR
                                                  NORMAL
..................................................................
TEMPERATURE (F)
 TODAY
  MAXIMUM         77    344 PM  88    2006  65     12       80
  MINIMUM         65    447 AM  22    1950  43     22       57
  AVERAGE         71                        54     17       69

PRECIPITATION (IN)
  TODAY            0.00          1.49 1987   0.14  -0.14     0.00
  MONTH TO DATE    0.19                      1.71  -1.52     1.44
  SINCE MAR 1      3.53                      4.62  -1.09     4.65
  SINCE JAN 1      8.74                      8.79  -0.05     5.87

SNOWFALL (IN)
  TODAY            0.0           0.1  1980   0.0    0.0      0.0
  MONTH TO DATE    0.6                       0.1    0.5      0.0
  SINCE MAR 1      0.9                       1.8   -0.9       T
  SINCE JUL 1      4.1                      17.9  -13.8      1.6
  SNOW DEPTH       0

DEGREE DAYS
 HEATING
  TODAY            0                        11    -11        0
  MONTH TO DATE  271                       171    100       99
  SINCE MAR 1    932                       807    125      598
  SINCE JUL 1   4571                      4753   -182     3639

 COOLING
  TODAY            6                         1      5        4
  MONTH TO DATE   13                         6      7       11
  SINCE MAR 1     13                         9      4       15
  SINCE JAN 1     13                         9      4       19
..................................................................


WIND (MPH)
  HIGHEST WIND SPEED    30   HIGHEST WIND DIRECTION     S (190)
  HIGHEST GUST SPEED    47   HIGHEST GUST DIRECTION     S (180)
  AVERAGE WIND SPEED    15.6


SKY COVER
  AVERAGE SKY COVER 0.1



RELATIVE HUMIDITY (PERCENT)
 HIGHEST    66          1200 PM
 LOWEST     51          1200 AM
 AVERAGE    59

..........................................................


THE COLUMBIA ASOS CLIMATE NORMALS FOR TOMORROW
                         NORMAL    RECORD    YEAR
 MAXIMUM TEMPERATURE (F)   66        89      2006
 MINIMUM TEMPERATURE (F)   44        23      1950


SUNRISE AND SUNSET
APRIL 13 2018.........SUNRISE   635 AM CDT   SUNSET   744 PM CDT
APRIL 14 2018.........SUNRISE   634 AM CDT   SUNSET   745 PM CDT


-  INDICATES NEGATIVE NUMBERS.
R  INDICATES RECORD WAS SET OR TIED.
MM INDICATES DATA IS MISSING.
T  INDICATES TRACE AMOUNT.




$$

maples
