000
CDUS43 KLSX 232229
CLICOU


CLIMATE REPORT
NATIONAL WEATHER SERVICE ST LOUIS MO
528 PM CDT MON APR 23 2018


...................................

...THE COLUMBIA ASOS CLIMATE SUMMARY FOR APRIL 23 2018...
VALID TODAY AS OF 0500 PM LOCAL TIME.

CLIMATE NORMAL PERIOD 1981 TO 2010
CLIMATE RECORD PERIOD 1890 TO 2018


WEATHER ITEM   OBSERVED TIME   RECORD YEAR NORMAL DEPARTURE LAST
                VALUE   (LST)  VALUE       VALUE  FROM      YEAR
                                                  NORMAL
..................................................................
TEMPERATURE (F)
 TODAY
  MAXIMUM         74    243 PM  90    1965  69      5       73
  MINIMUM         54    739 AM  26    1893  47      7       38
  AVERAGE         64                        58      6       56

PRECIPITATION (IN)
  TODAY            0.00          2.48 1923   0.17  -0.17     0.00
  MONTH TO DATE    0.45                      3.29  -2.84     1.76
  SINCE MAR 1      3.79                      6.20  -2.41     4.97
  SINCE JAN 1      9.00                     10.37  -1.37     6.19

SNOWFALL (IN)
  TODAY            0.0           T    2013   0.0    0.0      0.0
                                      1956
  MONTH TO DATE    0.6                       0.2    0.4      0.0
  SINCE MAR 1      0.9                       1.9   -1.0       T
  SINCE JUL 1      4.1                      18.0  -13.9      1.6
  SNOW DEPTH       0

DEGREE DAYS
 HEATING
  TODAY            1                         8     -7        9
  MONTH TO DATE  427                       268    159      137
  SINCE MAR 1   1088                       904    184      636
  SINCE JUL 1   4727                      4850   -123     3677

 COOLING
  TODAY            0                         1     -1        0
  MONTH TO DATE   12                        16     -4       35
  SINCE MAR 1     12                        19     -7       39
  SINCE JAN 1     12                        19     -7       43
..................................................................


WIND (MPH)
  HIGHEST WIND SPEED    25   HIGHEST WIND DIRECTION    NE (40)
  HIGHEST GUST SPEED    35   HIGHEST GUST DIRECTION    NE (60)
  AVERAGE WIND SPEED    16.0


SKY COVER
  AVERAGE SKY COVER 0.7



RELATIVE HUMIDITY (PERCENT)
 HIGHEST    77           200 AM
 LOWEST     35           200 PM
 AVERAGE    56

..........................................................


THE COLUMBIA ASOS CLIMATE NORMALS FOR TOMORROW
                         NORMAL    RECORD    YEAR
 MAXIMUM TEMPERATURE (F)   69        88      1965
 MINIMUM TEMPERATURE (F)   47        27      1910


SUNRISE AND SUNSET
APRIL 23 2018.........SUNRISE   621 AM CDT   SUNSET   754 PM CDT
APRIL 24 2018.........SUNRISE   620 AM CDT   SUNSET   755 PM CDT


-  INDICATES NEGATIVE NUMBERS.
R  INDICATES RECORD WAS SET OR TIED.
MM INDICATES DATA IS MISSING.
T  INDICATES TRACE AMOUNT.




$$
