000
CXUS53 KLSX 011400
CF6CPS
PRELIMINARY LOCAL CLIMATOLOGICAL DATA (WS FORM: F-6)
STATION: CAHOKIA/ST. LOUIS
MONTH: MAY
YEAR: 2022
LATITUDE: 38 34 N
LONGITUDE: 90 9 W
TEMPERATURE IN F: :PCPN: SNOW: WIND :SUNSHINE: SKY :PK WND
================================================================================
1 2 3 4 5 6A 6B 7 8 9 10 11 12 13 14 15 16 17 18
12Z AVG MX 2MIN
DY MAX MIN AVG DEP HDD CDD WTR SNW DPTH SPD SPD DIR MIN PSBL S-S WX SPD DR
================================================================================
1 74 49 62 0 3 0 0.00 0.0 0 10.3 20 280 M M 0 30 250
2 63 43 53 -9 12 0 0.26 0.0 0 6.0 14 120 M M 4 13 24 130
3 65 51 58 -4 7 0 0.53 0.0 0 11.0 20 280 M M 10 13 30 250
4 60 51 56 -7 9 0 0.51 0.0 0 6.8 12 70 M M 9 1 17 20
5 62 53 58 -5 7 0 0.83 0.0 0 5.8 20 100 M M 8 1 26 90
6 56 53 55 -8 10 0 0.49 0.0 0 11.7 21 330 M M 9 1 25 330
7 72 49 61 -3 4 0 0.00 0.0 0 6.7 17 30 M M 3 24 360
8 74 48 61 -3 4 0 0.00 0.0 0 9.4 23 140 M M 2 32 170
9 85 62 74 10 0 9 0.00 0.0 0 12.6 23 160 M M 3 41 190
10 90 68 79 14 0 14 0.00 0.0 0 8.1 16 170 M M 2 23 170
11 94 69 82 17 0 17 0.00 0.0 0 5.2 14 140 M M 3 18 150
12 94 70 82 17 0 17 0.00 0.0 0 6.2 13 140 M M 1 1 23 170
13 87 67 77 11 0 12 0.04 0.0 0 4.0 18 80 M M 3 38 22 80
14 89 67 78 12 0 13 0.03 0.0 0 3.8 16 330 M M 3 3 21 330
15 86 61 74 8 0 9 0.07 0.0 0 8.3 17 10 M M 2 3 29 10
16 83 52 68 1 0 3 0.00 0.0 0 7.1 22 330 M M 0 30 320
17 85 53 69 2 0 4 0.01 0.0 0 4.5 21 320 M M 1 3 27 320
18 83 63 73 6 0 8 0.44 0.0 0 7.1 24 130 M M 4 13 32 130
19 80 60 70 2 0 5 2.32 0.0 0 5.8 23 280 M M 3 13 40 250
20 87 64 76 8 0 11 0.00 0.0 0 8.3 18 190 M M 1 1 29 200
21 80 57 69 1 0 4 1.81 0.0 0 9.3 29 330 M M 9 13 42 340
22 63 53 58 -11 7 0 0.00 0.0 0 8.3 16 10 M M 5 22 10
23 69 47 58 -11 7 0 0.00 0.0 0 6.9 20 90 M M 3 26 100
24 73 53 63 -6 2 0 T 0.0 0 8.4 20 100 M M 6 26 110
25 82 66 74 4 0 9 0.45 0.0 0 10.9 32 150 M M 6 138 47 150
26 73 57 65 -5 0 0 0.01 0.0 0 8.2 20 140 M M 5 32 120
27 65 53 59 -11 6 0 0.02 0.0 0 7.3 18 320 M M 7 1 24 320
28 80 49 65 -5 0 0 0.00 0.0 0 6.0 16 140 M M 0 1 23 120
29 86 63 75 4 0 10 0.00 0.0 0 11.3 22 150 M M 0 33 160
30 89 68 79 8 0 14 0.00 0.0 0 10.6 22 170 M M 0 35 160
31 90 70 80 9 0 15 0.00 0.0 0 8.1 17 190 M M 1 27 210
================================================================================
SM 2419 1789 78 174 7.82 0.0 244.0 M 113
================================================================================
AV 78.0 57.7 7.9 FASTST M M 4 MAX(MPH)
MISC ----> 32 150 47 150
================================================================================
NOTES:
# LAST OF SEVERAL OCCURRENCES
COLUMN 17 PEAK WIND IN M.P.H.
PRELIMINARY LOCAL CLIMATOLOGICAL DATA (WS FORM: F-6) , PAGE 2
STATION: CAHOKIA/ST. LOUIS
MONTH: MAY
YEAR: 2022
LATITUDE: 38 34 N
LONGITUDE: 90 9 W
[TEMPERATURE DATA] [PRECIPITATION DATA] SYMBOLS USED IN COLUMN 16
AVERAGE MONTHLY: 67.9 TOTAL FOR MONTH: 7.82 1 = FOG OR MIST
DPTR FM NORMAL: 1.3 DPTR FM NORMAL: 2.98 2 = FOG REDUCING VISIBILITY
HIGHEST: 94 ON 12,11 GRTST 24HR 2.32 ON 19-19 TO 1/4 MILE OR LESS
LOWEST: 43 ON 2 3 = THUNDER
SNOW, ICE PELLETS, HAIL 4 = ICE PELLETS
TOTAL MONTH: 0.0 INCH 5 = HAIL
GRTST 24HR 0.0 6 = FREEZING RAIN OR DRIZZLE
GRTST DEPTH: 0 7 = DUSTSTORM OR SANDSTORM:
VSBY 1/2 MILE OR LESS
8 = SMOKE OR HAZE
[NO. OF DAYS WITH] [WEATHER - DAYS WITH] 9 = BLOWING SNOW
X = TORNADO
MAX 32 OR BELOW: 0 0.01 INCH OR MORE: 15
MAX 90 OR ABOVE: 4 0.10 INCH OR MORE: 9
MIN 32 OR BELOW: 0 0.50 INCH OR MORE: 5
MIN 0 OR BELOW: 0 1.00 INCH OR MORE: 2
[HDD (BASE 65) ]
TOTAL THIS MO. 78 CLEAR (SCALE 0-3) 19
DPTR FM NORMAL -3 PTCLDY (SCALE 4-7) 8
TOTAL FM JUL 1 4336 CLOUDY (SCALE 8-10) 4
DPTR FM NORMAL -206
[CDD (BASE 65) ]
TOTAL THIS MO. 174
DPTR FM NORMAL 44 [PRESSURE DATA]
TOTAL FM JAN 1 199 HIGHEST SLP 30.34 ON 22
DPTR FM NORMAL 38 LOWEST SLP 29.46 ON 19
[REMARKS]
#FINAL-05-22#