000
CXUS52 KJAX 011119
CF6CRG
PRELIMINARY LOCAL CLIMATOLOGICAL DATA (WS FORM: F-6)
STATION: CRAIG EXEC ARPT
MONTH: JANUARY
YEAR: 2021
LATITUDE: 30 19 N
LONGITUDE: 81 31 W
TEMPERATURE IN F: :PCPN: SNOW: WIND :SUNSHINE: SKY :PK WND
================================================================================
1 2 3 4 5 6A 6B 7 8 9 10 11 12 13 14 15 16 17 18
12Z AVG MX 2MIN
DY MAX MIN AVG DEP HDD CDD WTR SNW DPTH SPD SPD DIR MIN PSBL S-S WX SPD DR
================================================================================
1 83 69 76 22 0 11 0.00 0.0 0 9.5 21 210 M M 2 1 27 180
2 79 67 73 19 0 8 0.00 0.0 0 8.1 20 210 M M 2 1 26 200
3 73 51 62 8 3 0 0.16 0.0 0 8.4 15 290 M M 5 1 20 290
4 64 44 54 0 11 0 0.00 0.0 0 6.9 15 330 M M 0 19 320
5 69 39 54 0 11 0 0.00 0.0 0 5.5 21 300 M M 0 29 290
6 63 41 52 -2 13 0 0.00 0.0 0 6.0 14 20 M M 0 17 20
7 71 45 58 4 7 0 0.09 0.0 0 6.0 16 150 M M 3 1 22 140
8 60 50 55 1 10 0 0.00 0.0 0 10.7 21 270 M M 8 1 30 280
9 50 43 47 -7 18 0 0.00 0.0 0 10.2 17 320 M M 10 23 330
10 55 41 48 -6 17 0 0.00 0.0 0 4.9 12 330 M M 5 1 15 350
11 70 42 56 2 9 0 0.00 0.0 0 3.8 12 90 M M 5 1 14 90
12 64 49 57 3 8 0 0.00 0.0 0 8.1 16 320 M M 8 20 330
13 53 47 50 -4 15 0 T 0.0 0 3.6 12 280 M M 8 16 250
14 63 39 51 -3 14 0 0.00 0.0 0 5.3 13 240 M M 1 1 17 300
15 73 39 56 2 9 0 0.16 0.0 0 7.8 23 280 M M 4 1 32 280
16 59 36 48 -6 17 0 0.00 0.0 0 8.3 25 270 M M 0 37 250
17 59 31 45 -9 20 0 0.00 0.0 0 3.6 16 250 M M 0 21 250
18 63 38 51 -3 14 0 0.00 0.0 0 6.2 16 290 M M 0 22 300
19 64 33 49 -5 16 0 0.00 0.0 0 2.4 9 90 M M 0 18 12 90
20 73 37 55 1 10 0 0.00 0.0 0 4.3 15 300 M M 0 19 240
21 75 51 63 9 2 0 0.00 0.0 0 7.4 17 240 M M 4 23 250
22 65 60 63 9 2 0 0.48 0.0 0 5.0 13 240 M M 10 1 16 250
23 62 56 59 5 6 0 0.03 0.0 0 8.1 15 60 M M 8 1 20 30
24 71 59 65 11 0 0 0.00 0.0 0 6.7 14 130 M M 10 19 140
25 80 56 68 14 0 3 0.00 0.0 0 5.9 16 220 M M 4 12 22 220
26 80 63 72 17 0 7 0.00 0.0 0 9.0 17 220 M M 0 1 21 220
27 77 59 68 13 0 3 0.87 0.0 0 7.1 22 350 M M 7 13 26 350
28 63 41 52 -3 13 0 0.00 0.0 0 11.6 25 330 M M 1 32 340
29 59 38 49 -6 16 0 0.00 0.0 0 4.2 12 340 M M 0 14 340
30 64 39 52 -3 13 0 0.00 0.0 0 3.6 13 40 M M 0 15 60
31 78 56 67 12 0 2 0.04 0.0 0 14.1 29 200 M M 6 3 37 220
================================================================================
SM 2082 1459 274 34 1.83 0.0 212.3 M 111
================================================================================
AV 67.2 47.1 6.8 FASTST M M 4 MAX(MPH)
MISC ----> 29 200 # 37 250
================================================================================
NOTES:
# LAST OF SEVERAL OCCURRENCES
COLUMN 17 PEAK WIND IN M.P.H.
PRELIMINARY LOCAL CLIMATOLOGICAL DATA (WS FORM: F-6) , PAGE 2
STATION: CRAIG EXEC ARPT
MONTH: JANUARY
YEAR: 2021
LATITUDE: 30 19 N
LONGITUDE: 81 31 W
[TEMPERATURE DATA] [PRECIPITATION DATA] SYMBOLS USED IN COLUMN 16
AVERAGE MONTHLY: 57.1 TOTAL FOR MONTH: 1.83 1 = FOG OR MIST
DPTR FM NORMAL: 3.0 DPTR FM NORMAL: -1.46 2 = FOG REDUCING VISIBILITY
HIGHEST: 83 ON 1 GRTST 24HR 0.87 ON 27-27 TO 1/4 MILE OR LESS
LOWEST: 31 ON 17 3 = THUNDER
SNOW, ICE PELLETS, HAIL 4 = ICE PELLETS
TOTAL MONTH: 0.0 INCH 5 = HAIL
GRTST 24HR 0.0 6 = FREEZING RAIN OR DRIZZLE
GRTST DEPTH: 0 7 = DUSTSTORM OR SANDSTORM:
VSBY 1/2 MILE OR LESS
8 = SMOKE OR HAZE
[NO. OF DAYS WITH] [WEATHER - DAYS WITH] 9 = BLOWING SNOW
X = TORNADO
MAX 32 OR BELOW: 0 0.01 INCH OR MORE: 7
MAX 90 OR ABOVE: 0 0.10 INCH OR MORE: 4
MIN 32 OR BELOW: 1 0.50 INCH OR MORE: 1
MIN 0 OR BELOW: 0 1.00 INCH OR MORE: 0
[HDD (BASE 65) ]
TOTAL THIS MO. 274 CLEAR (SCALE 0-3) 15
DPTR FM NORMAL -73 PTCLDY (SCALE 4-7) 11
TOTAL FM JUL 1 607 CLOUDY (SCALE 8-10) 5
DPTR FM NORMAL -172
[CDD (BASE 65) ]
TOTAL THIS MO. 34
DPTR FM NORMAL 23 [PRESSURE DATA]
TOTAL FM JAN 1 34 HIGHEST SLP 30.42 ON 19
DPTR FM NORMAL 23 LOWEST SLP 29.70 ON 15
[REMARKS]
#FINAL-01-21#