000
CXUS54 KFWD 010730
CF6CRS
PRELIMINARY LOCAL CLIMATOLOGICAL DATA (WS FORM: F-6)
STATION: CORSICANA
MONTH: JUNE
YEAR: 2023
LATITUDE: 32 1 N
LONGITUDE: 96 24 W
TEMPERATURE IN F: :PCPN: SNOW: WIND :SUNSHINE: SKY :PK WND
================================================================================
1 2 3 4 5 6A 6B 7 8 9 10 11 12 13 14 15 16 17 18
12Z AVG MX 2MIN
DY MAX MIN AVG DEP HDD CDD WTR SNW DPTH SPD SPD DIR MIN PSBL S-S WX SPD DR
================================================================================
1 90 70 80 1 0 15 0.00 M M 5.9 13 150 M M 0 18 21 150
2 91 70 81 2 0 16 0.00 M M 5.5 15 150 M M 1 20 140
3 92 71 82 3 0 17 T M M 7.3 22 50 M M 1 8 35 40
4 89 66 78 -1 0 13 T M M 6.4 13 90 M M 1 1 21 90
5 87 67 77 -3 0 12 0.27 M M 5.7 23 150 M M 3 13 33 140
6 89 69 79 -1 0 14 0.00 M M 3.0 12 110 M M 1 1 14 110
7 92 69 81 1 0 16 0.36 M M 4.8 16 350 M M 2 13 22 320
8 90 69 80 0 0 15 0.46 M M 3.7 20 230 M M 1 13 26 240
9 94 69 82 2 0 17 0.00 M M 5.8 13 190 M M 1 17 200
10 95 67 81 0 0 16 3.05 M M 12.1 35 340 M M 3 13 57 330
11 94 68 81 0 0 16 0.34 M M 8.7 23 270 M M 1 13 31 300
12 90 73 82 1 0 17 T M M 7.0 17 30 M M 4 3 27 20
13 87 76 82 1 0 17 0.00 M M 6.8 16 170 M M 6 8 21 170
14 93 77 85 4 0 20 0.00 M M 8.3 16 170 M M 6 138 21 220
15 95 76 86 5 0 21 0.00 M M 7.7 18 180 M M 8 18 25 160
16 97 71 84 2 0 19 0.04 M M 10.1 25 70 M M 6 138 37 70
17 95 76 86 4 0 21 0.00 M M 6.8 24 180 M M 2 18 33 190
18 96 81 89 7 0 24 T M M 9.8 24 180 M M 2 36 180
19 97 79 88 6 0 23 0.00 M M 8.1 15 140 M M 3 1 20 130
20 97 80 89 7 0 24 0.00 M M 9.5 17 170 M M 4 23 180
21 94 73 84 2 0 19 0.78 M M 7.0 41 360 M M 5 138 81 360
22 90 77 84 2 0 19 0.03 M M 6.2 15 160 M M 1 13 19 100
23 94 78 86 4 0 21 T M M 9.2 21 60 M M 3 38 31 60
24 96 79 88 6 0 23 0.00 M M 13.0 22 170 M M 0 30 190
25 97 79 88 6 0 23 0.00 M M 11.7 25 180 M M 0 37 170
26 96 78 87 4 0 22 0.00 M M 10.6 18 150 M M 0 26 150
27 99 78 89 6 0 24 0.00 M M 11.6 18 200 M M 0 24 200
28 98 77 88 5 0 23 0.00 M M 10.8 17 170 M M 0 24 200
29 98 77 88 5 0 23 0.00 M M 9.8 17 220 M M 0 25 220
30 97 77 87 4 0 22 0.00 M M 9.8 17 210 M M 0 23 200
================================================================================
SM 2809 2217 0 572 5.33 M 242.7 M 65
================================================================================
AV 93.6 73.9 8.1 FASTST M M 2 MAX(MPH)
MISC ----> 41 360 81 360
================================================================================
NOTES:
# LAST OF SEVERAL OCCURRENCES
COLUMN 17 PEAK WIND IN M.P.H.
PRELIMINARY LOCAL CLIMATOLOGICAL DATA (WS FORM: F-6) , PAGE 2
STATION: CORSICANA
MONTH: JUNE
YEAR: 2023
LATITUDE: 32 1 N
LONGITUDE: 96 24 W
[TEMPERATURE DATA] [PRECIPITATION DATA] SYMBOLS USED IN COLUMN 16
AVERAGE MONTHLY: 83.8 TOTAL FOR MONTH: 5.33 1 = FOG OR MIST
DPTR FM NORMAL: 2.6 DPTR FM NORMAL: 1.51 2 = FOG REDUCING VISIBILITY
HIGHEST: 99 ON 27 GRTST 24HR 3.05 ON 10-10 TO 1/4 MILE OR LESS
LOWEST: 66 ON 4 3 = THUNDER
SNOW, ICE PELLETS, HAIL 4 = ICE PELLETS
TOTAL MONTH: M 5 = HAIL
GRTST 24HR M ON M 6 = FREEZING RAIN OR DRIZZLE
GRTST DEPTH: M ON M 7 = DUSTSTORM OR SANDSTORM:
VSBY 1/2 MILE OR LESS
8 = SMOKE OR HAZE
[NO. OF DAYS WITH] [WEATHER - DAYS WITH] 9 = BLOWING SNOW
X = TORNADO
MAX 32 OR BELOW: 0 0.01 INCH OR MORE: 8
MAX 90 OR ABOVE: 26 0.10 INCH OR MORE: 6
MIN 32 OR BELOW: 0 0.50 INCH OR MORE: 2
MIN 0 OR BELOW: 0 1.00 INCH OR MORE: 1
[HDD (BASE 65) ]
TOTAL THIS MO. 0 CLEAR (SCALE 0-3) 22
DPTR FM NORMAL 0 PTCLDY (SCALE 4-7) 8
TOTAL FM JUL 1 1652 CLOUDY (SCALE 8-10) 0
DPTR FM NORMAL -368
[CDD (BASE 65) ]
TOTAL THIS MO. 572
DPTR FM NORMAL 86 [PRESSURE DATA]
TOTAL FM JAN 1 1092 HIGHEST SLP M ON M
DPTR FM NORMAL 157 LOWEST SLP 29.64 ON 14
[REMARKS]
#FINAL-06-23#