000
CXUS54 KFWD 010141
CF6CRS
PRELIMINARY LOCAL CLIMATOLOGICAL DATA (WS FORM: F-6)
STATION: CORSICANA
MONTH: DECEMBER
YEAR: 2020
LATITUDE: 32 1 N
LONGITUDE: 96 24 W
TEMPERATURE IN F: :PCPN: SNOW: WIND :SUNSHINE: SKY :PK WND
================================================================================
1 2 3 4 5 6A 6B 7 8 9 10 11 12 13 14 15 16 17 18
12Z AVG MX 2MIN
DY MAX MIN AVG DEP HDD CDD WTR SNW DPTH SPD SPD DIR MIN PSBL S-S WX SPD DR
================================================================================
1 59 29 44 -7 21 0 0.00 M M 11.6 23 160 M M 0 30 170
2 57 40 49 -2 16 0 0.03 M M 10.2 15 290 M M 6 1 22 300
3 50 32 41 -10 24 0 0.00 M M 10.4 15 310 M M 8 M M
4 56 35 46 -4 19 0 0.00 M M 5.6 13 310 M M 3 18 320
5 62 31 47 -3 18 0 T M M 4.8 12 210 M M 5 15 220
6 61 41 51 1 14 0 T M M 8.5 20 310 M M 4 24 300
7 63 37 50 0 15 0 0.00 M M 8.3 13 330 M M 0 M M
8 M M M M M M 0.00 M M M M M M M M M M
9 73 73 73 24 0 8 0.00 M M 6.9 7 210 M M 0 M M
10 77 45 61 12 4 0 0.00 M M 12.1 22 190 M M 0 31 200
11 65 52 59 10 6 0 0.18 M M 7.6 15 340 M M 7 12 20 330
12 58 39 49 0 16 0 0.00 M M 6.3 15 340 M M 0 20 330
13 47 39 43 -5 22 0 0.36 M M 12.3 28 350 M M 10 13 40 330
14 51 38 45 -3 20 0 0.00 M M 7.6 18 320 M M 4 25 310
15 44 37 41 -7 24 0 T M M 6.0 14 140 M M 9 1 20 130
16 45 31 38 -10 27 0 T M M 7.8 20 330 M M 6 1 28 340
17 60 28 44 -4 21 0 0.00 M M 6.3 10 150 M M 0 18 14 230
18 65 34 50 2 15 0 T M M 10.2 23 170 M M 4 18 31 170
19 62 41 52 4 13 0 0.01 M M 5.5 20 290 M M 8 12 26 290
20 66 34 50 2 15 0 0.00 M M 3.2 12 300 M M 0 12 16 300
21 72 37 55 7 10 0 0.00 M M 6.8 15 210 M M 0 21 200
22 71 44 58 11 7 0 0.00 M M 12.3 21 180 M M 0 1 29 180
23 77 40 59 12 6 0 0.00 M M 18.4 30 340 M M 5 44 350
24 53 27 40 -7 25 0 0.00 M M 12.1 26 300 M M 0 38 350
25 60 32 46 -1 19 0 0.00 M M 5.4 10 180 M M 0 13 180
26 69 37 53 6 12 0 0.00 M M 11.2 22 200 M M 0 31 200
27 75 50 63 16 2 0 0.00 M M 12.7 33 210 M M 0 48 230
28 60 49 55 8 10 0 0.06 M M 6.8 10 90 M M 7 1 14 40
29 74 56 65 18 0 0 T M M 15.0 29 150 M M 6 1 35 150
30 66 41 54 7 11 0 0.61 M M 12.7 25 360 M M 10 13 35 10
31 43 39 41 -6 24 0 3.27 M M 12.4 22 30 M M 10 1 32 30
================================================================================
SM 1841 1188 436 8 4.52 M 277.0 M 112
================================================================================
AV 61.4 39.6 9.2 FASTST M M 4 MAX(MPH)
MISC ----> 33 210 48 230
================================================================================
NOTES:
# LAST OF SEVERAL OCCURRENCES
COLUMN 17 PEAK WIND IN M.P.H.
PRELIMINARY LOCAL CLIMATOLOGICAL DATA (WS FORM: F-6) , PAGE 2
STATION: CORSICANA
MONTH: DECEMBER
YEAR: 2020
LATITUDE: 32 1 N
LONGITUDE: 96 24 W
[TEMPERATURE DATA] [PRECIPITATION DATA] SYMBOLS USED IN COLUMN 16
AVERAGE MONTHLY: 50.5 TOTAL FOR MONTH: 4.52 1 = FOG OR MIST
DPTR FM NORMAL: 2.1 DPTR FM NORMAL: 1.14 2 = FOG REDUCING VISIBILITY
HIGHEST: 77 ON 23,10 GRTST 24HR 3.27 ON 31-31 TO 1/4 MILE OR LESS
LOWEST: 27 ON 24 3 = THUNDER
SNOW, ICE PELLETS, HAIL 4 = ICE PELLETS
TOTAL MONTH: M 5 = HAIL
GRTST 24HR M ON M 6 = FREEZING RAIN OR DRIZZLE
GRTST DEPTH: M ON M 7 = DUSTSTORM OR SANDSTORM:
VSBY 1/2 MILE OR LESS
8 = SMOKE OR HAZE
[NO. OF DAYS WITH] [WEATHER - DAYS WITH] 9 = BLOWING SNOW
X = TORNADO
MAX 32 OR BELOW: 0 0.01 INCH OR MORE: 7
MAX 90 OR ABOVE: 0 0.10 INCH OR MORE: 4
MIN 32 OR BELOW: 7 0.50 INCH OR MORE: 2
MIN 0 OR BELOW: 0 1.00 INCH OR MORE: 1
[HDD (BASE 65) ]
TOTAL THIS MO. 436 CLEAR (SCALE 0-3) 14
DPTR FM NORMAL -84 PTCLDY (SCALE 4-7) 12
TOTAL FM JUL 1 673 CLOUDY (SCALE 8-10) 5
DPTR FM NORMAL -167
[CDD (BASE 65) ]
TOTAL THIS MO. 8
DPTR FM NORMAL 1 [PRESSURE DATA]
TOTAL FM JAN 1 2886 HIGHEST SLP 30.41 ON 24
DPTR FM NORMAL 265 LOWEST SLP 29.59 ON 31
[REMARKS]
#FINAL-12-20#