000
CXUS51 KRLX 011137
CF6CRW
PRELIMINARY LOCAL CLIMATOLOGICAL DATA (WS FORM: F-6)
STATION: CHARLESTON WV
MONTH: MARCH
YEAR: 2023
LATITUDE: 38 22 N
LONGITUDE: 81 36 W
TEMPERATURE IN F: :PCPN: SNOW: WIND :SUNSHINE: SKY :PK WND
================================================================================
1 2 3 4 5 6A 6B 7 8 9 10 11 12 13 14 15 16 17 18
12Z AVG MX 2MIN
DY MAX MIN AVG DEP HDD CDD WTR SNW DPTH SPD SPD DIR MIN PSBL S-S WX SPD DR
================================================================================
1 79 36 58 17 7 0 T 0.0 0 9.1 29 300 M M 3 3 43 290
2 62 40 51 9 14 0 0.24 0.0 0 4.8 16 310 M M 8 13 25 310
3 66 40 53 11 12 0 0.26 0.0 0 13.1 41 230 M M 7 1 60 220
4 55 37 46 4 19 0 T 0.0 0 7.4 31 250 M M 7 51 260
5 61 30 46 4 19 0 0.00 0.0 0 1.9 12 200 M M 2 16 220
6 75 32 54 11 11 0 0.00 0.0 0 6.0 23 230 M M 2 30 220
7 65 36 51 8 14 0 0.00 0.0 0 9.9 20 320 M M 6 28 340
8 50 28 39 -4 26 0 0.00 0.0 0 3.4 13 10 M M 3 17 360
9 58 26 42 -2 23 0 0.00 0.0 0 3.3 10 50 M M 4 15 80
10 50 35 43 -1 22 0 0.21 T 0 8.0 22 250 M M 10 1 32 280
11 38 33 36 -8 29 0 T T 0 6.5 17 320 M M 10 1 27 320
12 40 34 37 -7 28 0 0.08 T 0 4.6 10 60 M M 10 14 15 50
13 41 32 37 -8 28 0 0.02 T 0 7.0 23 310 M M 10 145 31 320
14 33 28 31 -14 34 0 0.01 0.2 0 9.6 21 290 M M 10 1 31 280
15 49 27 38 -7 27 0 T T 0 4.1 12 210 M M 2 16 300
16 64 24 44 -2 21 0 0.00 0.0 0 4.7 16 210 M M 6 23 220
17 59 36 48 2 17 0 0.22 0.0 0 8.5 23 310 M M 9 1 34 310
18 43 25 34 -12 31 0 T T 0 9.8 24 270 M M 7 35 280
19 35 20 28 -19 37 0 T T 0 6.2 16 320 M M 5 23 360
20 51 18 35 -12 30 0 0.00 0.0 0 1.5 9 230 M M 0 12 290
21 65 22 44 -4 21 0 0.00 0.0 0 1.6 9 160 M M 4 12 160
22 55 47 51 3 14 0 0.02 0.0 0 6.2 13 210 M M 10 16 170
23 79 54 67 19 0 2 T 0.0 0 11.8 25 220 M M 9 38 250
24 71 52 62 13 3 0 0.58 0.0 0 3.5 39 350 M M 10 12 49 350
25 78 52 65 16 0 0 0.37 0.0 0 10.6 38 250 M M 6 12 53 240
26 67 37 52 3 13 0 0.00 0.0 0 2.9 13 290 M M 1 16 260
27 67 38 53 3 12 0 0.03 0.0 0 5.5 18 330 M M 5 25 270
28 57 42 50 0 15 0 T 0.0 0 5.8 18 320 M M 9 25 310
29 59 32 46 -4 19 0 0.00 0.0 0 5.2 17 240 M M 3 25 300
30 63 35 49 -2 16 0 0.00 0.0 0 2.6 9 210 M M 1 13 230
31 64 38 51 0 14 0 0.85 0.0 0 6.3 23 200 M M 8 13 33 180
================================================================================
SM 1799 1066 576 2 2.89 0.2 191.4 M 187
================================================================================
AV 58.0 34.4 6.2 FASTST M M 6 MAX(MPH)
MISC ----> 41 230 60 220
================================================================================
NOTES:
# LAST OF SEVERAL OCCURRENCES
COLUMN 17 PEAK WIND IN M.P.H.
PRELIMINARY LOCAL CLIMATOLOGICAL DATA (WS FORM: F-6) , PAGE 2
STATION: CHARLESTON WV
MONTH: MARCH
YEAR: 2023
LATITUDE: 38 22 N
LONGITUDE: 81 36 W
[TEMPERATURE DATA] [PRECIPITATION DATA] SYMBOLS USED IN COLUMN 16
AVERAGE MONTHLY: 46.2 TOTAL FOR MONTH: 2.89 1 = FOG OR MIST
DPTR FM NORMAL: 0.2 DPTR FM NORMAL: -1.25 2 = FOG REDUCING VISIBILITY
HIGHEST: 79 ON 23, 1 GRTST 24HR 0.85 ON 31-31 TO 1/4 MILE OR LESS
LOWEST: 18 ON 20 3 = THUNDER
SNOW, ICE PELLETS, HAIL 4 = ICE PELLETS
TOTAL MONTH: 0.2 INCH 5 = HAIL
GRTST 24HR 0.2 ON 14-14 6 = FREEZING RAIN OR DRIZZLE
GRTST DEPTH: 0 7 = DUSTSTORM OR SANDSTORM:
VSBY 1/2 MILE OR LESS
8 = SMOKE OR HAZE
[NO. OF DAYS WITH] [WEATHER - DAYS WITH] 9 = BLOWING SNOW
X = TORNADO
MAX 32 OR BELOW: 0 0.01 INCH OR MORE: 12
MAX 90 OR ABOVE: 0 0.10 INCH OR MORE: 7
MIN 32 OR BELOW: 13 0.50 INCH OR MORE: 2
MIN 0 OR BELOW: 0 1.00 INCH OR MORE: 0
[HDD (BASE 65) ]
TOTAL THIS MO. 576 CLEAR (SCALE 0-3) 7
DPTR FM NORMAL -20 PTCLDY (SCALE 4-7) 13
TOTAL FM JUL 1 3603 CLOUDY (SCALE 8-10) 11
DPTR FM NORMAL -364
[CDD (BASE 65) ]
TOTAL THIS MO. 2
DPTR FM NORMAL -3 [PRESSURE DATA]
TOTAL FM JAN 1 3 HIGHEST SLP 30.47 ON 8
DPTR FM NORMAL -2 LOWEST SLP 29.12 ON 3
[REMARKS]
#FINAL-03-23#