000
CXUS56 KTFX 011110
CF6CTB
PRELIMINARY LOCAL CLIMATOLOGICAL DATA (WS FORM: F-6)
STATION: CUT BANK MT
MONTH: AUGUST
YEAR: 2021
LATITUDE: 48 37 N
LONGITUDE: 112 23 W
TEMPERATURE IN F: :PCPN: SNOW: WIND :SUNSHINE: SKY :PK WND
================================================================================
1 2 3 4 5 6A 6B 7 8 9 10 11 12 13 14 15 16 17 18
12Z AVG MX 2MIN
DY MAX MIN AVG DEP HDD CDD WTR SNW DPTH SPD SPD DIR MIN PSBL S-S WX SPD DR
================================================================================
1 95 56 76 9 0 11 0.00 M 0 9.2 21 130 M M 0 8 31 170
2 88 65 77 10 0 12 0.00 M 0 7.7 21 320 M M 5 38 26 320
3 90 58 74 7 0 9 0.00 M 0 9.2 21 320 M M 1 18 30 340
4 88 54 71 4 0 6 0.01 M 0 8.8 45 310 M M 2 38 55 310
5 86 51 69 2 0 4 0.00 M 0 6.3 16 130 M M 0 8 21 120
6 88 59 74 8 0 9 0.00 M 0 15.3 26 260 M M 1 8 34 250
7 82 66 74 8 0 9 0.00 M 0 19.5 36 240 M M 3 8 44 240
8 68 48 58 -8 7 0 0.84 M 0 9.6 29 340 M M 9 1 37 340
9 72 47 60 -6 5 0 0.20 M 0 14.6 32 240 M M 6 1 41 240
10 80 59 70 4 0 5 0.00 M 0 19.6 33 270 M M 1 43 250
11 85 57 71 5 0 6 0.00 M 0 15.8 28 360 M M 0 36 290
12 79 56 68 3 0 3 0.00 M 0 6.2 17 190 M M 4 22 190
13 87 48 68 3 0 3 0.00 M 0 7.3 20 170 M M 0 26 180
14 94 52 73 8 0 8 0.00 M 0 8.7 22 260 M M 1 8 34 220
15 92 57 75 11 0 10 0.00 M 0 13.1 30 250 M M 3 8 38 240
16 87 57 72 8 0 7 0.00 M 0 14.0 30 240 M M 2 8 39 250
17 61 45 53 -11 12 0 0.21 M 0 20.4 29 10 M M 8 138 41 350
18 51 44 48 -16 17 0 0.08 M 0 7.6 20 340 M M 8 1 24 340
19 66 41 54 -9 11 0 0.01 M 0 11.2 23 10 M M 3 128 32 340
20 66 49 58 -5 7 0 0.03 M 0 9.1 17 360 M M 8 18 24 330
21 57 47 52 -11 13 0 0.09 M 0 6.8 10 340 M M 8 12 13 110
22 70 43 57 -5 8 0 0.00 M 0 13.4 31 250 M M 4 12 40 240
23 70 43 57 -5 8 0 T M 0 15.7 31 280 M M 2 39 290
24 63 36 50 -12 15 0 0.00 M 0 9.4 24 330 M M 1 30 320
25 70 37 54 -7 11 0 0.00 M 0 7.0 16 120 M M 0 22 120
26 77 43 60 -1 5 0 0.00 M 0 9.9 24 230 M M 0 8 31 220
27 66 50 58 -3 7 0 0.20 M 0 11.7 31 320 M M 8 13 44 320
28 73 47 60 0 5 0 0.00 M 0 9.6 22 250 M M 3 35 240
29 78 43 61 1 4 0 0.00 M 0 4.5 15 190 M M 0 17 180
30 82 42 62 2 3 0 0.00 M 0 6.8 16 140 M M 0 22 170
31 76 43 60 0 5 0 0.00 M 0 15.4 32 240 M M 0 43 250
================================================================================
SM 2387 1543 143 102 1.67 M 343.4 M 91
================================================================================
AV 77.0 49.8 11.1 FASTST M M 3 MAX(MPH)
MISC ----> 45 310 55 310
================================================================================
NOTES:
# LAST OF SEVERAL OCCURRENCES
COLUMN 17 PEAK WIND IN M.P.H.
PRELIMINARY LOCAL CLIMATOLOGICAL DATA (WS FORM: F-6) , PAGE 2
STATION: CUT BANK MT
MONTH: AUGUST
YEAR: 2021
LATITUDE: 48 37 N
LONGITUDE: 112 23 W
[TEMPERATURE DATA] [PRECIPITATION DATA] SYMBOLS USED IN COLUMN 16
AVERAGE MONTHLY: 63.4 TOTAL FOR MONTH: 1.67 1 = FOG OR MIST
DPTR FM NORMAL: -0.5 DPTR FM NORMAL: 0.71 2 = FOG REDUCING VISIBILITY
HIGHEST: 95 ON 1 GRTST 24HR 1.01 ON 8- 9 TO 1/4 MILE OR LESS
LOWEST: 36 ON 24 3 = THUNDER
SNOW, ICE PELLETS, HAIL 4 = ICE PELLETS
TOTAL MONTH: M 5 = HAIL
GRTST 24HR M ON M 6 = FREEZING RAIN OR DRIZZLE
GRTST DEPTH: 0 7 = DUSTSTORM OR SANDSTORM:
VSBY 1/2 MILE OR LESS
8 = SMOKE OR HAZE
[NO. OF DAYS WITH] [WEATHER - DAYS WITH] 9 = BLOWING SNOW
X = TORNADO
MAX 32 OR BELOW: 0 0.01 INCH OR MORE: 9
MAX 90 OR ABOVE: 4 0.10 INCH OR MORE: 4
MIN 32 OR BELOW: 0 0.50 INCH OR MORE: 1
MIN 0 OR BELOW: 0 1.00 INCH OR MORE: 0
[HDD (BASE 65) ]
TOTAL THIS MO. 143 CLEAR (SCALE 0-3) 20
DPTR FM NORMAL 41 PTCLDY (SCALE 4-7) 8
TOTAL FM JUL 1 144 CLOUDY (SCALE 8-10) 3
DPTR FM NORMAL -38
[CDD (BASE 65) ]
TOTAL THIS MO. 102
DPTR FM NORMAL 36 [PRESSURE DATA]
TOTAL FM JAN 1 354 HIGHEST SLP 30.23 ON 13
DPTR FM NORMAL 200 LOWEST SLP 29.60 ON 31
[REMARKS]
#FINAL-08-21#