000
CXUS52 KCAE 011500
CF6CUB
PRELIMINARY LOCAL CLIMATOLOGICAL DATA (WS FORM: F-6)
STATION: HAMILTON - OWENS AIRPORT SC
MONTH: FEBRUARY
YEAR: 2023
LATITUDE: 33 58 N
LONGITUDE: 80 59 W
TEMPERATURE IN F: :PCPN: SNOW: WIND :SUNSHINE: SKY :PK WND
================================================================================
1 2 3 4 5 6A 6B 7 8 9 10 11 12 13 14 15 16 17 18
12Z AVG MX 2MIN
DY MAX MIN AVG DEP HDD CDD WTR SNW DPTH SPD SPD DIR MIN PSBL S-S WX SPD DR
================================================================================
1 73 49 61 13 4 0 T M M 5.8 16 290 M M 8 1 21 290
2 49 44 47 -1 18 0 0.40 M M 1.5 8 40 M M 10 1 11 30
3 57 38 48 0 17 0 0.28 M M 4.6 14 310 M M 4 1 22 320
4 48 30 39 -9 26 0 0.00 M M 3.2 9 140 M M 0 15 150
5 59 35 47 -2 18 0 0.00 M M 0.6 6 160 M M 2 8 160
6 M 40 M M M M 0.00 M M M M M M M 0 M M
7 68 34 51 2 14 0 0.00 M M 1.8 12 210 M M 0 19 160
8 75 42 59 10 6 0 0.00 M M 0.8 7 190 M M 1 11 40
9 76 47 62 13 3 0 T M M 6.1 24 210 M M 3 31 180
10 69 56 63 14 2 0 0.07 M M 3.3 12 300 M M 9 16 310
11 59 43 51 1 14 0 1.40 M M 6.4 14 70 M M 9 1 25 70
12 46 42 44 -6 21 0 0.90 M M 6.2 16 290 M M 10 1 22 290
13 70 35 53 3 12 0 0.00 M M 3.6 14 260 M M 0 8 19 250
14 71 35 53 3 12 0 0.00 M M 2.3 13 160 M M 0 18 26 150
15 76 41 59 9 6 0 0.00 M M 2.2 15 190 M M 0 20 190
16 77 50 64 14 1 0 0.00 M M 3.6 16 250 M M 3 22 210
17 69 43 56 5 9 0 0.05 M M 10.6 22 260 M M 4 1 30 270
18 56 30 43 -8 22 0 0.00 M M 2.3 9 70 M M 0 16 70
19 65 33 49 -2 16 0 0.00 M M 1.5 8 200 M M 4 11 170
20 76 42 59 8 6 0 0.00 M M 6.9 18 250 M M 0 24 260
21 76 60 68 16 0 3 0.00 M M 7.5 21 270 M M 2 29 270
22 81 55 68 16 0 3 0.00 M M 6.8 17 180 M M 3 1 26 250
23 83 62 73 21 0 8 0.00 M M 7.9 17 220 M M 4 27 210
24 81 50 66 14 0 1 0.15 M M 5.2 13 290 M M 5 18 20 280
25 57 50 54 2 11 0 0.24 M M 2.4 9 90 M M 10 1 16 90
26 70 56 63 10 2 0 0.00 M M 1.6 7 60 M M 8 12 11 70
27 77 55 66 13 0 1 0.00 M M 7.6 21 200 M M 7 12 28 240
28 82 54 68 15 0 3 0.00 M M 8.5 20 270 M M 0 27 270
================================================================================
SM 1846 1251 240 19 3.49 M 120.8 M 106
================================================================================
AV 68.4 44.7 4.5 FASTST M M 4 MAX(MPH)
MISC ----> 24 210 31 180
================================================================================
NOTES:
# LAST OF SEVERAL OCCURRENCES
COLUMN 17 PEAK WIND IN M.P.H.
PRELIMINARY LOCAL CLIMATOLOGICAL DATA (WS FORM: F-6) , PAGE 2
STATION: HAMILTON - OWENS AIRPORT SC
MONTH: FEBRUARY
YEAR: 2023
LATITUDE: 33 58 N
LONGITUDE: 80 59 W
[TEMPERATURE DATA] [PRECIPITATION DATA] SYMBOLS USED IN COLUMN 16
AVERAGE MONTHLY: 56.5 TOTAL FOR MONTH: 3.49 1 = FOG OR MIST
DPTR FM NORMAL: 6.2 DPTR FM NORMAL: 0.22 2 = FOG REDUCING VISIBILITY
HIGHEST: 83 ON 23 GRTST 24HR 2.30 ON 11-12 TO 1/4 MILE OR LESS
LOWEST: 30 ON 18, 4 3 = THUNDER
SNOW, ICE PELLETS, HAIL 4 = ICE PELLETS
TOTAL MONTH: M 5 = HAIL
GRTST 24HR M ON M 6 = FREEZING RAIN OR DRIZZLE
GRTST DEPTH: M ON M 7 = DUSTSTORM OR SANDSTORM:
VSBY 1/2 MILE OR LESS
8 = SMOKE OR HAZE
[NO. OF DAYS WITH] [WEATHER - DAYS WITH] 9 = BLOWING SNOW
X = TORNADO
MAX 32 OR BELOW: 0 0.01 INCH OR MORE: 8
MAX 90 OR ABOVE: 0 0.10 INCH OR MORE: 6
MIN 32 OR BELOW: 2 0.50 INCH OR MORE: 2
MIN 0 OR BELOW: 0 1.00 INCH OR MORE: 1
[HDD (BASE 65) ]
TOTAL THIS MO. 240 CLEAR (SCALE 0-3) 14
DPTR FM NORMAL -176 PTCLDY (SCALE 4-7) 9
TOTAL FM JUL 1 1518 CLOUDY (SCALE 8-10) 5
DPTR FM NORMAL -327
[CDD (BASE 65) ]
TOTAL THIS MO. 19
DPTR FM NORMAL 14 [PRESSURE DATA]
TOTAL FM JAN 1 19 HIGHEST SLP 30.50 ON 18
DPTR FM NORMAL 16 LOWEST SLP 29.63 ON 28
[REMARKS]
#FINAL-02-23#