000
CXUS52 KCAE 011613
CLMCUB
CLIMATE REPORT
NATIONAL WEATHER SERVICE COLUMBIA SC
1213 PM EDT SUN OCT 01 2023
...................................
...THE HAMILTON - OWENS AIRPORT SC CLIMATE SUMMARY FOR THE MONTH OF SEPTEMBER 2023...
CLIMATE NORMAL PERIOD: 1991 TO 2020
CLIMATE RECORD PERIOD: 9999 TO 9999
WEATHER OBSERVED NORMAL DEPART LAST YEAR`S
VALUE DATE(S) VALUE FROM VALUE
NORMAL
..............................................................
TEMPERATURE (F)
HIGHEST 96 09/06 MM MM
LOWEST 59 09/19 MM MM
AVG. MAXIMUM 85.2 86.2 -1.0
AVG. MINIMUM 64.9 67.4 -2.5
MEAN 75.1 76.8 -1.7
DAYS MAX >= 90 5 10.5 -5.5
DAYS MAX <= 32 0 0.0 0.0
DAYS MIN <= 32 0 0.0 0.0
DAYS MIN <= 0 0 0.0 0.0
PRECIPITATION (INCHES)
TOTALS 2.80R 4.33 -1.53
DAYS >= .01 4 8.5 -4.5
DAYS >= .10 4 4.7 -0.7
DAYS >= .50 3 2.4 0.6
DAYS >= 1.00 1 1.3 -0.3
GREATEST
24 HR. TOTAL 1.37 09/17 TO 09/17
DAYS >= TRACE MM
DEGREE DAYS
HEATING TOTAL 0 3 -3
SINCE 7/1 0 0 0
COOLING TOTAL 311 356 -45
SINCE 1/1 2061 2284 -223
..............................................................
WIND (MPH)
AVERAGE WIND SPEED 2.4
RESULTANT WIND SPEED/DIRECTION 1/100
HIGHEST WIND SPEED/DIRECTION 32/260 DATE 09/07
HIGHEST GUST SPEED/DIRECTION 45/260 DATE 09/07
SKY COVER
POSSIBLE SUNSHINE (PERCENT) MM
AVERAGE SKY COVER 0.25
NUMBER OF DAYS FAIR 22
NUMBER OF DAYS PC 5
NUMBER OF DAYS CLOUDY 3
AVERAGE RH (PERCENT) 70
WEATHER CONDITIONS. NUMBER OF DAYS WITH
THUNDERSTORM 5 MIXED PRECIP 0
HEAVY RAIN 4 RAIN 4
LIGHT RAIN 5 FREEZING RAIN 0
LT FREEZING RAIN 0 HAIL 0
HEAVY SNOW 0 SNOW 0
LIGHT SNOW 0 SLEET 0
FOG 9 FOG W/VIS <= 1/4 MILE 2
HAZE 3
- INDICATES NEGATIVE NUMBERS.
R INDICATES RECORD WAS SET OR TIED.
MM INDICATES DATA IS MISSING.
T INDICATES TRACE AMOUNT.
$$