000
CXUS51 KILN 010538
CF6CVG
PRELIMINARY LOCAL CLIMATOLOGICAL DATA (WS FORM: F-6)
STATION: CINCINNATI OH
MONTH: JANUARY
YEAR: 2022
LATITUDE: 39 2 N
LONGITUDE: 84 40 W
TEMPERATURE IN F: :PCPN: SNOW: WIND :SUNSHINE: SKY :PK WND
================================================================================
1 2 3 4 5 6A 6B 7 8 9 10 11 12 13 14 15 16 17 18
12Z AVG MX 2MIN
DY MAX MIN AVG DEP HDD CDD WTR SNW DPTH SPD SPD DIR MIN PSBL S-S WX SPD DR
================================================================================
1 64 52 58 26 7 0 1.01 0.0 0 7.1 21 220 M M 10 1 27 220
2 52 28 40 8 25 0 0.20 0.0 0 13.3 21 340 M M 10 1 27 360
3 33 21 27 -5 38 0 0.00 0.0 0 7.9 20 340 M M 4 28 350
4 44 21 33 1 32 0 0.00 0.0 0 10.3 25 190 M M 5 34 170
5 47 22 35 3 30 0 0.00 0.0 0 16.8 28 270 M M 7 36 230
6 23 16 20 -12 45 0 0.05 0.7 0 9.2 18 290 M M 9 18 24 290
7 17 11 14 -18 51 0 T T 1 7.4 17 280 M M 8 18 21 280
8 42 12 27 -5 38 0 0.09 0.0 T 10.0 18 180 M M 4 24 200
9 45 22 34 3 31 0 0.62 0.0 0 14.7 28 320 M M 8 1 35 200
10 31 16 24 -7 41 0 0.00 0.0 0 9.6 22 290 M M 3 27 290
11 32 13 23 -8 42 0 0.00 0.0 0 10.0 21 190 M M 1 26 200
12 49 31 40 9 25 0 0.00 0.0 0 9.9 17 210 M M 6 23 210
13 48 33 41 10 24 0 0.01 0.0 0 6.8 12 310 M M 7 17 320
14 36 32 34 3 31 0 0.00 0.0 0 9.0 18 350 M M 9 18 21 360
15 34 25 30 -1 35 0 T T 0 12.9 20 50 M M 7 8 25 40
16 30 20 25 -6 40 0 0.14 1.1 0 11.0 17 310 M M 8 18 25 10
17 28 25 27 -4 38 0 T T 1 15.1 25 290 M M 10 18 31 300
18 41 26 34 3 31 0 0.00 0.0 1 10.4 20 170 M M 8 24 170
19 52 27 40 9 25 0 0.00 0.0 0 12.7 22 350 M M 9 27 340
20 27 20 24 -7 41 0 0.00 0.0 0 14.6 21 20 M M 8 26 350
21 26 15 21 -10 44 0 0.00 0.0 0 9.6 16 70 M M 5 21 80
22 33 9 21 -10 44 0 0.00 0.0 0 7.8 16 220 M M 3 20 220
23 38 17 28 -3 37 0 T T 0 11.5 28 300 M M 7 34 330
24 40 14 27 -4 38 0 0.12 0.1 0 10.4 22 300 M M 9 1458 29 310
25 32 15 24 -7 41 0 T T 0 10.5 23 320 M M 6 1 27 330
26 23 5 14 -17 51 0 0.00 0.0 0 4.5 13 330 M M 0 19 330
27 35 11 23 -8 42 0 0.01 0.3 0 7.5 15 220 M M 6 18 19 210
28 30 12 21 -10 44 0 0.09 3.4 1 9.2 22 350 M M 10 189 26 360
29 23 3 13 -18 52 0 T T 3 5.8 14 180 M M 5 189 16 180
30 40 16 28 -4 37 0 0.00 0.0 2 8.5 15 300 M M 4 19 300
31 41 20 31 -1 34 0 0.00 0.0 1 5.2 14 130 M M 5 18 17 130
================================================================================
SM 1136 610 1134 0 2.34 5.6 309.2 M 201
================================================================================
AV 36.6 19.7 10.0 FASTST M M 6 MAX(MPH)
MISC ----> # 28 270 36 230
================================================================================
NOTES:
# LAST OF SEVERAL OCCURRENCES
COLUMN 17 PEAK WIND IN M.P.H.
PRELIMINARY LOCAL CLIMATOLOGICAL DATA (WS FORM: F-6) , PAGE 2
STATION: CINCINNATI OH
MONTH: JANUARY
YEAR: 2022
LATITUDE: 39 2 N
LONGITUDE: 84 40 W
[TEMPERATURE DATA] [PRECIPITATION DATA] SYMBOLS USED IN COLUMN 16
AVERAGE MONTHLY: 28.2 TOTAL FOR MONTH: 2.34 1 = FOG OR MIST
DPTR FM NORMAL: -3.2 DPTR FM NORMAL: -0.96 2 = FOG REDUCING VISIBILITY
HIGHEST: 64 ON 1 GRTST 24HR 1.14 ON 31- 1 TO 1/4 MILE OR LESS
LOWEST: 3 ON 29 3 = THUNDER
SNOW, ICE PELLETS, HAIL 4 = ICE PELLETS
TOTAL MONTH: 5.6 INCHES 5 = HAIL
GRTST 24HR 3.4 ON 28-28 6 = FREEZING RAIN OR DRIZZLE
GRTST DEPTH: 3 ON 29 7 = DUSTSTORM OR SANDSTORM:
VSBY 1/2 MILE OR LESS
8 = SMOKE OR HAZE
[NO. OF DAYS WITH] [WEATHER - DAYS WITH] 9 = BLOWING SNOW
X = TORNADO
MAX 32 OR BELOW: 12 0.01 INCH OR MORE: 10
MAX 90 OR ABOVE: 0 0.10 INCH OR MORE: 5
MIN 32 OR BELOW: 29 0.50 INCH OR MORE: 2
MIN 0 OR BELOW: 0 1.00 INCH OR MORE: 1
[HDD (BASE 65) ]
TOTAL THIS MO. 1134 CLEAR (SCALE 0-3) 3
DPTR FM NORMAL 91 PTCLDY (SCALE 4-7) 18
TOTAL FM JUL 1 2615 CLOUDY (SCALE 8-10) 10
DPTR FM NORMAL -310
[CDD (BASE 65) ]
TOTAL THIS MO. 0
DPTR FM NORMAL 0 [PRESSURE DATA]
TOTAL FM JAN 1 0 HIGHEST SLP 30.60 ON 11
DPTR FM NORMAL 0 LOWEST SLP 29.54 ON 17
[REMARKS]
#FINAL-01-22#