000
CXUS51 KILN 011706
CLMCVG
CLIMATE REPORT
NATIONAL WEATHER SERVICE WILMINGTON OH
106 PM EDT FRI SEP 01 2023
...................................
...THE CINCINNATI OH CLIMATE SUMMARY FOR THE MONTH OF AUGUST 2023...
CLIMATE NORMAL PERIOD: 1991 TO 2020
CLIMATE RECORD PERIOD: 1869 TO 2023
WEATHER OBSERVED NORMAL DEPART LAST YEAR`S
VALUE DATE(S) VALUE FROM VALUE DATE(S)
NORMAL
................................................................
TEMPERATURE (F)
RECORD
HIGH 103 08/22/1936
LOW 43 08/29/1986
08/29/1965
08/31/1915
HIGHEST 94 08/21 85 9 92 08/03
08/25
LOWEST 56 08/31 64 -8 58 08/31
AVG. MAXIMUM 84.0 85.2 -1.2 84.2
AVG. MINIMUM 65.0 64.6 0.4 65.9
MEAN 74.5 74.9 -0.4 75.0
DAYS MAX >= 90 5 7.0 -2.0 2
DAYS MAX <= 32 0 0.0 0.0 0
DAYS MIN <= 32 0 0.0 0.0 0
DAYS MIN <= 0 0 0.0 0.0 0
PRECIPITATION (INCHES)
TOTALS 1.85 3.43 -1.58 7.91
DAILY AVG. 0.06 0.11 -0.05 0.26
DAYS >= .01 8 8.9 -0.9 12
DAYS >= .10 5 5.4 -0.4 8
DAYS >= .50 1 2.3 -1.3 5
DAYS >= 1.00 0 0.9 -0.9 3
GREATEST
24 HR. TOTAL 0.71 08/24 TO 08/24 2.40 08/06 TO 08/06
SNOWFALL (INCHES)
TOTALS 0.0 0.0 0.0 0.0
SINCE 7/1 T 0.0 T 0.0
DAYS >= TRACE 0 0.0 0.0 0
DAYS >= 1.0 0 0.0 0.0 0
GREATEST
24 HR TOTAL 0.0 MM 0.0
DEGREE DAYS
HEATING TOTAL 0 2 -2 0
SINCE 7/1 0 1 -1 0
COOLING TOTAL 302 309 -7 320
SINCE 1/1 900 991 -91 1164
................................................................
WIND (MPH)
AVERAGE WIND SPEED 7.2
RESULTANT WIND SPEED/DIRECTION 1/280
HIGHEST WIND SPEED/DIRECTION 32/220 DATE 08/07
HIGHEST GUST SPEED/DIRECTION 47/210 DATE 08/07
SKY COVER
AVERAGE SKY COVER 0.49
AVERAGE RH (PERCENT) 73
WEATHER CONDITIONS. NUMBER OF DAYS WITH
THUNDERSTORM 6 MIXED PRECIP 0
HEAVY RAIN 1 RAIN 6
LIGHT RAIN 11 FREEZING RAIN 0
LT FREEZING RAIN 0 HAIL 0
HEAVY SNOW 0 SNOW 0
LIGHT SNOW 0 SLEET 0
FOG 24 FOG W/VIS <= 1/4 MILE 0
HAZE 19
- INDICATES NEGATIVE NUMBERS.
R INDICATES RECORD WAS SET OR TIED.
MM INDICATES DATA IS MISSING.
T INDICATES TRACE AMOUNT.
$$