000
CXUS53 KUNR 011901
CLMD07
CLIMATE REPORT
NATIONAL WEATHER SERVICE RAPID CITY SD
1201 PM MST THU FEB 01 2024
...................................
...THE FAITH SD CLIMATE SUMMARY FOR THE MONTH OF JANUARY 2024...
CLIMATE NORMAL PERIOD 1991 TO 2020
CLIMATE RECORD PERIOD 9999 TO 9999
WEATHER OBSERVED NORMAL DEPART LAST YEAR`S
VALUE DATE(S) VALUE FROM VALUE DATE(S)
NORMAL
................................................................
TEMPERATURE (F)
HIGHEST 44 01/01 48 01/14
LOWEST -27R 01/13 -14 01/30
AVG. MAXIMUM 17.8 29.3 -11.5 31.0
AVG. MINIMUM 2.4 9.9 -7.5 15.7
MEAN 10.1 19.6 -9.5 23.4
DAYS MAX >= 90 0 0
DAYS MAX <= 32 14 16
DAYS MIN <= 32 17 31
DAYS MIN <= 0 7 4
PRECIPITATION (INCHES)
TOTALS 0.27 0.38 -0.11 0.18
DAILY AVG. 0.01 0.01 -0.00 0.01
DAYS >= .01 4 6
DAYS >= .10 1 0
DAYS >= .50 0 0
DAYS >= 1.00 0 0
GREATEST
24 HR. TOTAL 0.15 0.06
DEGREE DAYS
HEATING TOTAL 936 1407 -471 1283
SINCE 7/1 3277 4436 -1159 MM
COOLING TOTAL 0 0 0 0
SINCE 1/1 0 0 0 MM
................................................................
WIND (MPH)
AVERAGE WIND SPEED 12.7
HIGHEST WIND SPEED/DIRECTION 35/320 DATE 01/12
HIGHEST GUST SPEED/DIRECTION MM DATE MM
AVERAGE RH (PERCENT) 78
- INDICATES NEGATIVE NUMBERS.
R INDICATES RECORD WAS SET OR TIED.
MM INDICATES DATA IS MISSING.
T INDICATES TRACE AMOUNT.
$$