000
CXUS52 KMLB 010628
CF6DAB
PRELIMINARY LOCAL CLIMATOLOGICAL DATA (WS FORM: F-6)
STATION: DAYTONA BEACH
MONTH: JUNE
YEAR: 2023
LATITUDE: 29 10 N
LONGITUDE: 81 3 W
TEMPERATURE IN F: :PCPN: SNOW: WIND :SUNSHINE: SKY :PK WND
================================================================================
1 2 3 4 5 6A 6B 7 8 9 10 11 12 13 14 15 16 17 18
12Z AVG MX 2MIN
DY MAX MIN AVG DEP HDD CDD WTR SNW DPTH SPD SPD DIR MIN PSBL S-S WX SPD DR
================================================================================
1 86 75 81 3 0 16 T 0.0 0 13.6 21 30 M M 6 28 50
2 84 75 80 1 0 15 0.00 0.0 0 12.2 22 10 M M 6 29 40
3 84 72 78 -1 0 13 T 0.0 0 8.8 17 40 M M 7 3 25 10
4 84 69 77 -2 0 12 0.00 0.0 0 13.1 26 20 M M 6 12 34 20
5 83 72 78 -1 0 13 0.01 0.0 0 11.7 20 20 M M 4 1 26 60
6 87 66 77 -2 0 12 0.00 0.0 0 4.7 15 80 M M 2 1 20 90
7 90 70 80 1 0 15 0.05 0.0 0 4.8 20 200 M M 6 138 28 190
8 91 70 81 1 0 16 0.07 0.0 0 7.4 22 270 M M 3 13 30 280
9 94 70 82 2 0 17 0.05 0.0 0 5.9 30 350 M M 4 13 43 340
10 87 70 79 -1 0 14 0.29 0.0 0 4.3 14 320 M M 4 13 19 270
11 89 72 81 1 0 16 T 0.0 0 3.1 16 190 M M 4 138 24 190
12 94 71 83 3 0 18 0.00 0.0 0 8.6 17 250 M M 4 25 250
13 96 74 85 5 0 20 0.00 0.0 0 8.2 17 260 M M 3 26 270
14 95 70 83 3 0 18 0.19 0.0 0 7.5 38 320 M M 6 13 54 310
15 94 69 82 2 0 17 0.84 0.0 0 10.3 33 20 M M 8 13 43 20
16 92 70 81 1 0 16 0.01 0.0 0 10.7 31 260 M M 6 3 45 260
17 89 70 80 0 0 15 1.57 0.0 0 8.5 35 250 M M 6 13 46 250
18 90 69 80 -1 0 15 T 0.0 0 5.0 17 230 M M 5 3 24 230
19 94 72 83 2 0 18 0.15 0.0 0 8.0 24 50 M M 7 13 33 50
20 81 71 76 -5 0 11 0.09 0.0 0 6.6 24 230 M M 8 13 37 220
21 87 72 80 -1 0 15 0.27 0.0 0 9.0 30 230 M M 7 138 45 260
22 91 69 80 -1 0 15 0.31 0.0 0 6.0 39 200 M M 6 13 52 200
23 90 72 81 0 0 16 1.63 0.0 0 6.3 20 250 M M 7 13 28 180
24 93 73 83 2 0 18 0.63 0.0 0 6.9 20 150 M M 6 13 29 160
25 90 73 82 1 0 17 0.00 0.0 0 6.2 15 50 M M 2 21 60
26 93 72 83 2 0 18 0.00 0.0 0 5.1 13 160 M M 3 20 170
27 95 75 85 4 0 20 0.00 0.0 0 9.3 16 250 M M 3 1 23 250
28 94 78 86 5 0 21 T 0.0 0 5.9 23 270 M M 5 3 30 270
29 90 74 82 1 0 17 0.00 0.0 0 6.8 16 50 M M 2 18 21 50
30 89 75 82 1 0 17 0.00 0.0 0 6.8 18 20 M M 3 1 27 30
================================================================================
SM 2696 2150 0 481 6.16 0.0 231.3 M 149
================================================================================
AV 89.9 71.7 7.7 FASTST M M 5 MAX(MPH)
MISC ----> 39 200 54 310
================================================================================
NOTES:
# LAST OF SEVERAL OCCURRENCES
COLUMN 17 PEAK WIND IN M.P.H.
PRELIMINARY LOCAL CLIMATOLOGICAL DATA (WS FORM: F-6) , PAGE 2
STATION: DAYTONA BEACH
MONTH: JUNE
YEAR: 2023
LATITUDE: 29 10 N
LONGITUDE: 81 3 W
[TEMPERATURE DATA] [PRECIPITATION DATA] SYMBOLS USED IN COLUMN 16
AVERAGE MONTHLY: 80.8 TOTAL FOR MONTH: 6.16 1 = FOG OR MIST
DPTR FM NORMAL: 0.6 DPTR FM NORMAL: -0.78 2 = FOG REDUCING VISIBILITY
HIGHEST: 96 ON 13 GRTST 24HR 1.63 ON 23-23 TO 1/4 MILE OR LESS
LOWEST: 66 ON 6 3 = THUNDER
SNOW, ICE PELLETS, HAIL 4 = ICE PELLETS
TOTAL MONTH: 0.0 INCH 5 = HAIL
GRTST 24HR 0.0 6 = FREEZING RAIN OR DRIZZLE
GRTST DEPTH: 0 7 = DUSTSTORM OR SANDSTORM:
VSBY 1/2 MILE OR LESS
8 = SMOKE OR HAZE
[NO. OF DAYS WITH] [WEATHER - DAYS WITH] 9 = BLOWING SNOW
X = TORNADO
MAX 32 OR BELOW: 0 0.01 INCH OR MORE: 15
MAX 90 OR ABOVE: 18 0.10 INCH OR MORE: 9
MIN 32 OR BELOW: 0 0.50 INCH OR MORE: 4
MIN 0 OR BELOW: 0 1.00 INCH OR MORE: 2
[HDD (BASE 65) ]
TOTAL THIS MO. 0 CLEAR (SCALE 0-3) 6
DPTR FM NORMAL 0 PTCLDY (SCALE 4-7) 24
TOTAL FM JUL 1 422 CLOUDY (SCALE 8-10) 0
DPTR FM NORMAL -286
[CDD (BASE 65) ]
TOTAL THIS MO. 481
DPTR FM NORMAL 25 [PRESSURE DATA]
TOTAL FM JAN 1 1478 HIGHEST SLP M ON M
DPTR FM NORMAL 351 LOWEST SLP 29.69 ON 3
[REMARKS]
#FINAL-06-23#