000
CXUS52 KMLB 010634
CF6DAB
PRELIMINARY LOCAL CLIMATOLOGICAL DATA (WS FORM: F-6)
STATION: DAYTONA BEACH
MONTH: MAY
YEAR: 2021
LATITUDE: 29 10 N
LONGITUDE: 81 3 W
TEMPERATURE IN F: :PCPN: SNOW: WIND :SUNSHINE: SKY :PK WND
================================================================================
1 2 3 4 5 6A 6B 7 8 9 10 11 12 13 14 15 16 17 18
12Z AVG MX 2MIN
DY MAX MIN AVG DEP HDD CDD WTR SNW DPTH SPD SPD DIR MIN PSBL S-S WX SPD DR
================================================================================
1 83 70 77 4 0 12 0.00 0.0 0 7.5 14 40 M M 4 20 60
2 83 72 78 5 0 13 0.25 0.0 0 5.2 15 110 M M 7 21 100
3 93 71 82 9 0 17 0.00 0.0 0 5.5 15 160 M M 4 13 23 220
4 93 70 82 9 0 17 0.59 0.0 0 6.7 21 230 M M 5 13 27 230
5 93 71 82 8 0 17 0.00 0.0 0 7.1 21 260 M M 4 1 27 270
6 86 69 78 4 0 13 0.14 0.0 0 5.3 23 310 M M 6 138 29 310
7 83 58 71 -3 0 6 0.00 0.0 0 6.8 17 320 M M 1 23 300
8 78 56 67 -7 0 2 0.00 0.0 0 5.3 15 40 M M 1 19 50
9 84 59 72 -2 0 7 0.00 0.0 0 6.7 15 110 M M 1 24 100
10 92 70 81 7 0 16 0.00 0.0 0 6.9 17 230 M M 5 3 22 240
11 86 71 79 4 0 14 0.17 0.0 0 2.3 12 60 M M 7 13 13 90
12 91 69 80 5 0 15 0.15 0.0 0 4.9 17 360 M M 5 13 23 20
13 73 68 71 -4 0 6 T 0.0 0 11.5 18 10 M M 10 23 360
14 78 62 70 -5 0 5 0.00 0.0 0 14.7 26 20 M M 6 33 10
15 80 69 75 0 0 10 0.00 0.0 0 15.0 25 20 M M 2 31 10
16 80 65 73 -3 0 8 0.00 0.0 0 9.6 17 70 M M 5 23 80
17 81 63 72 -4 0 7 0.00 0.0 0 9.9 20 60 M M 4 26 60
18 82 72 77 1 0 12 0.00 0.0 0 12.3 22 70 M M 4 30 60
19 82 72 77 1 0 12 0.01 0.0 0 10.8 22 80 M M 6 28 80
20 82 73 78 2 0 13 0.00 0.0 0 15.3 23 70 M M 5 30 90
21 82 72 77 1 0 12 0.00 0.0 0 13.4 23 70 M M 4 30 50
22 82 66 74 -3 0 9 0.00 0.0 0 11.6 21 70 M M 4 26 60
23 82 60 71 -6 0 6 0.00 0.0 0 4.7 15 80 M M 4 20 70
24 85 61 73 -4 0 8 0.00 0.0 0 3.8 16 60 M M 1 1 19 110
25 87 64 76 -1 0 11 0.00 0.0 0 4.9 15 80 M M 3 19 70
26 88 67 78 0 0 13 0.00 0.0 0 5.6 16 80 M M 5 1 21 80
27 90 66 78 0 0 13 0.00 0.0 0 5.0 13 80 M M 2 1 17 70
28 90 69 80 2 0 15 0.00 0.0 0 6.9 15 80 M M 3 20 80
29 93 69 81 3 0 16 0.21 0.0 0 M M M M M 5 3 37 260
30 86 69 78 0 0 13 0.00 0.0 0 6.2 17 50 M M 5 21 50
31 84 73 79 1 0 14 0.00 0.0 0 12.9 20 50 M M 5 26 70
================================================================================
SM 2632 2086 0 352 1.52 0.0 244.3 M 133
================================================================================
AV 84.9 67.3 8.1 FASTST M M 4 MAX(MPH)
MISC ----> 26 20 37 260
================================================================================
NOTES:
# LAST OF SEVERAL OCCURRENCES
COLUMN 17 PEAK WIND IN M.P.H.
PRELIMINARY LOCAL CLIMATOLOGICAL DATA (WS FORM: F-6) , PAGE 2
STATION: DAYTONA BEACH
MONTH: MAY
YEAR: 2021
LATITUDE: 29 10 N
LONGITUDE: 81 3 W
[TEMPERATURE DATA] [PRECIPITATION DATA] SYMBOLS USED IN COLUMN 16
AVERAGE MONTHLY: 76.1 TOTAL FOR MONTH: 1.52 1 = FOG OR MIST
DPTR FM NORMAL: 0.5 DPTR FM NORMAL: -2.17 2 = FOG REDUCING VISIBILITY
HIGHEST: 93 ON 29, 5 GRTST 24HR 0.59 ON 4- 4 TO 1/4 MILE OR LESS
LOWEST: 56 ON 8 3 = THUNDER
SNOW, ICE PELLETS, HAIL 4 = ICE PELLETS
TOTAL MONTH: 0.0 INCH 5 = HAIL
GRTST 24HR 0.0 6 = FREEZING RAIN OR DRIZZLE
GRTST DEPTH: 0 7 = DUSTSTORM OR SANDSTORM:
VSBY 1/2 MILE OR LESS
8 = SMOKE OR HAZE
[NO. OF DAYS WITH] [WEATHER - DAYS WITH] 9 = BLOWING SNOW
X = TORNADO
MAX 32 OR BELOW: 0 0.01 INCH OR MORE: 7
MAX 90 OR ABOVE: 8 0.10 INCH OR MORE: 6
MIN 32 OR BELOW: 0 0.50 INCH OR MORE: 1
MIN 0 OR BELOW: 0 1.00 INCH OR MORE: 0
[HDD (BASE 65) ]
TOTAL THIS MO. 0 CLEAR (SCALE 0-3) 7
DPTR FM NORMAL -1 PTCLDY (SCALE 4-7) 23
TOTAL FM JUL 1 643 CLOUDY (SCALE 8-10) 1
DPTR FM NORMAL -64
[CDD (BASE 65) ]
TOTAL THIS MO. 352
DPTR FM NORMAL 22 [PRESSURE DATA]
TOTAL FM JAN 1 778 HIGHEST SLP M ON M
DPTR FM NORMAL 107 LOWEST SLP 29.84 ON 29
[REMARKS]
#FINAL-05-21#