736
CXUS52 KMLB 010627
CF6DAB
PRELIMINARY LOCAL CLIMATOLOGICAL DATA (WS FORM: F-6)
STATION: DAYTONA BEACH
MONTH: JUNE
YEAR: 2020
LATITUDE: 29 10 N
LONGITUDE: 81 3 W
TEMPERATURE IN F: :PCPN: SNOW: WIND :SUNSHINE: SKY :PK WND
================================================================================
1 2 3 4 5 6A 6B 7 8 9 10 11 12 13 14 15 16 17 18
12Z AVG MX 2MIN
DY MAX MIN AVG DEP HDD CDD WTR SNW DPTH SPD SPD DIR MIN PSBL S-S WX SPD DR
================================================================================
1 85 74 80 2 0 15 0.03 0.0 0 12.3 24 70 M M 8 1 31 70
2 82 73 78 -1 0 13 0.00 0.0 0 10.7 20 70 M M 7 27 60
3 80 70 75 -4 0 10 0.04 0.0 0 3.5 15 80 M M 9 1 21 70
4 77 71 74 -5 0 9 0.84 0.0 0 3.8 13 160 M M 10 1 19 130
5 87 71 79 0 0 14 0.01 0.0 0 4.0 14 170 M M 9 20 160
6 80 71 76 -3 0 11 0.38 0.0 0 3.5 18 190 M M 10 13 28 180
7 86 71 79 0 0 14 0.45 0.0 0 4.6 21 220 M M 10 13 28 220
8 89 73 81 2 0 16 0.60 0.0 0 3.4 28 240 M M 8 13 37 240
9 88 72 80 1 0 15 0.01 0.0 0 2.7 13 70 M M 6 13 16 50
10 91 74 83 3 0 18 0.00 0.0 0 2.9 14 70 M M 5 13 18 100
11 86 73 80 0 0 15 0.00 0.0 0 3.9 14 100 M M 6 19 100
12 86 71 79 -1 0 14 0.00 0.0 0 5.5 14 80 M M 4 18 120
13 84 71 78 -2 0 13 0.05 0.0 0 5.5 22 20 M M 8 1 27 20
14 85 69 77 -3 0 12 0.41 0.0 0 5.5 17 50 M M 6 1 20 50
15 84 70 77 -3 0 12 0.00 0.0 0 10.8 24 20 M M 2 29 10
16 81 66 74 -6 0 9 0.00 0.0 0 9.3 17 40 M M 3 23 20
17 83 65 74 -6 0 9 T 0.0 0 5.4 16 270 M M 5 3 22 290
18 87 70 79 -1 0 14 T 0.0 0 5.4 14 70 M M 5 19 70
19 87 72 80 0 0 15 1.24 0.0 0 4.0 18 70 M M 7 13 21 70
20 89 70 80 0 0 15 0.00 0.0 0 4.6 13 250 M M 4 1 19 230
21 90 71 81 1 0 16 0.00 0.0 0 4.3 13 70 M M 5 15 90
22 89 70 80 -1 0 15 0.16 0.0 0 6.1 20 270 M M 4 13 24 260
23 92 71 82 1 0 17 0.01 0.0 0 6.4 26 280 M M 7 3 33 280
24 94 73 84 3 0 19 0.10 0.0 0 5.6 29 30 M M 6 138 34 30
25 93 73 83 2 0 18 0.03 0.0 0 3.1 18 240 M M 6 138 21 250
26 92 73 83 2 0 18 0.00 0.0 0 4.0 15 60 M M 3 19 80
27 94 75 85 4 0 20 0.00 0.0 0 3.1 10 80 M M 8 15 80
28 95 75 85 4 0 20 T 0.0 0 5.5 12 270 M M 8 15 250
29 96 74 85 4 0 20 0.16 0.0 0 5.4 35 270 M M 5 138 42 280
30 96 74 85 4 0 20 0.07 0.0 0 6.0 16 240 M M 6 138 21 240
================================================================================
SM 2628 2146 0 446 4.59 0.0 160.8 M 190
================================================================================
AV 87.6 71.5 5.4 FASTST M M 6 MAX(MPH)
MISC ----> 35 270 42 280
================================================================================
NOTES:
# LAST OF SEVERAL OCCURRENCES
COLUMN 17 PEAK WIND IN M.P.H.
PRELIMINARY LOCAL CLIMATOLOGICAL DATA (WS FORM: F-6) , PAGE 2
STATION: DAYTONA BEACH
MONTH: JUNE
YEAR: 2020
LATITUDE: 29 10 N
LONGITUDE: 81 3 W
[TEMPERATURE DATA] [PRECIPITATION DATA] SYMBOLS USED IN COLUMN 16
AVERAGE MONTHLY: 79.6 TOTAL FOR MONTH: 4.59 1 = FOG OR MIST
DPTR FM NORMAL: -0.3 DPTR FM NORMAL: -1.24 2 = FOG REDUCING VISIBILITY
HIGHEST: 96 ON 30,29 GRTST 24HR 1.24 ON 18-19 TO 1/4 MILE OR LESS
LOWEST: 65 ON 17 3 = THUNDER
SNOW, ICE PELLETS, HAIL 4 = ICE PELLETS
TOTAL MONTH: 0.0 INCH 5 = HAIL
GRTST 24HR 0.0 6 = FREEZING RAIN OR DRIZZLE
GRTST DEPTH: 0 7 = DUSTSTORM OR SANDSTORM:
VSBY 1/2 MILE OR LESS
8 = SMOKE OR HAZE
[NO. OF DAYS WITH] [WEATHER - DAYS WITH] 9 = BLOWING SNOW
X = TORNADO
MAX 32 OR BELOW: 0 0.01 INCH OR MORE: 17
MAX 90 OR ABOVE: 10 0.10 INCH OR MORE: 9
MIN 32 OR BELOW: 0 0.50 INCH OR MORE: 3
MIN 0 OR BELOW: 0 1.00 INCH OR MORE: 1
[HDD (BASE 65) ]
TOTAL THIS MO. 0 CLEAR (SCALE 0-3) 2
DPTR FM NORMAL 0 PTCLDY (SCALE 4-7) 22
TOTAL FM JUL 1 458 CLOUDY (SCALE 8-10) 6
DPTR FM NORMAL -351
[CDD (BASE 65) ]
TOTAL THIS MO. 446
DPTR FM NORMAL -1 [PRESSURE DATA]
TOTAL FM JAN 1 1372 HIGHEST SLP M ON M
DPTR FM NORMAL 324 LOWEST SLP 29.90 ON 7
[REMARKS]
#FINAL-06-20#