000
CXUS55 KVEF 030328
CF6DAG
PRELIMINARY LOCAL CLIMATOLOGICAL DATA (WS FORM: F-6)
STATION: BARSTOW-DAGGETT CA
MONTH: AUGUST
YEAR: 2022
LATITUDE: 34 51 N
LONGITUDE: 116 47 W
TEMPERATURE IN F: :PCPN: SNOW: WIND :SUNSHINE: SKY :PK WND
================================================================================
1 2 3 4 5 6A 6B 7 8 9 10 11 12 13 14 15 16 17 18
12Z AVG MX 2MIN
DY MAX MIN AVG DEP HDD CDD WTR SNW DPTH SPD SPD DIR MIN PSBL S-S WX SPD DR
================================================================================
1 M M M M M M M 0.0 0 M M M M M M M M
2 103 M M M M M 0.00 0.0 0 M M M M M 1 3 M M
3 106 79 93 3 0 28 0.00 0.0 0 9.8 22 260 M M 0 26 260
4 93 80 87 -3 0 22 T 0.0 0 10.5 30 100 M M 3 37 90
5 99 76 88 -2 0 23 T 0.0 0 5.7 20 130 M M 2 3 24 130
6 103 76 90 0 0 25 0.00 0.0 0 9.8 16 270 M M 0 23 290
7 107 75 91 1 0 26 0.00 0.0 0 9.8 17 280 M M 1 22 310
8 102 81 92 2 0 27 0.00 0.0 0 9.7 25 240 M M 0 3 41 240
9 M M M M M M 0.00 0.0 0 M M M M M M M M
10 104 79 92 3 0 27 0.00 0.0 0 10.8 60 220 M M 1 3 105 240
11 105 79 92 3 0 27 0.00 0.0 0 7.7 20 250 M M 0 24 240
12 107 79 93 4 0 28 0.00 0.0 0 9.5 28 120 M M 0 35 120
13 99 80 90 1 0 25 T 0.0 0 7.3 16 50 M M 0 22 50
14 107 81 94 5 0 29 0.00 0.0 0 6.4 17 250 M M 0 21 240
15 105 77 91 2 0 26 0.00 0.0 0 6.0 15 300 M M 0 19 310
16 104 80 92 3 0 27 0.00 0.0 0 8.5 31 210 M M 0 3 38 210
17 108 81 95 6 0 30 0.00 0.0 0 8.8 26 220 M M 0 38 42 220
18 107 81 94 6 0 29 0.00 0.0 0 10.8 23 230 M M 0 29 230
19 105 79 92 4 0 27 0.00 0.0 0 8.6 28 250 M M 0 36 250
20 107 81 94 6 0 29 0.00 0.0 0 7.6 20 170 M M 0 27 120
21 109 80 95 7 0 30 0.00 0.0 0 12.0 24 260 M M 0 33 260
22 109 79 94 6 0 29 0.00 0.0 0 10.4 22 270 M M 0 8 29 270
23 110 78 94 6 0 29 0.00 0.0 0 8.9 18 240 M M 0 24 240
24 104 78 91 3 0 26 0.07 0.0 0 8.5 38 200 M M 0 38 47 210
25 105 75 90 3 0 25 0.00 0.0 0 5.6 16 110 M M 0 23 120
26 107 77 92 5 0 27 0.00 0.0 0 12.2 23 230 M M 0 33 230
27 105 78 92 5 0 27 0.00 0.0 0 13.7 24 250 M M 0 30 250
28 103 76 90 3 0 25 T 0.0 0 8.8 20 270 M M 0 28 170
29 105 76 91 4 0 26 0.00 0.0 0 9.5 21 90 M M 0 29 130
30 109 77 93 7 0 28 0.00 0.0 0 7.4 15 280 M M 0 20 310
31 111 79 95 9 0 30 0.00 0.0 0 8.7 18 220 M M 0 25 220
================================================================================
SM 3048 2197 0 757 0.07 0.0 253.0 M 8
================================================================================
AV105.1 78.5 9.0 FASTST M M 0 MAX(MPH)
MISC ----> 60 220 105 240
================================================================================
NOTES:
# LAST OF SEVERAL OCCURRENCES
COLUMN 17 PEAK WIND IN M.P.H.
PRELIMINARY LOCAL CLIMATOLOGICAL DATA (WS FORM: F-6) , PAGE 2
STATION: BARSTOW-DAGGETT CA
MONTH: AUGUST
YEAR: 2022
LATITUDE: 34 51 N
LONGITUDE: 116 47 W
[TEMPERATURE DATA] [PRECIPITATION DATA] SYMBOLS USED IN COLUMN 16
AVERAGE MONTHLY: 91.8 TOTAL FOR MONTH: 0.07 1 = FOG OR MIST
DPTR FM NORMAL: 3.3 DPTR FM NORMAL: -0.13 2 = FOG REDUCING VISIBILITY
HIGHEST: 111 ON 31 GRTST 24HR 0.07 ON 24-25 TO 1/4 MILE OR LESS
LOWEST: 75 ON 25, 7 3 = THUNDER
SNOW, ICE PELLETS, HAIL 4 = ICE PELLETS
TOTAL MONTH: 0.0 INCH 5 = HAIL
GRTST 24HR 0.0 6 = FREEZING RAIN OR DRIZZLE
GRTST DEPTH: 0 7 = DUSTSTORM OR SANDSTORM:
VSBY 1/2 MILE OR LESS
8 = SMOKE OR HAZE
[NO. OF DAYS WITH] [WEATHER - DAYS WITH] 9 = BLOWING SNOW
X = TORNADO
MAX 32 OR BELOW: 0 0.01 INCH OR MORE: 1
MAX 90 OR ABOVE: 29 0.10 INCH OR MORE: 0
MIN 32 OR BELOW: 0 0.50 INCH OR MORE: 0
MIN 0 OR BELOW: 0 1.00 INCH OR MORE: 0
[HDD (BASE 65) ]
TOTAL THIS MO. 0 CLEAR (SCALE 0-3) 29
DPTR FM NORMAL 0 PTCLDY (SCALE 4-7) 0
TOTAL FM JUL 1 0 CLOUDY (SCALE 8-10) 2
DPTR FM NORMAL 0
[CDD (BASE 65) ]
TOTAL THIS MO. 757
DPTR FM NORMAL 29 [PRESSURE DATA]
TOTAL FM JAN 1 2718 HIGHEST SLP 30.03 ON 9
DPTR FM NORMAL 248 LOWEST SLP 29.60 ON 28
[REMARKS]
#FINAL-08-22#