000
CXUS51 KRNK 010715
CF6DAN
PRELIMINARY LOCAL CLIMATOLOGICAL DATA (WS FORM: F-6)
STATION: DANVILLE VA
MONTH: MAY
YEAR: 2023
LATITUDE: 36 34 N
LONGITUDE: 79 20 W
TEMPERATURE IN F: :PCPN: SNOW: WIND :SUNSHINE: SKY :PK WND
================================================================================
1 2 3 4 5 6A 6B 7 8 9 10 11 12 13 14 15 16 17 18
12Z AVG MX 2MIN
DY MAX MIN AVG DEP HDD CDD WTR SNW DPTH SPD SPD DIR MIN PSBL S-S WX SPD DR
================================================================================
1 64 44 54 -8 11 0 0.00 0.0 0 8.4 24 230 M M 7 34 230
2 69 45 57 -5 8 0 0.00 0.0 0 10.9 25 250 M M 2 33 250
3 62 37 50 -13 15 0 0.00 0.0 0 8.8 22 320 M M 5 32 300
4 68 39 54 -9 11 0 0.00 0.0 0 4.9 15 330 M M 2 21 350
5 72 39 56 -7 9 0 0.00 0.0 0 1.4 12 230 M M 0 15 220
6 78 45 62 -1 3 0 0.00 0.0 0 2.3 13 240 M M 1 16 230
7 81 49 65 1 0 0 0.01 0.0 0 8.5 18 240 M M 2 26 230
8 84 61 73 9 0 8 0.00 0.0 0 6.0 13 250 M M 3 18 230
9 84 55 70 6 0 5 0.13 0.0 0 7.0 25 50 M M 4 1 31 50
10 76 49 63 -1 2 0 0.00 0.0 0 2.5 10 50 M M 0 1 13 50
11 81 47 64 -1 1 0 0.00 0.0 0 4.0 13 220 M M 0 19 230
12 83 58 71 6 0 6 0.00 0.0 0 5.2 15 230 M M 0 20 230
13 84 63 74 9 0 9 0.15 0.0 0 6.3 15 240 M M 7 13 19 240
14 79 61 70 5 0 5 0.24 0.0 0 4.7 14 40 M M 5 1 19 40
15 66 61 64 -2 1 0 0.03 0.0 0 2.3 9 60 M M 10 12 80
16 83 59 71 5 0 6 1.55 0.0 0 5.3 33 340 M M 8 13 47 350
17 80 59 70 4 0 5 0.00 0.0 0 5.8 13 350 M M 1 17 340
18 69 56 63 -3 2 0 0.00 0.0 0 5.7 14 60 M M 5 19 50
19 71 54 63 -4 2 0 0.00 0.0 0 5.3 12 50 M M 8 16 90
20 77 55 66 -1 0 1 T 0.0 0 3.5 13 230 M M 6 17 250
21 77 53 65 -2 0 0 T 0.0 0 5.5 13 50 M M 5 17 50
22 78 49 64 -4 1 0 0.00 0.0 0 3.5 14 50 M M 0 18 40
23 76 52 64 -4 1 0 0.00 0.0 0 6.6 17 50 M M 0 22 50
24 76 51 64 -4 1 0 0.00 0.0 0 5.1 16 40 M M 0 21 40
25 68 48 58 -10 7 0 0.00 0.0 0 6.5 21 50 M M 4 25 50
26 71 48 60 -9 5 0 0.00 0.0 0 8.0 21 40 M M 0 26 40
27 66 51 59 -10 6 0 0.01 0.0 0 10.4 17 60 M M 7 22 50
28 63 55 59 -10 6 0 0.27 0.0 0 12.2 20 50 M M 10 1 26 40
29 75 62 69 0 0 4 2.56 0.0 0 5.8 14 50 M M 9 13 19 50
30 68 63 66 -4 0 1 0.03 0.0 0 8.0 17 50 M M 10 1 23 50
31 79 58 69 -1 0 4 0.02 0.0 0 4.8 12 30 M M 5 1 16 30
================================================================================
SM 2308 1626 92 54 5.00 0.0 185.2 M 126
================================================================================
AV 74.5 52.5 6.0 FASTST M M 4 MAX(MPH)
MISC ----> 33 340 47 350
================================================================================
NOTES:
# LAST OF SEVERAL OCCURRENCES
COLUMN 17 PEAK WIND IN M.P.H.
PRELIMINARY LOCAL CLIMATOLOGICAL DATA (WS FORM: F-6) , PAGE 2
STATION: DANVILLE VA
MONTH: MAY
YEAR: 2023
LATITUDE: 36 34 N
LONGITUDE: 79 20 W
[TEMPERATURE DATA] [PRECIPITATION DATA] SYMBOLS USED IN COLUMN 16
AVERAGE MONTHLY: 63.5 TOTAL FOR MONTH: 5.00 1 = FOG OR MIST
DPTR FM NORMAL: -2.5 DPTR FM NORMAL: 0.87 2 = FOG REDUCING VISIBILITY
HIGHEST: 84 ON 13, 9 GRTST 24HR 2.73 ON 28-29 TO 1/4 MILE OR LESS
LOWEST: 37 ON 3 3 = THUNDER
SNOW, ICE PELLETS, HAIL 4 = ICE PELLETS
TOTAL MONTH: 0.0 INCH 5 = HAIL
GRTST 24HR 0.0 6 = FREEZING RAIN OR DRIZZLE
GRTST DEPTH: 0 7 = DUSTSTORM OR SANDSTORM:
VSBY 1/2 MILE OR LESS
8 = SMOKE OR HAZE
[NO. OF DAYS WITH] [WEATHER - DAYS WITH] 9 = BLOWING SNOW
X = TORNADO
MAX 32 OR BELOW: 0 0.01 INCH OR MORE: 11
MAX 90 OR ABOVE: 0 0.10 INCH OR MORE: 6
MIN 32 OR BELOW: 0 0.50 INCH OR MORE: 2
MIN 0 OR BELOW: 0 1.00 INCH OR MORE: 2
[HDD (BASE 65) ]
TOTAL THIS MO. 92 CLEAR (SCALE 0-3) 14
DPTR FM NORMAL 15 PTCLDY (SCALE 4-7) 11
TOTAL FM JUL 1 3329 CLOUDY (SCALE 8-10) 6
DPTR FM NORMAL -475
[CDD (BASE 65) ]
TOTAL THIS MO. 54
DPTR FM NORMAL -54 [PRESSURE DATA]
TOTAL FM JAN 1 93 HIGHEST SLP M ON M
DPTR FM NORMAL -50 LOWEST SLP 29.47 ON 1
[REMARKS]
#FINAL-05-23#