000
CXUS51 KILN 010605
CF6DAY
PRELIMINARY LOCAL CLIMATOLOGICAL DATA (WS FORM: F-6)
STATION: DAYTON OH
MONTH: OCTOBER
YEAR: 2022
LATITUDE: 39 54 N
LONGITUDE: 84 12 W
TEMPERATURE IN F: :PCPN: SNOW: WIND :SUNSHINE: SKY :PK WND
================================================================================
1 2 3 4 5 6A 6B 7 8 9 10 11 12 13 14 15 16 17 18
12Z AVG MX 2MIN
DY MAX MIN AVG DEP HDD CDD WTR SNW DPTH SPD SPD DIR MIN PSBL S-S WX SPD DR
================================================================================
1 71 48 60 -2 5 0 0.00 0.0 0 14.8 28 30 M M 8 33 20
2 68 46 57 -5 8 0 0.00 0.0 0 16.1 26 10 M M 3 33 10
3 71 39 55 -6 10 0 0.00 0.0 0 8.7 17 20 M M 1 24 10
4 72 36 54 -7 11 0 0.00 0.0 0 5.4 14 10 M M 2 1 23 10
5 78 44 61 1 4 0 0.00 0.0 0 2.8 10 300 M M 2 13 290
6 79 48 64 4 1 0 0.00 0.0 0 7.7 22 260 M M 8 27 260
7 61 40 51 -9 14 0 0.00 0.0 0 11.3 22 300 M M 5 27 300
8 58 34 46 -13 19 0 0.00 0.0 0 7.3 16 260 M M 2 20 270
9 64 36 50 -9 15 0 0.00 0.0 0 10.5 21 250 M M 1 25 280
10 74 45 60 2 5 0 T 0.0 0 8.1 14 240 M M 2 17 240
11 75 51 63 5 2 0 0.00 0.0 0 9.6 18 180 M M 4 24 180
12 75 55 65 7 0 0 0.06 0.0 0 12.5 26 210 M M 8 1 36 200
13 63 43 53 -4 12 0 T 0.0 0 13.6 32 260 M M 7 40 260
14 63 37 50 -7 15 0 0.00 0.0 0 13.8 36 250 M M 4 44 250
15 60 45 53 -3 12 0 0.00 0.0 0 10.0 21 190 M M 5 28 190
16 72 46 59 3 6 0 0.00 0.0 0 12.2 26 250 M M 7 32 250
17 50 37 44 -12 21 0 T T 0 17.8 28 270 M M 7 37 260
18 46 36 41 -14 24 0 0.05 T 0 17.9 29 270 M M 10 1 34 280
19 52 32 42 -13 23 0 0.04 T 0 14.9 23 260 M M 7 1 28 280
20 55 31 43 -11 22 0 0.00 0.0 0 13.2 26 230 M M 4 33 230
21 72 45 59 5 6 0 0.00 0.0 0 15.0 28 210 M M 5 34 220
22 77 52 65 11 0 0 0.00 0.0 0 11.3 23 190 M M 3 29 180
23 77 53 65 12 0 0 0.00 0.0 0 10.2 18 200 M M 4 25 160
24 76 50 63 10 2 0 0.00 0.0 0 9.4 16 160 M M 5 21 190
25 78 53 66 14 0 1 0.14 0.0 0 11.9 21 160 M M 8 1 25 180
26 61 40 51 -1 14 0 0.29 0.0 0 12.7 23 290 M M 9 1 30 290
27 57 34 46 -6 19 0 0.00 0.0 0 7.8 15 60 M M 4 18 60
28 65 36 51 0 14 0 0.00 0.0 0 6.1 13 100 M M 4 15 100
29 68 36 52 1 13 0 0.00 0.0 0 5.2 13 110 M M 2 16 110
30 69 44 57 7 8 0 0.11 0.0 0 6.9 15 190 M M 9 1 19 190
31 65 58 62 12 3 0 0.22 0.0 0 10.2 20 230 M M 10 1 23 220
================================================================================
SM 2072 1330 308 1 0.91 T 334.9 M 160
================================================================================
AV 66.8 42.9 10.8 FASTST M M 5 MAX(MPH)
MISC ----> 36 250 44 250
================================================================================
NOTES:
# LAST OF SEVERAL OCCURRENCES
COLUMN 17 PEAK WIND IN M.P.H.
PRELIMINARY LOCAL CLIMATOLOGICAL DATA (WS FORM: F-6) , PAGE 2
STATION: DAYTON OH
MONTH: OCTOBER
YEAR: 2022
LATITUDE: 39 54 N
LONGITUDE: 84 12 W
[TEMPERATURE DATA] [PRECIPITATION DATA] SYMBOLS USED IN COLUMN 16
AVERAGE MONTHLY: 54.9 TOTAL FOR MONTH: 0.91 1 = FOG OR MIST
DPTR FM NORMAL: -1.1 DPTR FM NORMAL: -2.04 2 = FOG REDUCING VISIBILITY
HIGHEST: 79 ON 6 GRTST 24HR 0.43 ON 25-26 TO 1/4 MILE OR LESS
LOWEST: 31 ON 20 3 = THUNDER
SNOW, ICE PELLETS, HAIL 4 = ICE PELLETS
TOTAL MONTH: T 5 = HAIL
GRTST 24HR T ON 17-17 6 = FREEZING RAIN OR DRIZZLE
GRTST DEPTH: 0 7 = DUSTSTORM OR SANDSTORM:
VSBY 1/2 MILE OR LESS
8 = SMOKE OR HAZE
[NO. OF DAYS WITH] [WEATHER - DAYS WITH] 9 = BLOWING SNOW
X = TORNADO
MAX 32 OR BELOW: 0 0.01 INCH OR MORE: 7
MAX 90 OR ABOVE: 0 0.10 INCH OR MORE: 4
MIN 32 OR BELOW: 2 0.50 INCH OR MORE: 0
MIN 0 OR BELOW: 0 1.00 INCH OR MORE: 0
[HDD (BASE 65) ]
TOTAL THIS MO. 308 CLEAR (SCALE 0-3) 9
DPTR FM NORMAL 8 PTCLDY (SCALE 4-7) 17
TOTAL FM JUL 1 374 CLOUDY (SCALE 8-10) 5
DPTR FM NORMAL 13
[CDD (BASE 65) ]
TOTAL THIS MO. 1
DPTR FM NORMAL -22 [PRESSURE DATA]
TOTAL FM JAN 1 1226 HIGHEST SLP 30.45 ON 8
DPTR FM NORMAL 74 LOWEST SLP 29.62 ON 26
[REMARKS]
#FINAL-10-22#