000
CXUS54 KHUN 010910
CF6DCU
PRELIMINARY LOCAL CLIMATOLOGICAL DATA (WS FORM: F-6)
STATION: DECATUR
MONTH: NOVEMBER
YEAR: 2021
LATITUDE: 34 39 N
LONGITUDE: 86 56 W
TEMPERATURE IN F: :PCPN: SNOW: WIND :SUNSHINE: SKY :PK WND
================================================================================
1 2 3 4 5 6A 6B 7 8 9 10 11 12 13 14 15 16 17 18
12Z AVG MX 2MIN
DY MAX MIN AVG DEP HDD CDD WTR SNW DPTH SPD SPD DIR MIN PSBL S-S WX SPD DR
================================================================================
1 66 44 55 0 10 0 0.00 0.0 0 5.7 14 30 M M 3 1 16 10
2 59 42 51 -4 14 0 T 0.0 0 8.4 16 340 M M 2 21 10
3 49 39 44 -11 21 0 0.03 0.0 0 5.7 10 10 M M 8 13 10
4 49 37 43 -11 22 0 0.05 0.0 0 5.3 9 20 M M 9 1 12 30
5 56 37 47 -7 18 0 0.00 0.0 0 4.3 10 80 M M 8 1 14 80
6 61 33 47 -7 18 0 0.00 0.0 0 4.0 12 320 M M 3 12 16 360
7 66 32 49 -4 16 0 0.00 0.0 0 1.6 9 360 M M 0 1 13 360
8 72 32 52 -1 13 0 0.00 0.0 0 1.1 7 260 M M 0 18 8 200
9 74 34 54 2 11 0 0.00 0.0 0 2.1 9 200 M M 0 18 10 210
10 72 38 55 3 10 0 0.00 0.0 0 3.3 12 170 M M 1 128 16 130
11 67 41 54 2 11 0 0.19 0.0 0 9.1 24 190 M M 4 128 32 180
12 66 36 51 -1 14 0 0.00 0.0 0 5.5 18 320 M M 4 12 23 320
13 50 30 40 -11 25 0 0.00 0.0 0 6.0 16 270 M M 0 22 280
14 62 28 45 -6 20 0 0.00 0.0 0 5.3 17 210 M M 0 22 220
15 61 30 46 -5 19 0 0.00 0.0 0 3.9 9 150 M M 0 13 230
16 74 45 60 10 5 0 0.00 0.0 0 7.5 15 210 M M 7 M M
17 74 48 61 11 4 0 0.00 0.0 0 10.1 20 200 M M 5 18 26 220
18 63 32 48 -2 17 0 0.10 0.0 0 8.1 23 340 M M 6 1 28 340
19 54 28 41 -9 24 0 0.00 0.0 0 6.4 14 10 M M 0 19 40
20 60 26 43 -6 22 0 0.00 0.0 0 5.7 20 140 M M 0 24 140
21 63 44 54 5 11 0 0.61 0.0 0 7.9 17 320 M M 5 13 21 320
22 56 29 43 -6 22 0 0.01 0.0 0 9.6 18 320 M M 3 1 22 350
23 53 25 39 -9 26 0 0.00 0.0 0 3.1 9 260 M M 0 12 50
24 61 29 45 -3 20 0 0.00 0.0 0 7.4 16 190 M M 0 22 140
25 60 35 48 0 17 0 0.28 0.0 0 7.8 21 330 M M 5 1 26 340
26 46 27 37 -11 28 0 0.00 0.0 0 7.1 21 350 M M 3 27 330
27 57 25 41 -7 24 0 0.00 0.0 0 3.6 13 200 M M 0 15 210
28 57 29 43 -4 22 0 0.00 0.0 0 2.8 10 360 M M 0 12 360
29 51 26 39 -8 26 0 0.00 0.0 0 3.1 10 50 M M 0 14 20
30 66 29 48 1 17 0 0.00 0.0 0 2.2 10 230 M M 0 13 210
================================================================================
SM 1825 1010 527 0 1.27 0.0 163.7 M 76
================================================================================
AV 60.8 33.7 5.5 FASTST M M 3 MAX(MPH)
MISC ----> 24 190 32 180
================================================================================
NOTES:
# LAST OF SEVERAL OCCURRENCES
COLUMN 17 PEAK WIND IN M.P.H.
PRELIMINARY LOCAL CLIMATOLOGICAL DATA (WS FORM: F-6) , PAGE 2
STATION: DECATUR
MONTH: NOVEMBER
YEAR: 2021
LATITUDE: 34 39 N
LONGITUDE: 86 56 W
[TEMPERATURE DATA] [PRECIPITATION DATA] SYMBOLS USED IN COLUMN 16
AVERAGE MONTHLY: 47.3 TOTAL FOR MONTH: 1.27 1 = FOG OR MIST
DPTR FM NORMAL: -3.5 DPTR FM NORMAL: -2.69 2 = FOG REDUCING VISIBILITY
HIGHEST: 74 ON 17,16 GRTST 24HR 0.62 ON 21-22 TO 1/4 MILE OR LESS
LOWEST: 25 ON 27,23 3 = THUNDER
SNOW, ICE PELLETS, HAIL 4 = ICE PELLETS
TOTAL MONTH: 0.0 INCH 5 = HAIL
GRTST 24HR 0.0 6 = FREEZING RAIN OR DRIZZLE
GRTST DEPTH: 0 7 = DUSTSTORM OR SANDSTORM:
VSBY 1/2 MILE OR LESS
8 = SMOKE OR HAZE
[NO. OF DAYS WITH] [WEATHER - DAYS WITH] 9 = BLOWING SNOW
X = TORNADO
MAX 32 OR BELOW: 0 0.01 INCH OR MORE: 7
MAX 90 OR ABOVE: 0 0.10 INCH OR MORE: 4
MIN 32 OR BELOW: 16 0.50 INCH OR MORE: 1
MIN 0 OR BELOW: 0 1.00 INCH OR MORE: 0
[HDD (BASE 65) ]
TOTAL THIS MO. 527 CLEAR (SCALE 0-3) 19
DPTR FM NORMAL 94 PTCLDY (SCALE 4-7) 10
TOTAL FM JUL 1 636 CLOUDY (SCALE 8-10) 1
DPTR FM NORMAL 35
[CDD (BASE 65) ]
TOTAL THIS MO. 0
DPTR FM NORMAL -6 [PRESSURE DATA]
TOTAL FM JAN 1 1687 HIGHEST SLP 30.52 ON 19
DPTR FM NORMAL -140 LOWEST SLP 29.85 ON 11
[REMARKS]
#FINAL-11-21#