012
CXUS54 KHUN 011900
CF6DCU
PRELIMINARY LOCAL CLIMATOLOGICAL DATA (WS FORM: F-6)
STATION: DECATUR
MONTH: AUGUST
YEAR: 2020
LATITUDE: 34 39 N
LONGITUDE: 86 56 W
TEMPERATURE IN F: :PCPN: SNOW: WIND :SUNSHINE: SKY :PK WND
================================================================================
1 2 3 4 5 6A 6B 7 8 9 10 11 12 13 14 15 16 17 18
12Z AVG MX 2MIN
DY MAX MIN AVG DEP HDD CDD WTR SNW DPTH SPD SPD DIR MIN PSBL S-S WX SPD DR
================================================================================
1 85 68 77 -3 0 12 T 0.0 0 8.9 18 230 M M 7 26 230
2 86 65 76 -4 0 11 0.00 0.0 0 2.2 8 320 M M 3 11 270
3 90 63 77 -3 0 12 0.00 0.0 0 3.4 12 270 M M 2 1 17 290
4 89 68 79 -1 0 14 0.03 0.0 0 3.9 13 320 M M 4 1 18 280
5 90 65 78 -2 0 13 0.00 0.0 0 5.4 10 300 M M 3 14 260
6 91 68 80 0 0 15 0.00 0.0 0 4.9 14 320 M M 4 21 10
7 93 66 80 0 0 15 0.00 0.0 0 4.8 13 320 M M 1 17 300
8 95 66 81 1 0 16 0.00 0.0 0 2.6 10 280 M M 0 17 290
9 96 68 82 2 0 17 0.00 0.0 0 2.3 12 180 M M 0 138 16 280
10 97 71 84 4 0 19 0.02 0.0 0 4.3 17 350 M M 1 18 22 330
11 95 72 84 4 0 19 0.02 0.0 0 4.5 16 360 M M 2 3 19 360
12 91 72 82 3 0 17 0.05 0.0 0 4.0 16 360 M M 2 3 19 140
13 94 70 82 3 0 17 0.00 0.0 0 2.8 16 270 M M 2 13 23 270
14 90 72 81 2 0 16 T 0.0 0 3.9 16 20 M M 3 22 20
15 92 70 81 2 0 16 0.00 0.0 0 5.8 17 330 M M 2 23 340
16 93 66 80 1 0 15 0.00 0.0 0 2.6 15 320 M M 3 1 19 320
17 91 66 79 0 0 14 0.00 0.0 0 5.5 16 360 M M 0 21 30
18 93 62 78 -1 0 13 0.51 0.0 0 3.8 26 270 M M 2 18 44 270
19 90 67 79 0 0 14 0.07 0.0 0 4.2 14 190 M M 2 13 20 10
20 88 64 76 -3 0 11 0.00 0.0 0 4.5 13 140 M M 2 18 18 150
21 81 66 74 -5 0 9 2.46 0.0 0 2.1 16 270 M M 7 13 18 270
22 84 63 74 -5 0 9 0.00 0.0 0 2.6 12 170 M M 3 1 15 160
23 88 66 77 -1 0 12 0.00 0.0 0 3.5 10 170 M M 1 13 15 160
24 88 71 80 2 0 15 0.07 0.0 0 4.3 15 160 M M 3 13 22 130
25 83 73 78 0 0 13 0.25 0.0 0 3.7 15 150 M M 5 1 21 140
26 85 70 78 0 0 13 0.90 0.0 0 4.0 14 260 M M 5 13 19 240
27 92 74 83 5 0 18 0.03 0.0 0 5.4 16 140 M M 1 3 21 140
28 88 72 80 2 0 15 0.91 0.0 0 13.0 21 180 M M 8 13 28 190
29 90 75 83 5 0 18 T 0.0 0 7.6 15 220 M M 4 1 21 230
30 92 71 82 5 0 17 0.13 0.0 0 3.4 18 260 M M 3 13 25 250
31 86 71 79 2 0 14 0.59 0.0 0 3.3 14 210 M M 5 13 19 220
================================================================================
SM 2786 2121 0 449 6.04 0.0 137.2 M 90
================================================================================
AV 89.9 68.4 4.4 FASTST M M 3 MAX(MPH)
MISC ----> 26 270 44 270
================================================================================
NOTES:
# LAST OF SEVERAL OCCURRENCES
COLUMN 17 PEAK WIND IN M.P.H.
PRELIMINARY LOCAL CLIMATOLOGICAL DATA (WS FORM: F-6) , PAGE 2
STATION: DECATUR
MONTH: AUGUST
YEAR: 2020
LATITUDE: 34 39 N
LONGITUDE: 86 56 W
[TEMPERATURE DATA] [PRECIPITATION DATA] SYMBOLS USED IN COLUMN 16
AVERAGE MONTHLY: 79.1 TOTAL FOR MONTH: 6.04 1 = FOG OR MIST
DPTR FM NORMAL: 0.2 DPTR FM NORMAL: 2.49 2 = FOG REDUCING VISIBILITY
HIGHEST: 97 ON 10 GRTST 24HR 2.46 ON 21-21 TO 1/4 MILE OR LESS
LOWEST: 62 ON 18 3 = THUNDER
SNOW, ICE PELLETS, HAIL 4 = ICE PELLETS
TOTAL MONTH: 0.0 INCH 5 = HAIL
GRTST 24HR 0.0 6 = FREEZING RAIN OR DRIZZLE
GRTST DEPTH: 0 7 = DUSTSTORM OR SANDSTORM:
VSBY 1/2 MILE OR LESS
8 = SMOKE OR HAZE
[NO. OF DAYS WITH] [WEATHER - DAYS WITH] 9 = BLOWING SNOW
X = TORNADO
MAX 32 OR BELOW: 0 0.01 INCH OR MORE: 14
MAX 90 OR ABOVE: 19 0.10 INCH OR MORE: 7
MIN 32 OR BELOW: 0 0.50 INCH OR MORE: 5
MIN 0 OR BELOW: 0 1.00 INCH OR MORE: 1
[HDD (BASE 65) ]
TOTAL THIS MO. 0 CLEAR (SCALE 0-3) 19
DPTR FM NORMAL 0 PTCLDY (SCALE 4-7) 12
TOTAL FM JUL 1 0 CLOUDY (SCALE 8-10) 0
DPTR FM NORMAL 0
[CDD (BASE 65) ]
TOTAL THIS MO. 449
DPTR FM NORMAL 18 [PRESSURE DATA]
TOTAL FM JAN 1 1435 HIGHEST SLP 30.15 ON 9
DPTR FM NORMAL -17 LOWEST SLP 29.73 ON 30
[REMARKS]
#FINAL-08-20#