000
CXUS53 KDDC 011550
CF6DDC
PRELIMINARY LOCAL CLIMATOLOGICAL DATA (WS FORM: F-6)
STATION: DODGE CITY KS
MONTH: JANUARY
YEAR: 2023
LATITUDE: 37 46 N
LONGITUDE: 99 58 W
TEMPERATURE IN F: :PCPN: SNOW: WIND :SUNSHINE: SKY :PK WND
================================================================================
1 2 3 4 5 6A 6B 7 8 9 10 11 12 13 14 15 16 17 18
12Z AVG MX 2MIN
DY MAX MIN AVG DEP HDD CDD WTR SNW DPTH SPD SPD DIR MIN PSBL S-S WX SPD DR
================================================================================
1 51 30 41 9 24 0 0.00 0.0 0 8.4 21 40 M M 1 26 40
2 42 36 39 7 26 0 0.09 0.0 0 10.1 23 80 M M 10 12 29 90
3 39 24 32 0 33 0 0.00 0.0 0 19.5 32 320 M M 3 1 43 330
4 46 18 32 0 33 0 0.00 0.0 0 14.9 30 320 M M 0 38 310
5 50 21 36 4 29 0 0.00 0.0 0 11.8 18 310 M M 0 24 300
6 54 24 39 7 26 0 0.00 0.0 0 8.9 21 320 M M 0 28 320
7 48 22 35 3 30 0 0.00 0.0 0 8.5 16 320 M M 0 18 21 330
8 60 26 43 11 22 0 0.00 0.0 0 11.3 18 210 M M 0 25 200
9 63 22 43 11 22 0 0.00 0.0 0 10.1 26 350 M M 0 8 33 350
10 65 26 46 13 19 0 0.00 0.0 0 7.5 20 270 M M 0 24 270
11 55 27 41 8 24 0 0.01 0.1 0 13.3 37 360 M M 2 18 46 360
12 47 26 37 4 28 0 T T T 12.6 30 350 M M 1 1 39 360
13 54 19 37 4 28 0 0.00 0.0 0 8.5 18 170 M M 0 18 24 160
14 61 27 44 11 21 0 0.00 0.0 0 15.5 25 180 M M 0 35 180
15 70 32 51 18 14 0 0.00 0.0 0 16.7 35 220 M M 2 8 48 210
16 59 32 46 13 19 0 0.00 0.0 0 10.7 21 320 M M 1 27 300
17 54 22 38 5 27 0 T 0.0 0 11.0 22 80 M M 1 1 27 80
18 45 24 35 2 30 0 0.04 T 0 17.0 31 300 M M 8 12 40 300
19 47 20 34 1 31 0 T T 0 15.0 30 320 M M 2 40 300
20 52 16 34 1 31 0 0.00 0.0 0 6.8 16 100 M M 1 21 110
21 38 24 31 -2 34 0 0.43 7.4 2 15.1 26 80 M M 10 128 34 70
22 30 12 21 -12 44 0 T T 5 9.7 17 300 M M 0 1 21 300
23 36 8 22 -11 43 0 0.00 0.0 4 6.3 14 240 M M 0 18 19 250
24 33 14 24 -9 41 0 T 0.1 3 7.5 20 320 M M 8 128 26 330
25 33 20 27 -6 38 0 0.00 0.0 3 14.2 21 330 M M 5 26 320
26 37 23 30 -4 35 0 0.00 0.0 3 14.2 22 310 M M 3 27 310
27 49 23 36 2 29 0 0.00 0.0 2 11.6 21 260 M M 0 27 260
28 39 15 27 -7 38 0 T T 1 19.1 33 20 M M 4 1 39 20
29 15 6 11 -23 54 0 T T T 20.9 31 360 M M 10 18 37 360
30 12 4 8 -26 57 0 T 0.3 T 13.4 22 10 M M 10 18 27 360
31 25 4 15 -19 50 0 T T T 6.3 12 270 M M 3 8 19 300
================================================================================
SM 1409 647 980 0 0.57 7.9 376.4 M 85
================================================================================
AV 45.5 20.9 12.1 FASTST M M 3 MAX(MPH)
MISC ----> 37 360 48 210
================================================================================
NOTES:
# LAST OF SEVERAL OCCURRENCES
COLUMN 17 PEAK WIND IN M.P.H.
PRELIMINARY LOCAL CLIMATOLOGICAL DATA (WS FORM: F-6) , PAGE 2
STATION: DODGE CITY KS
MONTH: JANUARY
YEAR: 2023
LATITUDE: 37 46 N
LONGITUDE: 99 58 W
[TEMPERATURE DATA] [PRECIPITATION DATA] SYMBOLS USED IN COLUMN 16
AVERAGE MONTHLY: 33.2 TOTAL FOR MONTH: 0.57 1 = FOG OR MIST
DPTR FM NORMAL: 0.2 DPTR FM NORMAL: -0.03 2 = FOG REDUCING VISIBILITY
HIGHEST: 70 ON 15 GRTST 24HR 0.43 ON 21-21 TO 1/4 MILE OR LESS
LOWEST: 4 ON 31,30 3 = THUNDER
SNOW, ICE PELLETS, HAIL 4 = ICE PELLETS
TOTAL MONTH: 7.9 INCHES 5 = HAIL
GRTST 24HR 7.4 ON 21-21 6 = FREEZING RAIN OR DRIZZLE
GRTST DEPTH: 5 ON 22 7 = DUSTSTORM OR SANDSTORM:
VSBY 1/2 MILE OR LESS
8 = SMOKE OR HAZE
[NO. OF DAYS WITH] [WEATHER - DAYS WITH] 9 = BLOWING SNOW
X = TORNADO
MAX 32 OR BELOW: 4 0.01 INCH OR MORE: 4
MAX 90 OR ABOVE: 0 0.10 INCH OR MORE: 1
MIN 32 OR BELOW: 30 0.50 INCH OR MORE: 0
MIN 0 OR BELOW: 0 1.00 INCH OR MORE: 0
[HDD (BASE 65) ]
TOTAL THIS MO. 980 CLEAR (SCALE 0-3) 22
DPTR FM NORMAL -14 PTCLDY (SCALE 4-7) 5
TOTAL FM JUL 1 2920 CLOUDY (SCALE 8-10) 4
DPTR FM NORMAL -17
[CDD (BASE 65) ]
TOTAL THIS MO. 0
DPTR FM NORMAL 0 [PRESSURE DATA]
TOTAL FM JAN 1 0 HIGHEST SLP 30.53 ON 30
DPTR FM NORMAL 0 LOWEST SLP 29.32 ON 15
[REMARKS]
#FINAL-01-23#