000
CXUS55 KALY 010710
CF6DDH
PRELIMINARY LOCAL CLIMATOLOGICAL DATA (WS FORM: F-6)
STATION: BENNINGTON VT
MONTH: AUGUST
YEAR: 2021
LATITUDE: 42 53 N
LONGITUDE: 73 15 W
TEMPERATURE IN F: :PCPN: SNOW: WIND :SUNSHINE: SKY :PK WND
================================================================================
1 2 3 4 5 6A 6B 7 8 9 10 11 12 13 14 15 16 17 18
12Z AVG MX 2MIN
DY MAX MIN AVG DEP HDD CDD WTR SNW DPTH SPD SPD DIR MIN PSBL S-S WX SPD DR
================================================================================
1 77 52 65 -4 0 0 0.27 M M 2.8 15 180 M M 8 13 19 170
2 75 51 63 -6 2 0 0.00 M M 3.9 13 320 M M 6 1 18 330
3 74 47 61 -8 4 0 0.00 M M 1.3 7 350 M M 0 1 11 250
4 77 50 64 -5 1 0 0.00 M M 1.9 8 140 M M 2 18 10 140
5 79 55 67 -2 0 2 0.00 M M 0.7 7 240 M M 8 1 10 330
6 85 56 71 3 0 6 0.00 M M 1.4 9 230 M M 0 18 12 250
7 85 60 73 5 0 8 T M M 2.3 9 230 M M 2 1 12 230
8 86 64 75 7 0 10 0.22 M M 2.8 9 90 M M 2 18 14 200
9 84 63 74 6 0 9 T M M 4.1 14 150 M M 5 18 18 190
10 85 62 74 6 0 9 0.00 M M 4.6 15 170 M M 3 18 21 160
11 89 70 80 12 0 15 0.04 M M 3.5 10 230 M M 3 138 17 270
12 89 67 78 10 0 13 0.51 M M 2.7 22 240 M M 1 13 34 250
13 89 66 78 10 0 13 0.22 M M 3.1 17 260 M M 4 123 30 250
14 79 55 67 -1 0 2 T M M 3.7 14 250 M M 5 12 18 250
15 75 50 63 -5 2 0 0.00 M M 2.1 12 340 M M 1 1 17 20
16 78 49 64 -4 1 0 0.00 M M 1.1 7 280 M M 0 1 9 340
17 76 57 67 0 0 2 0.01 M M 1.9 9 190 M M 6 1 13 190
18 81 67 74 7 0 9 0.04 M M 0.6 7 60 M M 7 1 10 80
19 80 69 75 8 0 10 0.98 M M 5.0 16 160 M M 9 1 21 170
20 80 68 74 7 0 9 0.20 M M 2.0 7 330 M M 10 1 10 300
21 85 67 76 9 0 11 T M M 2.7 12 150 M M 6 12 15 130
22 78 67 73 6 0 8 0.30 M M 5.1 17 350 M M 8 1 29 350
23 76 66 71 5 0 6 1.30 M M 3.4 15 140 M M 9 1 20 120
24 84 64 74 8 0 9 0.00 M M 2.4 9 250 M M 7 12 13 260
25 87 59 73 7 0 8 0.00 M M 1.2 8 200 M M 0 1 11 220
26 88 64 76 10 0 11 T M M 2.1 9 250 M M 1 1 13 220
27 84 64 74 8 0 9 T M M 2.6 9 360 M M 3 12 14 340
28 72 65 69 3 0 4 T M M 6.7 16 110 M M 9 25 110
29 77 63 70 5 0 5 0.00 M M 2.4 9 210 M M 8 12 180
30 82 59 71 6 0 6 0.15 M M 3.6 12 240 M M 5 13 15 270
31 79 56 68 3 0 3 0.00 M M 3.8 12 250 M M 1 1 17 300
================================================================================
SM 2515 1872 10 197 4.24 M 87.5 M 139
================================================================================
AV 81.1 60.4 2.8 FASTST M M 4 MAX(MPH)
MISC ----> 22 240 34 250
================================================================================
NOTES:
# LAST OF SEVERAL OCCURRENCES
COLUMN 17 PEAK WIND IN M.P.H.
PRELIMINARY LOCAL CLIMATOLOGICAL DATA (WS FORM: F-6) , PAGE 2
STATION: BENNINGTON VT
MONTH: AUGUST
YEAR: 2021
LATITUDE: 42 53 N
LONGITUDE: 73 15 W
[TEMPERATURE DATA] [PRECIPITATION DATA] SYMBOLS USED IN COLUMN 16
AVERAGE MONTHLY: 70.8 TOTAL FOR MONTH: 4.24 1 = FOG OR MIST
DPTR FM NORMAL: 3.5 DPTR FM NORMAL: 0.38 2 = FOG REDUCING VISIBILITY
HIGHEST: 89 ON 13,12 GRTST 24HR 1.30 ON 23-23 TO 1/4 MILE OR LESS
LOWEST: 47 ON 3 3 = THUNDER
SNOW, ICE PELLETS, HAIL 4 = ICE PELLETS
TOTAL MONTH: M 5 = HAIL
GRTST 24HR M ON M 6 = FREEZING RAIN OR DRIZZLE
GRTST DEPTH: M ON M 7 = DUSTSTORM OR SANDSTORM:
VSBY 1/2 MILE OR LESS
8 = SMOKE OR HAZE
[NO. OF DAYS WITH] [WEATHER - DAYS WITH] 9 = BLOWING SNOW
X = TORNADO
MAX 32 OR BELOW: 0 0.01 INCH OR MORE: 12
MAX 90 OR ABOVE: 0 0.10 INCH OR MORE: 9
MIN 32 OR BELOW: 0 0.50 INCH OR MORE: 3
MIN 0 OR BELOW: 0 1.00 INCH OR MORE: 1
[HDD (BASE 65) ]
TOTAL THIS MO. 10 CLEAR (SCALE 0-3) 14
DPTR FM NORMAL -27 PTCLDY (SCALE 4-7) 10
TOTAL FM JUL 1 29 CLOUDY (SCALE 8-10) 7
DPTR FM NORMAL -29
[CDD (BASE 65) ]
TOTAL THIS MO. 197
DPTR FM NORMAL 90 [PRESSURE DATA]
TOTAL FM JAN 1 482 HIGHEST SLP M ON M
DPTR FM NORMAL 150 LOWEST SLP 29.74 ON 22
[REMARKS]
#FINAL-08-21#