000
CXUS53 KIWX 010810
CF6DFI
PRELIMINARY LOCAL CLIMATOLOGICAL DATA (WS FORM: F-6)
STATION: DEFIANCE MEMORIAL
MONTH: MAY
YEAR: 2021
LATITUDE: 41 20 N
LONGITUDE: 84 26 W
TEMPERATURE IN F: :PCPN: SNOW: WIND :SUNSHINE: SKY :PK WND
================================================================================
1 2 3 4 5 6A 6B 7 8 9 10 11 12 13 14 15 16 17 18
12Z AVG MX 2MIN
DY MAX MIN AVG DEP HDD CDD WTR SNW DPTH SPD SPD DIR MIN PSBL S-S WX SPD DR
================================================================================
1 71 30 51 -4 14 0 0.00 0.0 0 10.5 29 200 M M 0 40 200
2 82 61 72 17 0 7 0.00 0.0 M 13.8 23 210 M M 1 35 210
3 66 57 62 6 3 0 0.20 M M 4.6 17 220 M M 9 1 25 220
4 67 52 60 4 5 0 0.11 M M 9.4 17 300 M M 9 1 24 310
5 61 44 53 -3 12 0 0.00 M M 9.9 20 310 M M 6 25 310
6 60 39 50 -7 15 0 0.15 M M 4.6 14 210 M M 6 1 19 200
7 60 37 49 -8 16 0 0.07 M M 9.1 22 320 M M 2 13 31 230
8 58 35 47 -10 18 0 0.00 M M 6.1 15 340 M M 1 20 330
9 51 34 43 -15 22 0 1.46 M M 8.1 20 50 M M 8 1 30 40
10 59 34 47 -11 18 0 0.02 M M 4.0 13 300 M M 4 1 19 300
11 57 37 47 -11 18 0 0.00 M M 9.5 21 320 M M 3 29 350
12 65 35 50 -9 15 0 0.00 M M 4.6 12 50 M M 1 17 340
13 69 37 53 -6 12 0 0.00 M M 2.0 10 300 M M 1 17 350
14 72 39 56 -3 9 0 0.00 M M 0.5 10 210 M M 0 15 290
15 71 43 57 -3 8 0 0.00 M M 2.5 16 190 M M 3 23 200
16 74 54 64 4 1 0 T M M 4.0 12 130 M M 7 17 210
17 73 53 63 3 2 0 0.00 M M 4.0 14 180 M M 0 22 170
18 81 51 66 5 0 1 0.00 M M 5.5 14 120 M M 2 18 23 170
19 83 54 69 8 0 4 0.00 M M 5.0 15 200 M M 4 8 23 190
20 88 61 75 14 0 10 0.00 M 0 3.4 14 190 M M 1 18 20 180
21 88 61 75 13 0 10 0.00 0.0 0 5.3 15 200 M M 1 24 220
22 87 60 74 12 0 9 0.00 0.0 0 3.8 10 230 M M 1 19 240
23 86 66 76 14 0 11 0.23 0.0 0 6.3 16 330 M M 5 1 27 250
24 87 64 76 13 0 11 0.00 0.0 0 4.3 9 80 M M 5 18 12 170
25 89 65 77 14 0 12 0.00 0.0 0 8.4 22 220 M M 2 35 230
26 78 59 69 6 0 4 0.42 0.0 0 6.1 14 300 M M 5 1 28 230
27 74 56 65 1 0 0 0.01 M M 9.6 18 90 M M 5 31 70
28 57 46 52 -12 13 0 0.90 M M 15.1 24 30 M M 10 1 39 70
29 65 43 54 -10 11 0 0.00 M M 11.3 25 30 M M 2 37 30
30 70 40 55 -10 10 0 0.00 M M 3.7 7 40 M M 0 M M
31 73 45 59 -6 6 0 0.00 M M 2.5 13 210 M M 1 19 220
================================================================================
SM 2222 1492 228 79 3.57 0.0 197.5 M 105
================================================================================
AV 71.7 48.1 6.4 FASTST M M 3 MAX(MPH)
MISC ----> 29 200 40 200
================================================================================
NOTES:
# LAST OF SEVERAL OCCURRENCES
COLUMN 17 PEAK WIND IN M.P.H.
PRELIMINARY LOCAL CLIMATOLOGICAL DATA (WS FORM: F-6) , PAGE 2
STATION: DEFIANCE MEMORIAL
MONTH: MAY
YEAR: 2021
LATITUDE: 41 20 N
LONGITUDE: 84 26 W
[TEMPERATURE DATA] [PRECIPITATION DATA] SYMBOLS USED IN COLUMN 16
AVERAGE MONTHLY: 59.9 TOTAL FOR MONTH: 3.57 1 = FOG OR MIST
DPTR FM NORMAL: -0.1 DPTR FM NORMAL: -0.32 2 = FOG REDUCING VISIBILITY
HIGHEST: 89 ON 25 GRTST 24HR 1.46 ON 9- 9 TO 1/4 MILE OR LESS
LOWEST: 30 ON 1 3 = THUNDER
SNOW, ICE PELLETS, HAIL 4 = ICE PELLETS
TOTAL MONTH: 0.0 INCH 5 = HAIL
GRTST 24HR 0.0 6 = FREEZING RAIN OR DRIZZLE
GRTST DEPTH: 0 7 = DUSTSTORM OR SANDSTORM:
VSBY 1/2 MILE OR LESS
8 = SMOKE OR HAZE
[NO. OF DAYS WITH] [WEATHER - DAYS WITH] 9 = BLOWING SNOW
X = TORNADO
MAX 32 OR BELOW: 0 0.01 INCH OR MORE: 10
MAX 90 OR ABOVE: 0 0.10 INCH OR MORE: 7
MIN 32 OR BELOW: 1 0.50 INCH OR MORE: 2
MIN 0 OR BELOW: 0 1.00 INCH OR MORE: 1
[HDD (BASE 65) ]
TOTAL THIS MO. 228 CLEAR (SCALE 0-3) 17
DPTR FM NORMAL 26 PTCLDY (SCALE 4-7) 11
TOTAL FM JUL 1 5469 CLOUDY (SCALE 8-10) 3
DPTR FM NORMAL -677
[CDD (BASE 65) ]
TOTAL THIS MO. 79
DPTR FM NORMAL 32 [PRESSURE DATA]
TOTAL FM JAN 1 88 HIGHEST SLP 30.45 ON 12
DPTR FM NORMAL 35 LOWEST SLP 29.58 ON 3
[REMARKS]
#FINAL-05-21#