000
CXUS54 KFWD 010902
CLMDFW
CLIMATE REPORT
NATIONAL WEATHER SERVICE FORT WORTH TX
402 AM CDT FRI SEP 01 2023
...................................
...THE DALLAS/FORT WORTH CLIMATE SUMMARY FOR THE MONTH OF AUGUST 2023...
CLIMATE NORMAL PERIOD 1991 TO 2020
CLIMATE RECORD PERIOD 1898 TO 2023
WEATHER OBSERVED NORMAL DEPART LAST YEAR`S
VALUE DATE(S) VALUE FROM VALUE DATE(S)
NORMAL
................................................................
TEMPERATURE (F)
RECORD
HIGH 112 08/11/1936
08/18/1909
LOW 55 08/31/1915
HIGHEST 110 08/25 103 7 104 08/03
08/26
08/05
LOWEST 71 08/16 67 4 72 08/22
AVG. MAXIMUM 104.2 95.8 8.4 96.2
AVG. MINIMUM 81.5 75.7 5.8 77.4
MEAN 92.9 85.7 7.2 86.8
DAYS MAX >= 90 31 27.6 3.4 27
DAYS MAX <= 32 0 0.0 0.0 0
DAYS MAX >= 100 24 11
DAYS MIN <= 32 0 0.0 0.0 0
DAYS MIN <= 0 0 0.0 0.0 0
DAYS MIN >= 80 23 11
PRECIPITATION (INCHES)
RECORD
MAXIMUM 10.68 2022
MINIMUM 0.00 2000
TOTALS T 2.18 -2.18 10.68
DAILY AVG. T 0.07 -0.07 0.34
DAYS >= .01 0 5.2 -5.2 7
DAYS >= .10 0 3.2 -3.2 7
DAYS >= .50 0 1.5 -1.5 2
DAYS >= 1.00 0 0.5 -0.5 2
GREATEST
24 HR. TOTAL T 08/27 TO 08/27 9.19
08/08 TO 08/08
08/27 TO 08/27
DEGREE DAYS
HEATING TOTAL 0 0 0 0
SINCE 7/1 0 0 0 MM
COOLING TOTAL 872 643 229 682
SINCE 1/1 2715 2228 487 MM
................................................................
WIND (MPH)
AVERAGE WIND SPEED 9.9
HIGHEST WIND SPEED/DIRECTION 30/250 DATE 08/27
HIGHEST GUST SPEED/DIRECTION 39/250 DATE 08/27
SKY COVER
POSSIBLE SUNSHINE (PERCENT) MM
AVERAGE SKY COVER 0.30
NUMBER OF DAYS FAIR 19
NUMBER OF DAYS PC 12
NUMBER OF DAYS CLOUDY 0
AVERAGE RH (PERCENT) 44
WEATHER CONDITIONS. NUMBER OF DAYS WITH
THUNDERSTORM 1 MIXED PRECIP 0
HEAVY RAIN 0 RAIN 0
LIGHT RAIN 2 FREEZING RAIN 0
LT FREEZING RAIN 0 HAIL 0
HEAVY SNOW 0 SNOW 0
LIGHT SNOW 0 SLEET 0
FOG 0 FOG W/VIS <= 1/4 MILE 0
HAZE 1
- INDICATES NEGATIVE NUMBERS.
R INDICATES RECORD WAS SET OR TIED.
MM INDICATES DATA IS MISSING.
T INDICATES TRACE AMOUNT.
$$