000
CXUS54 KAMA 010710
CF6DHT
PRELIMINARY LOCAL CLIMATOLOGICAL DATA (WS FORM: F-6)
STATION: DALHART
MONTH: JULY
YEAR: 2022
LATITUDE: 36 1 N
LONGITUDE: 102 33 W
TEMPERATURE IN F: :PCPN: SNOW: WIND :SUNSHINE: SKY :PK WND
================================================================================
1 2 3 4 5 6A 6B 7 8 9 10 11 12 13 14 15 16 17 18
12Z AVG MX 2MIN
DY MAX MIN AVG DEP HDD CDD WTR SNW DPTH SPD SPD DIR MIN PSBL S-S WX SPD DR
================================================================================
1 95 67 81 3 0 16 0.51 M M 11.0 26 260 M M 1 13 41 270
2 93 66 80 2 0 15 0.16 M M 7.3 39 190 M M 3 138 66 110
3 96 66 81 3 0 16 0.00 M M 11.2 25 170 M M 1 35 170
4 99 67 83 5 0 18 0.14 M M 13.7 30 270 M M 1 3 36 270
5 100 67 84 6 0 19 0.00 M M 15.1 25 200 M M 0 33 200
6 94 69 82 4 0 17 0.00 M M 7.4 26 170 M M 1 33 180
7 94 63 79 1 0 14 0.00 M M 8.4 28 30 M M 0 37 30
8 94 69 82 3 0 17 0.00 M M 11.2 29 360 M M 1 8 40 350
9 98 63 81 2 0 16 0.00 M M 7.2 16 130 M M 0 24 120
10 102 65 84 5 0 19 0.00 M M 11.0 22 170 M M 0 28 150
11 102 63 83 4 0 18 1.11 M M 13.5 39 290 M M 1 1238 53 290
12 90 65 78 -1 0 13 0.18 M M 10.5 26 280 M M 2 13 35 290
13 95 65 80 1 0 15 0.00 M M 10.0 20 210 M M 1 27 230
14 99 65 82 3 0 17 0.00 M M 11.8 21 200 M M 0 30 210
15 101 67 84 5 0 19 0.00 M M 10.2 17 160 M M 0 8 24 130
16 102 64 83 4 0 18 0.00 M M 9.8 22 340 M M 0 32 340
17 98 69 84 5 0 19 0.00 M M 8.6 21 50 M M 0 27 50
18 102 66 84 5 0 19 0.00 M M 8.8 20 160 M M 0 28 170
19 106 67 87 8 0 22 0.00 M M 11.4 24 350 M M 0 3 40 340
20 96 69 83 4 0 18 0.28 M M 12.0 37 270 M M 2 3 51 270
21 96 67 82 3 0 17 0.00 M M 7.6 31 140 M M 1 8 41 140
22 100 68 84 5 0 19 0.00 M M 12.9 31 180 M M 0 8 40 190
23 102 64 83 4 0 18 0.00 M M 14.8 29 180 M M 0 36 190
24 98 69 84 5 0 19 0.00 M M 7.9 15 170 M M 1 22 160
25 98 67 83 4 0 18 0.00 M M 9.6 21 160 M M 1 35 210
26 101 68 85 6 0 20 T M M 11.8 25 280 M M 1 38 34 270
27 96 68 82 3 0 17 0.27 M M 11.1 21 10 M M 2 38 41 340
28 89 66 78 -1 0 13 0.09 M M 9.2 22 50 M M 4 13 28 50
29 81 64 73 -6 0 8 0.89 M M 8.7 32 230 M M 8 138 44 230
30 85 65 75 -4 0 10 0.72 M M 11.4 33 270 M M 6 13 57 270
31 92 65 79 0 0 14 T M M 5.6 15 240 M M 2 1 21 240
================================================================================
SM 2994 2053 0 518 4.35 M 320.7 M 40
================================================================================
AV 96.6 66.2 10.3 FASTST M M 1 MAX(MPH)
MISC ----> # 39 190 66 110
================================================================================
NOTES:
# LAST OF SEVERAL OCCURRENCES
COLUMN 17 PEAK WIND IN M.P.H.
PRELIMINARY LOCAL CLIMATOLOGICAL DATA (WS FORM: F-6) , PAGE 2
STATION: DALHART
MONTH: JULY
YEAR: 2022
LATITUDE: 36 1 N
LONGITUDE: 102 33 W
[TEMPERATURE DATA] [PRECIPITATION DATA] SYMBOLS USED IN COLUMN 16
AVERAGE MONTHLY: 81.4 TOTAL FOR MONTH: 4.35 1 = FOG OR MIST
DPTR FM NORMAL: 2.7 DPTR FM NORMAL: 1.84 2 = FOG REDUCING VISIBILITY
HIGHEST: 106 ON 19 GRTST 24HR 1.29 ON 11-12 TO 1/4 MILE OR LESS
LOWEST: 63 ON 11, 9 3 = THUNDER
SNOW, ICE PELLETS, HAIL 4 = ICE PELLETS
TOTAL MONTH: M 5 = HAIL
GRTST 24HR M ON M 6 = FREEZING RAIN OR DRIZZLE
GRTST DEPTH: M ON M 7 = DUSTSTORM OR SANDSTORM:
VSBY 1/2 MILE OR LESS
8 = SMOKE OR HAZE
[NO. OF DAYS WITH] [WEATHER - DAYS WITH] 9 = BLOWING SNOW
X = TORNADO
MAX 32 OR BELOW: 0 0.01 INCH OR MORE: 10
MAX 90 OR ABOVE: 28 0.10 INCH OR MORE: 9
MIN 32 OR BELOW: 0 0.50 INCH OR MORE: 4
MIN 0 OR BELOW: 0 1.00 INCH OR MORE: 1
[HDD (BASE 65) ]
TOTAL THIS MO. 0 CLEAR (SCALE 0-3) 28
DPTR FM NORMAL 0 PTCLDY (SCALE 4-7) 2
TOTAL FM JUL 1 0 CLOUDY (SCALE 8-10) 1
DPTR FM NORMAL 0
[CDD (BASE 65) ]
TOTAL THIS MO. 518
DPTR FM NORMAL 91 [PRESSURE DATA]
TOTAL FM JAN 1 1043 HIGHEST SLP M ON M
DPTR FM NORMAL 207 LOWEST SLP 29.68 ON 5
[REMARKS]
#FINAL-07-22#