000
CXUS53 KBIS 010830
CF6DIK
PRELIMINARY LOCAL CLIMATOLOGICAL DATA (WS FORM: F-6)
STATION: DICKINSON ND
MONTH: MAY
YEAR: 2023
LATITUDE: 46 47 N
LONGITUDE: 102 48 W
TEMPERATURE IN F: :PCPN: SNOW: WIND :SUNSHINE: SKY :PK WND
================================================================================
1 2 3 4 5 6A 6B 7 8 9 10 11 12 13 14 15 16 17 18
12Z AVG MX 2MIN
DY MAX MIN AVG DEP HDD CDD WTR SNW DPTH SPD SPD DIR MIN PSBL S-S WX SPD DR
================================================================================
1 62 26 44 -3 21 0 0.00 M M 6.3 16 70 M M 0 22 70
2 70 27 49 2 16 0 0.00 M M 11.0 17 160 M M 0 36 150
3 80 38 59 11 6 0 0.00 M M 7.8 16 170 M M 0 20 170
4 77 42 60 12 5 0 0.00 M M 10.1 18 70 M M 0 25 80
5 70 34 52 4 13 0 0.00 M M 11.3 20 80 M M 0 26 70
6 55 38 47 -2 18 0 0.00 M M 12.4 23 70 M M 8 1 27 80
7 65 44 55 6 10 0 0.01 M M 8.6 20 60 M M 6 18 25 60
8 68 39 54 4 11 0 0.01 M M 5.4 32 240 M M 5 13 41 240
9 75 38 57 7 8 0 0.00 M M 8.7 14 290 M M 2 1 22 140
10 79 45 62 11 3 0 0.00 M M 10.3 17 40 M M 1 12 21 300
11 62 53 58 7 7 0 1.20 M M 7.9 15 20 M M 7 13 19 10
12 57 52 55 4 10 0 0.64 M M 9.9 17 20 M M 10 1 22 10
13 53 48 51 -1 14 0 0.49 M M 18.4 28 30 M M 10 1 35 30
14 72 46 59 7 6 0 0.00 M M 7.4 16 70 M M 3 23 60
15 74 43 59 6 6 0 0.00 M M 6.6 16 160 M M 0 20 150
16 78 44 61 8 4 0 0.00 M M 5.8 12 180 M M 0 16 260
17 66 44 55 2 10 0 0.03 M M 12.5 35 300 M M 7 138 47 300
18 54 35 45 -9 20 0 0.00 M M 11.9 23 330 M M 7 18 32 330
19 66 31 49 -5 16 0 0.00 M M 6.6 14 170 M M 0 19 130
20 80 43 62 7 3 0 T M M 10.0 28 40 M M 2 38 38 40
21 77 49 63 8 2 0 0.00 M M 7.0 14 60 M M 0 18 19 60
22 81 49 65 10 0 0 0.00 M M 10.4 20 150 M M 0 8 27 160
23 84 49 67 11 0 2 0.00 M M 8.5 17 90 M M 1 18 25 80
24 83 57 70 14 0 5 0.00 M M 16.3 30 150 M M 1 1 41 150
25 84 58 71 15 0 6 0.00 M M 16.7 31 170 M M 1 42 170
26 80 55 68 11 0 3 0.10 M M 13.7 24 180 M M 2 1 32 160
27 83 56 70 13 0 5 0.06 M M 12.4 28 280 M M 4 13 36 280
28 65 51 58 0 7 0 0.06 M M 5.2 14 140 M M 5 1 16 170
29 78 55 67 9 0 2 0.40 M M 6.8 31 220 M M 3 13 41 230
30 82 51 67 9 0 2 0.00 M M 7.4 18 180 M M 1 3 25 180
31 79 53 66 8 0 1 0.00 M M 10.2 22 100 M M 0 30 100
================================================================================
SM 2239 1393 216 26 3.00 M 303.5 M 86
================================================================================
AV 72.2 44.9 9.8 FASTST M M 3 MAX(MPH)
MISC ----> 35 300 47 300
================================================================================
NOTES:
# LAST OF SEVERAL OCCURRENCES
COLUMN 17 PEAK WIND IN M.P.H.
PRELIMINARY LOCAL CLIMATOLOGICAL DATA (WS FORM: F-6) , PAGE 2
STATION: DICKINSON ND
MONTH: MAY
YEAR: 2023
LATITUDE: 46 47 N
LONGITUDE: 102 48 W
[TEMPERATURE DATA] [PRECIPITATION DATA] SYMBOLS USED IN COLUMN 16
AVERAGE MONTHLY: 58.6 TOTAL FOR MONTH: 3.00 1 = FOG OR MIST
DPTR FM NORMAL: 5.7 DPTR FM NORMAL: 0.45 2 = FOG REDUCING VISIBILITY
HIGHEST: 84 ON 25,23 GRTST 24HR 1.60 ON 11-12 TO 1/4 MILE OR LESS
LOWEST: 26 ON 1 3 = THUNDER
SNOW, ICE PELLETS, HAIL 4 = ICE PELLETS
TOTAL MONTH: M 5 = HAIL
GRTST 24HR M ON M 6 = FREEZING RAIN OR DRIZZLE
GRTST DEPTH: M ON M 7 = DUSTSTORM OR SANDSTORM:
VSBY 1/2 MILE OR LESS
8 = SMOKE OR HAZE
[NO. OF DAYS WITH] [WEATHER - DAYS WITH] 9 = BLOWING SNOW
X = TORNADO
MAX 32 OR BELOW: 0 0.01 INCH OR MORE: 10
MAX 90 OR ABOVE: 0 0.10 INCH OR MORE: 5
MIN 32 OR BELOW: 3 0.50 INCH OR MORE: 2
MIN 0 OR BELOW: 0 1.00 INCH OR MORE: 1
[HDD (BASE 65) ]
TOTAL THIS MO. 216 CLEAR (SCALE 0-3) 21
DPTR FM NORMAL -168 PTCLDY (SCALE 4-7) 8
TOTAL FM JUL 1 8868 CLOUDY (SCALE 8-10) 2
DPTR FM NORMAL 520
[CDD (BASE 65) ]
TOTAL THIS MO. 26
DPTR FM NORMAL 18 [PRESSURE DATA]
TOTAL FM JAN 1 26 HIGHEST SLP M ON M
DPTR FM NORMAL 18 LOWEST SLP 29.70 ON 29
[REMARKS]
#FINAL-05-23#