000
CXUS53 KBIS 010830
CF6DIK
PRELIMINARY LOCAL CLIMATOLOGICAL DATA (WS FORM: F-6)
STATION: DICKINSON ND
MONTH: SEPTEMBER
YEAR: 2022
LATITUDE: 46 47 N
LONGITUDE: 102 48 W
TEMPERATURE IN F: :PCPN: SNOW: WIND :SUNSHINE: SKY :PK WND
================================================================================
1 2 3 4 5 6A 6B 7 8 9 10 11 12 13 14 15 16 17 18
12Z AVG MX 2MIN
DY MAX MIN AVG DEP HDD CDD WTR SNW DPTH SPD SPD DIR MIN PSBL S-S WX SPD DR
================================================================================
1 96 59 78 14 0 13 0.00 M M 10.0 18 180 M M 0 8 22 170
2 80 54 67 3 0 2 0.00 M M 7.7 16 350 M M 0 24 30
3 88 49 69 5 0 4 0.00 M M 14.4 24 160 M M 0 29 150
4 97 58 78 15 0 13 0.00 M M 15.9 30 150 M M 0 38 170
5 96 54 75 12 0 10 0.00 M M 8.6 20 290 M M 0 8 27 290
6 83 55 69 7 0 4 0.00 M M 9.5 17 60 M M 0 8 25 70
7 97 50 74 12 0 9 0.00 M M 10.5 20 250 M M 0 1 34 260
8 84 52 68 6 0 3 0.07 M M 10.5 24 330 M M 1 38 34 330
9 67 46 57 -4 8 0 0.00 M M 8.9 20 300 M M 4 33 300
10 70 40 55 -6 10 0 0.00 M M 8.4 18 300 M M 0 30 340
11 81 43 62 2 3 0 0.00 M M 8.9 18 210 M M 0 26 230
12 86 47 67 7 0 2 0.00 M M 11.3 20 290 M M 0 8 26 250
13 74 47 61 1 4 0 0.00 M M 13.8 21 80 M M 0 30 80
14 80 47 64 5 1 0 T M M 12.2 21 110 M M 2 38 27 110
15 58 53 56 -3 9 0 T M M 10.2 17 300 M M 8 12 23 300
16 59 48 54 -4 11 0 0.00 M M 5.2 10 90 M M 10 1 13 100
17 71 49 60 2 5 0 T M M 4.0 10 290 M M 6 1 17 290
18 81 45 63 5 2 0 0.00 M M 4.1 13 110 M M 0 18 22 180
19 88 54 71 14 0 6 T M M 8.8 20 290 M M 0 13 26 280
20 64 42 53 -4 12 0 0.00 M M 12.6 22 320 M M 1 40 320
21 63 35 49 -7 16 0 0.00 M M 9.2 18 350 M M 0 27 350
22 61 34 48 -8 17 0 T M M 17.2 36 150 M M 5 1 47 130
23 65 44 55 0 10 0 T M M 11.2 24 270 M M 4 31 290
24 70 43 57 2 8 0 T M M 10.7 24 320 M M 3 32 330
25 69 40 55 1 10 0 0.00 M M 9.4 22 310 M M 2 31 310
26 76 44 60 6 5 0 0.00 M M 8.7 18 340 M M 2 26 320
27 71 42 57 3 8 0 0.00 M M 11.7 22 140 M M 0 31 150
28 82 43 63 10 2 0 0.00 M M 14.8 24 170 M M 0 33 160
29 81 42 62 10 3 0 0.00 M M 6.1 12 70 M M 0 17 90
30 76 46 61 9 4 0 0.00 M M 10.9 22 80 M M 0 31 70
================================================================================
SM 2314 1405 148 66 0.07 M 305.4 M 48
================================================================================
AV 77.1 46.8 10.2 FASTST M M 2 MAX(MPH)
MISC ----> 36 150 47 130
================================================================================
NOTES:
# LAST OF SEVERAL OCCURRENCES
COLUMN 17 PEAK WIND IN M.P.H.
PRELIMINARY LOCAL CLIMATOLOGICAL DATA (WS FORM: F-6) , PAGE 2
STATION: DICKINSON ND
MONTH: SEPTEMBER
YEAR: 2022
LATITUDE: 46 47 N
LONGITUDE: 102 48 W
[TEMPERATURE DATA] [PRECIPITATION DATA] SYMBOLS USED IN COLUMN 16
AVERAGE MONTHLY: 62.0 TOTAL FOR MONTH: 0.07 1 = FOG OR MIST
DPTR FM NORMAL: 3.5 DPTR FM NORMAL: -1.55 2 = FOG REDUCING VISIBILITY
HIGHEST: 97 ON 7, 4 GRTST 24HR 0.07 ON 8- 8 TO 1/4 MILE OR LESS
LOWEST: 34 ON 22 3 = THUNDER
SNOW, ICE PELLETS, HAIL 4 = ICE PELLETS
TOTAL MONTH: M 5 = HAIL
GRTST 24HR M ON M 6 = FREEZING RAIN OR DRIZZLE
GRTST DEPTH: M ON M 7 = DUSTSTORM OR SANDSTORM:
VSBY 1/2 MILE OR LESS
8 = SMOKE OR HAZE
[NO. OF DAYS WITH] [WEATHER - DAYS WITH] 9 = BLOWING SNOW
X = TORNADO
MAX 32 OR BELOW: 0 0.01 INCH OR MORE: 1
MAX 90 OR ABOVE: 4 0.10 INCH OR MORE: 0
MIN 32 OR BELOW: 0 0.50 INCH OR MORE: 0
MIN 0 OR BELOW: 0 1.00 INCH OR MORE: 0
[HDD (BASE 65) ]
TOTAL THIS MO. 148 CLEAR (SCALE 0-3) 24
DPTR FM NORMAL -86 PTCLDY (SCALE 4-7) 4
TOTAL FM JUL 1 160 CLOUDY (SCALE 8-10) 2
DPTR FM NORMAL -150
[CDD (BASE 65) ]
TOTAL THIS MO. 66
DPTR FM NORMAL 28 [PRESSURE DATA]
TOTAL FM JAN 1 557 HIGHEST SLP M ON M
DPTR FM NORMAL 141 LOWEST SLP 29.61 ON 8
[REMARKS]
#FINAL-09-22#