000
CXUS53 KBIS 010830
CF6DIK
PRELIMINARY LOCAL CLIMATOLOGICAL DATA (WS FORM: F-6)
STATION: DICKINSON ND
MONTH: AUGUST
YEAR: 2022
LATITUDE: 46 47 N
LONGITUDE: 102 48 W
TEMPERATURE IN F: :PCPN: SNOW: WIND :SUNSHINE: SKY :PK WND
================================================================================
1 2 3 4 5 6A 6B 7 8 9 10 11 12 13 14 15 16 17 18
12Z AVG MX 2MIN
DY MAX MIN AVG DEP HDD CDD WTR SNW DPTH SPD SPD DIR MIN PSBL S-S WX SPD DR
================================================================================
1 97 57 77 6 0 12 0.00 M M 10.6 21 160 M M 0 26 160
2 88 63 76 5 0 11 0.00 M M 8.0 30 230 M M 0 41 230
3 86 53 70 -1 0 5 0.00 M M 8.2 17 140 M M 0 24 140
4 102 61 82 11 0 17 0.00 M M 11.1 21 170 M M 0 31 150
5 90 65 78 7 0 13 T M M 9.9 23 290 M M 1 38 270
6 65 54 60 -11 5 0 0.04 M M 6.4 14 10 M M 7 20 360
7 71 53 62 -8 3 0 0.12 M M 6.4 14 200 M M 7 1 20 210
8 93 54 74 4 0 9 0.00 M M 10.4 16 190 M M 0 18 23 230
9 87 58 73 3 0 8 0.00 M M 10.4 21 40 M M 0 31 20
10 86 53 70 0 0 5 0.00 M M 13.7 22 100 M M 0 31 90
11 91 62 77 7 0 12 0.00 M M 13.5 25 140 M M 2 34 130
12 95 59 77 7 0 12 0.00 M M 7.0 13 340 M M 0 1 17 330
13 87 62 75 5 0 10 0.04 M M 11.6 21 100 M M 3 12 26 100
14 96 62 79 10 0 14 T M M 6.2 14 270 M M 1 1 17 280
15 92 62 77 8 0 12 T M M 6.7 16 310 M M 2 22 300
16 93 57 75 6 0 10 0.00 M M 4.5 10 350 M M 0 M M
17 90 57 74 5 0 9 0.00 M M 9.3 23 20 M M 0 29 10
18 85 56 71 3 0 6 0.00 M M 9.4 21 340 M M 1 29 360
19 80 52 66 -2 0 1 0.00 M M 9.0 21 40 M M 1 1 27 10
20 86 52 69 1 0 4 0.00 M M 8.4 17 140 M M 1 1 23 140
21 95 60 78 10 0 13 0.00 M M 9.9 21 170 M M 0 26 160
22 91 58 75 8 0 10 T M M 5.1 14 150 M M 1 19 150
23 94 60 77 10 0 12 0.62 M M 7.5 25 290 M M 3 3 34 290
24 65 60 63 -4 2 0 T M M 7.1 15 40 M M 8 128 19 40
25 76 56 66 0 0 1 0.00 M M 8.6 14 120 M M 6 21 120
26 82 59 71 5 0 6 T M M 15.1 25 170 M M 3 33 170
27 91 59 75 9 0 10 1.18 M M 12.2 32 280 M M 1 3 45 280
28 74 56 65 0 0 0 0.01 M M 16.3 32 290 M M 3 43 290
29 79 51 65 0 0 0 0.00 M M 11.6 26 310 M M 0 8 34 300
30 92 50 71 6 0 6 0.00 M M 4.7 16 220 M M 0 21 220
31 91 54 73 9 0 8 0.00 M M 5.0 13 140 M M 0 17 40
================================================================================
SM 2690 1775 10 236 2.01 M 283.8 M 51
================================================================================
AV 86.8 57.3 9.2 FASTST M M 2 MAX(MPH)
MISC ----> # 32 280 45 280
================================================================================
NOTES:
# LAST OF SEVERAL OCCURRENCES
COLUMN 17 PEAK WIND IN M.P.H.
PRELIMINARY LOCAL CLIMATOLOGICAL DATA (WS FORM: F-6) , PAGE 2
STATION: DICKINSON ND
MONTH: AUGUST
YEAR: 2022
LATITUDE: 46 47 N
LONGITUDE: 102 48 W
[TEMPERATURE DATA] [PRECIPITATION DATA] SYMBOLS USED IN COLUMN 16
AVERAGE MONTHLY: 72.0 TOTAL FOR MONTH: 2.01 1 = FOG OR MIST
DPTR FM NORMAL: 3.5 DPTR FM NORMAL: 0.48 2 = FOG REDUCING VISIBILITY
HIGHEST: 102 ON 4 GRTST 24HR 1.18 ON 27-27 TO 1/4 MILE OR LESS
LOWEST: 50 ON 30 3 = THUNDER
SNOW, ICE PELLETS, HAIL 4 = ICE PELLETS
TOTAL MONTH: M 5 = HAIL
GRTST 24HR M ON M 6 = FREEZING RAIN OR DRIZZLE
GRTST DEPTH: M ON M 7 = DUSTSTORM OR SANDSTORM:
VSBY 1/2 MILE OR LESS
8 = SMOKE OR HAZE
[NO. OF DAYS WITH] [WEATHER - DAYS WITH] 9 = BLOWING SNOW
X = TORNADO
MAX 32 OR BELOW: 0 0.01 INCH OR MORE: 6
MAX 90 OR ABOVE: 16 0.10 INCH OR MORE: 3
MIN 32 OR BELOW: 0 0.50 INCH OR MORE: 2
MIN 0 OR BELOW: 0 1.00 INCH OR MORE: 1
[HDD (BASE 65) ]
TOTAL THIS MO. 10 CLEAR (SCALE 0-3) 24
DPTR FM NORMAL -37 PTCLDY (SCALE 4-7) 7
TOTAL FM JUL 1 12 CLOUDY (SCALE 8-10) 0
DPTR FM NORMAL -66
[CDD (BASE 65) ]
TOTAL THIS MO. 236
DPTR FM NORMAL 82 [PRESSURE DATA]
TOTAL FM JAN 1 491 HIGHEST SLP M ON M
DPTR FM NORMAL 113 LOWEST SLP 29.45 ON 27
[REMARKS]
#FINAL-08-22#