000
CXUS53 KBIS 010830
CF6DIK
PRELIMINARY LOCAL CLIMATOLOGICAL DATA (WS FORM: F-6)
STATION: DICKINSON ND
MONTH: JULY
YEAR: 2022
LATITUDE: 46 47 N
LONGITUDE: 102 48 W
TEMPERATURE IN F: :PCPN: SNOW: WIND :SUNSHINE: SKY :PK WND
================================================================================
1 2 3 4 5 6A 6B 7 8 9 10 11 12 13 14 15 16 17 18
12Z AVG MX 2MIN
DY MAX MIN AVG DEP HDD CDD WTR SNW DPTH SPD SPD DIR MIN PSBL S-S WX SPD DR
================================================================================
1 83 48 66 0 0 1 0.00 M M 6.0 13 240 M M 1 18 250
2 84 54 69 2 0 4 0.24 M M 10.1 39 310 M M 2 13 51 310
3 82 56 69 2 0 4 1.51 M M 10.9 46 320 M M 3 13 64 330
4 80 59 70 3 0 5 0.08 M M 8.7 33 50 M M 2 1 48 60
5 80 62 71 4 0 6 0.25 M M 7.7 18 100 M M 3 13 24 90
6 82 63 73 5 0 8 0.00 M M 6.8 13 130 M M 0 18 150
7 80 62 71 3 0 6 0.49 M M 10.2 28 250 M M 6 13 37 250
8 80 64 72 4 0 7 0.00 M M 11.1 21 170 M M 5 26 160
9 84 62 73 5 0 8 0.93 M M 10.3 26 320 M M 2 13 38 310
10 81 60 71 2 0 6 0.63 M M 13.0 45 310 M M 0 13 58 300
11 77 55 66 -3 0 1 0.00 M M 11.4 24 320 M M 0 34 300
12 83 56 70 1 0 5 0.00 M M 9.3 18 300 M M 0 23 300
13 84 54 69 0 0 4 0.00 M M 12.1 20 140 M M 0 27 150
14 90 65 78 8 0 13 T M M 6.3 23 300 M M 0 29 300
15 90 62 76 6 0 11 0.03 M M 8.8 25 280 M M 0 39 280
16 91 68 80 10 0 15 0.04 M M 5.5 23 100 M M 1 30 110
17 96 68 82 12 0 17 0.00 M M 8.6 14 300 M M 0 25 170
18 99 71 85 15 0 20 0.00 M M 8.4 31 290 M M 0 3 43 290
19 78 58 68 -2 0 3 0.00 M M 20.4 45 290 M M 3 8 59 290
20 86 53 70 0 0 5 0.00 M M 10.4 24 310 M M 0 32 300
21 91 52 72 1 0 7 0.00 M M 9.1 21 290 M M 0 27 280
22 92 57 75 4 0 10 0.00 M M 7.3 16 180 M M 0 21 180
23 82 55 69 -2 0 4 T M M 8.9 21 20 M M 1 29 350
24 82 50 66 -5 0 1 0.00 M M 4.4 9 70 M M 0 12 80
25 86 54 70 -1 0 5 0.18 M M 7.1 37 320 M M 1 138 55 290
26 78 60 69 -2 0 4 0.01 M M 9.6 17 320 M M 6 1 25 320
27 76 50 63 -8 2 0 0.00 M M 7.4 20 320 M M 5 26 320
28 81 48 65 -6 0 0 0.00 M M 6.2 10 160 M M 1 16 30
29 88 52 70 -1 0 5 0.00 M M 9.1 16 190 M M 0 22 170
30 95 55 75 4 0 10 0.00 M M 6.2 16 300 M M 0 22 300
31 84 57 71 0 0 6 0.00 M M 10.1 23 320 M M 2 31 310
================================================================================
SM 2625 1790 2 201 4.39 M 281.4 M 44
================================================================================
AV 84.7 57.7 9.1 FASTST M M 1 MAX(MPH)
MISC ----> 46 320 64 330
================================================================================
NOTES:
# LAST OF SEVERAL OCCURRENCES
COLUMN 17 PEAK WIND IN M.P.H.
PRELIMINARY LOCAL CLIMATOLOGICAL DATA (WS FORM: F-6) , PAGE 2
STATION: DICKINSON ND
MONTH: JULY
YEAR: 2022
LATITUDE: 46 47 N
LONGITUDE: 102 48 W
[TEMPERATURE DATA] [PRECIPITATION DATA] SYMBOLS USED IN COLUMN 16
AVERAGE MONTHLY: 71.2 TOTAL FOR MONTH: 4.39 1 = FOG OR MIST
DPTR FM NORMAL: 1.8 DPTR FM NORMAL: 1.84 2 = FOG REDUCING VISIBILITY
HIGHEST: 99 ON 18 GRTST 24HR 1.59 ON 3- 4 TO 1/4 MILE OR LESS
LOWEST: 48 ON 28, 1 3 = THUNDER
SNOW, ICE PELLETS, HAIL 4 = ICE PELLETS
TOTAL MONTH: M 5 = HAIL
GRTST 24HR M ON M 6 = FREEZING RAIN OR DRIZZLE
GRTST DEPTH: M ON M 7 = DUSTSTORM OR SANDSTORM:
VSBY 1/2 MILE OR LESS
8 = SMOKE OR HAZE
[NO. OF DAYS WITH] [WEATHER - DAYS WITH] 9 = BLOWING SNOW
X = TORNADO
MAX 32 OR BELOW: 0 0.01 INCH OR MORE: 11
MAX 90 OR ABOVE: 8 0.10 INCH OR MORE: 7
MIN 32 OR BELOW: 0 0.50 INCH OR MORE: 3
MIN 0 OR BELOW: 0 1.00 INCH OR MORE: 1
[HDD (BASE 65) ]
TOTAL THIS MO. 2 CLEAR (SCALE 0-3) 26
DPTR FM NORMAL -28 PTCLDY (SCALE 4-7) 5
TOTAL FM JUL 1 2 CLOUDY (SCALE 8-10) 0
DPTR FM NORMAL -26
[CDD (BASE 65) ]
TOTAL THIS MO. 201
DPTR FM NORMAL 34 [PRESSURE DATA]
TOTAL FM JAN 1 255 HIGHEST SLP M ON M
DPTR FM NORMAL 31 LOWEST SLP 29.47 ON 18
[REMARKS]
#FINAL-07-22#