000
CXUS53 KBIS 010930
CF6DIK
PRELIMINARY LOCAL CLIMATOLOGICAL DATA (WS FORM: F-6)
STATION: DICKINSON ND
MONTH: JANUARY
YEAR: 2022
LATITUDE: 46 47 N
LONGITUDE: 102 48 W
TEMPERATURE IN F: :PCPN: SNOW: WIND :SUNSHINE: SKY :PK WND
================================================================================
1 2 3 4 5 6A 6B 7 8 9 10 11 12 13 14 15 16 17 18
12Z AVG MX 2MIN
DY MAX MIN AVG DEP HDD CDD WTR SNW DPTH SPD SPD DIR MIN PSBL S-S WX SPD DR
================================================================================
1 0 -20 -10 -27 75 0 0.00 M M 9.3 17 290 M M 1 22 290
2 32 -1 16 0 49 0 0.00 M M 13.9 23 260 M M 0 31 250
3 31 6 19 3 46 0 0.00 M M 10.3 22 150 M M 0 27 150
4 18 -10 4 -12 61 0 M M M 21.5 39 310 M M 7 189 50 300
5 -8 -19 -13 -29 78 0 T M M 20.1 35 300 M M 5 8 43 300
6 -7 -22 -14 -30 79 0 0.00 M M 8.9 16 270 M M 2 20 150
7 35 -7 14 -2 51 0 M M M 20.5 31 170 M M 7 8 39 170
8 37 -7 15 -1 50 0 M M M 20.2 37 300 M M 2 8 46 300
9 12 -10 1 -15 64 0 0.00 M M 4.8 15 260 M M 2 18 260
10 38 -5 17 1 48 0 0.00 M M 9.7 20 270 M M 1 24 270
11 41 29 35 19 30 0 0.00 M M 18.6 35 270 M M 0 45 270
12 44 31 38 22 27 0 T M M 13.7 20 280 M M 2 26 280
13 36 26 31 15 34 0 0.00 M M 10.4 25 180 M M 6 34 170
14 37 15 26 10 39 0 T M M 13.6 35 320 M M 9 1 45 330
15 41 18 30 14 35 0 0.00 M M 15.6 29 190 M M 3 36 200
16 40 27 34 18 31 0 0.00 M M 14.8 25 310 M M 3 32 300
17 48 30 39 23 26 0 0.00 M M 12.0 22 270 M M 3 29 270
18 42 -5 19 3 46 0 M M M 23.8 39 320 M M 5 189 52 320
19 4 -9 -2 -18 67 0 0.00 M M 10.7 23 300 M M 0 31 330
20 24 -9 8 -8 57 0 0.00 M M 16.4 26 180 M M 1 36 190
21 37 14 26 10 39 0 M M M 20.5 45 300 M M 7 1 58 300
22 40 12 26 10 39 0 0.00 M M 14.4 36 290 M M 9 1 48 290
23 45 16 31 15 34 0 M M M 16.4 33 290 M M 9 1 45 300
24 33 4 19 3 46 0 T M M 7.7 21 350 M M 9 18 31 340
25 15 -8 4 -12 61 0 0.00 M M 9.2 21 200 M M 1 27 200
26 39 15 27 10 38 0 T M M 20.8 37 300 M M 6 18 47 300
27 30 17 24 7 41 0 M M M 9.8 26 320 M M 9 1 35 320
28 42 20 31 14 34 0 0.00 M M 13.2 22 280 M M 2 27 290
29 42 19 31 14 34 0 0.00 M M 10.4 23 270 M M 0 29 270
30 48 20 34 17 31 0 0.00 M M 12.3 29 290 M M 0 34 300
31 43 10 27 10 38 0 0.02 M M 19.8 51 300 M M 5 1 65 300
================================================================================
SM 959 197 1428 0 0.02 M 443.3 M 116
================================================================================
AV 30.9 6.4 14.3 FASTST M M 4 MAX(MPH)
MISC ----> 51 300 65 300
================================================================================
NOTES:
# LAST OF SEVERAL OCCURRENCES
COLUMN 17 PEAK WIND IN M.P.H.
PRELIMINARY LOCAL CLIMATOLOGICAL DATA (WS FORM: F-6) , PAGE 2
STATION: DICKINSON ND
MONTH: JANUARY
YEAR: 2022
LATITUDE: 46 47 N
LONGITUDE: 102 48 W
[TEMPERATURE DATA] [PRECIPITATION DATA] SYMBOLS USED IN COLUMN 16
AVERAGE MONTHLY: 18.6 TOTAL FOR MONTH: 0.02 1 = FOG OR MIST
DPTR FM NORMAL: 2.2 DPTR FM NORMAL: -0.23 2 = FOG REDUCING VISIBILITY
HIGHEST: 48 ON 30,17 GRTST 24HR 0.16 ON 20-21 TO 1/4 MILE OR LESS
LOWEST: -22 ON 6 3 = THUNDER
SNOW, ICE PELLETS, HAIL 4 = ICE PELLETS
TOTAL MONTH: M 5 = HAIL
GRTST 24HR M ON M 6 = FREEZING RAIN OR DRIZZLE
GRTST DEPTH: M ON M 7 = DUSTSTORM OR SANDSTORM:
VSBY 1/2 MILE OR LESS
8 = SMOKE OR HAZE
[NO. OF DAYS WITH] [WEATHER - DAYS WITH] 9 = BLOWING SNOW
X = TORNADO
MAX 32 OR BELOW: 11 0.01 INCH OR MORE: 1
MAX 90 OR ABOVE: 0 0.10 INCH OR MORE: 0
MIN 32 OR BELOW: 31 0.50 INCH OR MORE: 0
MIN 0 OR BELOW: 13 1.00 INCH OR MORE: 0
[HDD (BASE 65) ]
TOTAL THIS MO. 1428 CLEAR (SCALE 0-3) 17
DPTR FM NORMAL -78 PTCLDY (SCALE 4-7) 9
TOTAL FM JUL 1 4356 CLOUDY (SCALE 8-10) 5
DPTR FM NORMAL -561
[CDD (BASE 65) ]
TOTAL THIS MO. 0
DPTR FM NORMAL 0 [PRESSURE DATA]
TOTAL FM JAN 1 0 HIGHEST SLP 30.74 ON 19
DPTR FM NORMAL 0 LOWEST SLP 29.31 ON 8
[REMARKS]
#FINAL-01-22#