000
CXUS53 KBIS 010930
CF6DIK
PRELIMINARY LOCAL CLIMATOLOGICAL DATA (WS FORM: F-6)
STATION: DICKINSON ND
MONTH: JANUARY
YEAR: 2024
LATITUDE: 46 47 N
LONGITUDE: 102 48 W
TEMPERATURE IN F: :PCPN: SNOW: WIND :SUNSHINE: SKY :PK WND
================================================================================
1 2 3 4 5 6A 6B 7 8 9 10 11 12 13 14 15 16 17 18
12Z AVG MX 2MIN
DY MAX MIN AVG DEP HDD CDD WTR SNW DPTH SPD SPD DIR MIN PSBL S-S WX SPD DR
================================================================================
1 48 16 32 15 33 0 0.00 M M 13.8 25 290 M M 2 32 290
2 43 24 34 18 31 0 0.00 M M 9.3 17 290 M M 5 12 22 290
3 25 18 22 6 43 0 0.00 M M 8.2 18 160 M M 10 1 22 150
4 25 17 21 5 44 0 0.00 M M 11.2 20 190 M M 10 1 25 190
5 32 11 22 6 43 0 M M M 8.5 26 300 M M 8 12 35 300
6 30 18 24 8 41 0 0.00 M M 10.5 24 310 M M 6 31 300
7 21 8 15 -1 50 0 T M M 9.9 17 130 M M 9 1 20 150
8 21 1 11 -5 54 0 T M M 6.0 18 300 M M 6 1 22 290
9 30 3 17 1 48 0 M M M 10.8 25 190 M M 3 1 30 200
10 29 -7 11 -5 54 0 0.00 M M 16.8 29 290 M M 1 36 310
11 1 -11 -5 -21 70 0 T M M 14.5 25 300 M M 1 8 31 300
12 -8 -24 -16 -32 81 0 M M M 17.3 29 300 M M 10 8 36 290
13 -21 -33 -27 -43 92 0 0.00 M M 24.3 31 300 M M 2 8 39 300
14 -11 -29 -20 -36 85 0 0.00 M M 16.2 22 290 M M 0 28 300
15 -7 -22 -14 -30 79 0 0.00 M M 23.6 36 280 M M 1 8 43 290
16 13 -12 1 -15 64 0 0.00 M M 18.5 27 280 M M 2 40 280
17 13 0 7 -9 58 0 T M M 8.6 15 300 M M 5 8 20 300
18 0 -7 -3 -19 68 0 M M M 20.1 31 300 M M 8 8 39 300
19 2 -15 -6 -22 71 0 0.00 M M 13.1 26 290 M M 7 8 35 290
20 15 -9 3 -13 62 0 0.00 M M 19.7 33 170 M M 4 40 160
21 35 9 22 6 43 0 0.01 M M 4.7 10 320 M M 7 13 300
22 28 20 24 8 41 0 0.00 M M 11.3 18 120 M M 10 1 24 130
23 27 18 23 7 42 0 0.00 M M 15.6 30 160 M M 10 1 37 160
24 44 18 31 15 34 0 0.00 M M 4.1 13 190 M M 0 1 14 190
25 50 17 34 18 31 0 0.00 M M 4.8 12 250 M M 2 12 12 250
26 46 26 36 19 29 0 0.00 M M 10.4 18 290 M M 0 22 290
27 51 22 37 20 28 0 0.00 M M 8.0 15 210 M M 0 19 190
28 56 30 43 26 22 0 0.00 M M 11.9 22 280 M M 0 29 270
29 51 31 41 24 24 0 0.00 M M 9.3 15 300 M M 1 19 270
30 60 32 46 29 19 0 0.00 M M 9.4 17 250 M M 0 20 260
31 62 30 46 29 19 0 0.00 M M 5.0 12 350 M M 0 16 350
================================================================================
SM 811 200 1503 0 0.01 M 375.4 M 130
================================================================================
AV 26.2 6.5 12.1 FASTST M M 4 MAX(MPH)
MISC ----> 36 280 43 290
================================================================================
NOTES:
# LAST OF SEVERAL OCCURRENCES
COLUMN 17 PEAK WIND IN M.P.H.
PRELIMINARY LOCAL CLIMATOLOGICAL DATA (WS FORM: F-6) , PAGE 2
STATION: DICKINSON ND
MONTH: JANUARY
YEAR: 2024
LATITUDE: 46 47 N
LONGITUDE: 102 48 W
[TEMPERATURE DATA] [PRECIPITATION DATA] SYMBOLS USED IN COLUMN 16
AVERAGE MONTHLY: 16.3 TOTAL FOR MONTH: 0.01 1 = FOG OR MIST
DPTR FM NORMAL: -0.1 DPTR FM NORMAL: -0.24 2 = FOG REDUCING VISIBILITY
HIGHEST: 62 ON 31 GRTST 24HR 0.08 ON 7- 8 TO 1/4 MILE OR LESS
LOWEST: -33 ON 13 3 = THUNDER
SNOW, ICE PELLETS, HAIL 4 = ICE PELLETS
TOTAL MONTH: M 5 = HAIL
GRTST 24HR M ON M 6 = FREEZING RAIN OR DRIZZLE
GRTST DEPTH: M ON M 7 = DUSTSTORM OR SANDSTORM:
VSBY 1/2 MILE OR LESS
8 = SMOKE OR HAZE
[NO. OF DAYS WITH] [WEATHER - DAYS WITH] 9 = BLOWING SNOW
X = TORNADO
MAX 32 OR BELOW: 20 0.01 INCH OR MORE: 1
MAX 90 OR ABOVE: 0 0.10 INCH OR MORE: 0
MIN 32 OR BELOW: 31 0.50 INCH OR MORE: 0
MIN 0 OR BELOW: 11 1.00 INCH OR MORE: 0
[HDD (BASE 65) ]
TOTAL THIS MO. 1503 CLEAR (SCALE 0-3) 16
DPTR FM NORMAL -3 PTCLDY (SCALE 4-7) 8
TOTAL FM JUL 1 4414 CLOUDY (SCALE 8-10) 7
DPTR FM NORMAL -503
[CDD (BASE 65) ]
TOTAL THIS MO. 0
DPTR FM NORMAL 0 [PRESSURE DATA]
TOTAL FM JAN 1 0 HIGHEST SLP 30.67 ON 19
DPTR FM NORMAL 0 LOWEST SLP 29.26 ON 10
[REMARKS]
#FINAL-01-24#