000
CXUS53 KBIS 010830
CF6DIK
PRELIMINARY LOCAL CLIMATOLOGICAL DATA (WS FORM: F-6)
STATION: DICKINSON ND
MONTH: OCTOBER
YEAR: 2021
LATITUDE: 46 47 N
LONGITUDE: 102 48 W
TEMPERATURE IN F: :PCPN: SNOW: WIND :SUNSHINE: SKY :PK WND
================================================================================
1 2 3 4 5 6A 6B 7 8 9 10 11 12 13 14 15 16 17 18
12Z AVG MX 2MIN
DY MAX MIN AVG DEP HDD CDD WTR SNW DPTH SPD SPD DIR MIN PSBL S-S WX SPD DR
================================================================================
1 77 40 59 7 6 0 0.00 M M 2.3 12 300 M M 0 8 19 300
2 76 43 60 9 5 0 0.00 M M 8.5 17 340 M M 0 23 350
3 83 43 63 13 2 0 0.00 M M 7.5 14 290 M M 0 19 290
4 89 42 66 16 0 1 0.00 M M 7.7 15 170 M M 0 8 19 150
5 93 52 73 23 0 8 0.00 M M 10.0 17 250 M M 0 8 24 240
6 87 49 68 19 0 3 0.00 M M 16.3 32 170 M M 0 43 160
7 77 54 66 18 0 1 0.02 M M 10.1 20 20 M M 4 8 25 30
8 67 44 56 8 9 0 0.01 M M 7.8 17 80 M M 5 18 26 60
9 54 46 50 3 15 0 1.06 M M 13.4 20 360 M M 10 12 27 360
10 66 40 53 6 12 0 0.00 M M 12.6 25 300 M M 1 18 33 280
11 54 39 47 1 18 0 0.00 M M 11.2 20 330 M M 2 27 350
12 47 36 42 -4 23 0 0.21 M M 14.3 25 40 M M 8 1 33 40
13 40 34 37 -8 28 0 1.57 M M 24.0 32 300 M M 10 1 43 20
14 48 34 41 -4 24 0 0.00 M M 18.7 30 280 M M 7 38 280
15 52 32 42 -2 23 0 0.00 M M 14.7 26 290 M M 0 34 290
16 63 35 49 5 16 0 0.00 M M 12.8 22 280 M M 0 28 290
17 76 40 58 15 7 0 0.00 M M 9.9 16 160 M M 0 21 190
18 77 40 59 16 6 0 0.00 M M 8.6 15 210 M M 0 19 170
19 46 34 40 -2 25 0 0.00 M M 14.7 24 20 M M 7 33 30
20 44 22 33 -9 32 0 0.00 M M 9.3 16 30 M M 3 21 10
21 54 20 37 -4 28 0 0.00 M M 7.2 15 190 M M 3 19 160
22 60 29 45 4 20 0 0.00 M M 8.9 18 120 M M 1 26 110
23 51 31 41 1 24 0 0.01 M M 17.0 29 140 M M 4 1 39 120
24 42 37 40 0 25 0 0.03 M M 10.2 24 150 M M 10 1 30 140
25 48 38 43 4 22 0 0.00 M M 24.4 33 140 M M 9 1 47 150
26 48 40 44 5 21 0 T M M 13.5 26 150 M M 10 18 37 130
27 59 35 47 9 18 0 0.00 M M 13.4 23 280 M M 2 32 270
28 57 31 44 6 21 0 0.00 M M 14.0 24 290 M M 0 33 290
29 74 34 54 17 11 0 0.00 M M 13.8 23 210 M M 1 31 310
30 50 28 39 2 26 0 0.00 M M 15.0 23 320 M M 7 1 31 330
31 42 21 32 -4 33 0 0.00 M M 12.2 24 300 M M 2 35 300
================================================================================
SM 1901 1143 500 13 2.91 M 384.0 M 106
================================================================================
AV 61.3 36.9 12.4 FASTST M M 3 MAX(MPH)
MISC ----> 33 140 47 150
================================================================================
NOTES:
# LAST OF SEVERAL OCCURRENCES
COLUMN 17 PEAK WIND IN M.P.H.
PRELIMINARY LOCAL CLIMATOLOGICAL DATA (WS FORM: F-6) , PAGE 2
STATION: DICKINSON ND
MONTH: OCTOBER
YEAR: 2021
LATITUDE: 46 47 N
LONGITUDE: 102 48 W
[TEMPERATURE DATA] [PRECIPITATION DATA] SYMBOLS USED IN COLUMN 16
AVERAGE MONTHLY: 49.1 TOTAL FOR MONTH: 2.91 1 = FOG OR MIST
DPTR FM NORMAL: 5.3 DPTR FM NORMAL: 1.74 2 = FOG REDUCING VISIBILITY
HIGHEST: 93 ON 5 GRTST 24HR 1.78 ON 12-13 TO 1/4 MILE OR LESS
LOWEST: 20 ON 21 3 = THUNDER
SNOW, ICE PELLETS, HAIL 4 = ICE PELLETS
TOTAL MONTH: M 5 = HAIL
GRTST 24HR M ON M 6 = FREEZING RAIN OR DRIZZLE
GRTST DEPTH: M ON M 7 = DUSTSTORM OR SANDSTORM:
VSBY 1/2 MILE OR LESS
8 = SMOKE OR HAZE
[NO. OF DAYS WITH] [WEATHER - DAYS WITH] 9 = BLOWING SNOW
X = TORNADO
MAX 32 OR BELOW: 0 0.01 INCH OR MORE: 7
MAX 90 OR ABOVE: 1 0.10 INCH OR MORE: 3
MIN 32 OR BELOW: 8 0.50 INCH OR MORE: 2
MIN 0 OR BELOW: 0 1.00 INCH OR MORE: 2
[HDD (BASE 65) ]
TOTAL THIS MO. 500 CLEAR (SCALE 0-3) 17
DPTR FM NORMAL -159 PTCLDY (SCALE 4-7) 9
TOTAL FM JUL 1 627 CLOUDY (SCALE 8-10) 5
DPTR FM NORMAL -342
[CDD (BASE 65) ]
TOTAL THIS MO. 13
DPTR FM NORMAL 11 [PRESSURE DATA]
TOTAL FM JAN 1 687 HIGHEST SLP M ON M
DPTR FM NORMAL 269 LOWEST SLP 29.48 ON 26
[REMARKS]
#FINAL-10-21#