000
CXUS53 KBIS 010830
CF6DIK
PRELIMINARY LOCAL CLIMATOLOGICAL DATA (WS FORM: F-6)
STATION: DICKINSON ND
MONTH: JULY
YEAR: 2021
LATITUDE: 46 47 N
LONGITUDE: 102 48 W
TEMPERATURE IN F: :PCPN: SNOW: WIND :SUNSHINE: SKY :PK WND
================================================================================
1 2 3 4 5 6A 6B 7 8 9 10 11 12 13 14 15 16 17 18
12Z AVG MX 2MIN
DY MAX MIN AVG DEP HDD CDD WTR SNW DPTH SPD SPD DIR MIN PSBL S-S WX SPD DR
================================================================================
1 92 57 75 9 0 10 0.00 M M 12.4 25 150 M M 0 39 150
2 93 63 78 11 0 13 0.00 M M 15.1 28 150 M M 0 38 140
3 103 65 84 17 0 19 0.14 M M 11.8 25 300 M M 1 32 300
4 94 63 79 12 0 14 0.00 M M 7.7 15 360 M M 0 22 330
5 95 61 78 11 0 13 0.50 M M 10.6 26 60 M M 3 1 36 50
6 66 57 62 -6 3 0 T M M 10.4 17 50 M M 9 1 22 40
7 73 56 65 -3 0 0 0.12 M M 13.0 32 200 M M 7 18 42 200
8 82 58 70 2 0 5 0.82 M M 10.6 29 180 M M 2 1 38 180
9 77 61 69 1 0 4 T M M 8.3 16 20 M M 7 1 22 20
10 86 58 72 3 0 7 0.00 M M 6.0 10 150 M M 1 18 16 40
11 89 57 73 4 0 8 0.00 M M 13.7 23 170 M M 0 1 31 160
12 83 58 71 2 0 6 0.00 M M 10.7 21 320 M M 0 30 320
13 83 52 68 -1 0 3 0.00 M M 4.9 12 140 M M 0 16 130
14 84 58 71 1 0 6 0.00 M M 6.4 15 170 M M 2 18 18 140
15 89 59 74 4 0 9 0.00 M M 13.6 21 150 M M 0 29 140
16 96 65 81 11 0 16 0.00 M M 11.5 21 280 M M 1 29 180
17 92 66 79 9 0 14 0.00 M M 13.4 21 140 M M 0 29 150
18 97 65 81 11 0 16 0.00 M M 10.6 18 150 M M 0 25 140
19 99 66 83 13 0 18 0.00 M M 11.8 18 140 M M 0 26 170
20 94 62 78 8 0 13 0.00 M M 16.5 28 150 M M 1 3 38 150
21 94 64 79 8 0 14 0.00 M M 10.0 23 150 M M 1 33 310
22 99 60 80 9 0 15 0.33 M M 7.6 33 300 M M 2 138 43 310
23 91 61 76 5 0 11 0.00 M M 6.7 15 320 M M 1 18 20 330
24 91 55 73 2 0 8 0.00 M M 7.4 15 320 M M 1 8 21 320
25 96 53 75 4 0 10 0.00 M M 6.8 12 150 M M 0 8 17 150
26 99 63 81 10 0 16 0.00 M M 6.7 17 320 M M 0 8 23 340
27 96 58 77 6 0 12 0.00 M M 10.5 21 110 M M 0 18 27 120
28 87 64 76 5 0 11 0.00 M M 10.6 25 30 M M 0 1 33 30
29 74 57 66 -5 0 1 T M M 9.3 18 180 M M 4 8 24 190
30 91 55 73 2 0 8 0.00 M M 7.4 17 190 M M 3 18 23 190
31 88 56 72 1 0 7 0.00 M M 6.7 16 10 M M 0 22 50
================================================================================
SM 2773 1853 3 307 1.91 M 308.7 M 46
================================================================================
AV 89.5 59.8 10.0 FASTST M M 1 MAX(MPH)
MISC ----> 33 300 43 310
================================================================================
NOTES:
# LAST OF SEVERAL OCCURRENCES
COLUMN 17 PEAK WIND IN M.P.H.
PRELIMINARY LOCAL CLIMATOLOGICAL DATA (WS FORM: F-6) , PAGE 2
STATION: DICKINSON ND
MONTH: JULY
YEAR: 2021
LATITUDE: 46 47 N
LONGITUDE: 102 48 W
[TEMPERATURE DATA] [PRECIPITATION DATA] SYMBOLS USED IN COLUMN 16
AVERAGE MONTHLY: 74.6 TOTAL FOR MONTH: 1.91 1 = FOG OR MIST
DPTR FM NORMAL: 5.2 DPTR FM NORMAL: -0.64 2 = FOG REDUCING VISIBILITY
HIGHEST: 103 ON 3 GRTST 24HR 0.82 ON 8- 8 TO 1/4 MILE OR LESS
LOWEST: 52 ON 13 3 = THUNDER
SNOW, ICE PELLETS, HAIL 4 = ICE PELLETS
TOTAL MONTH: M 5 = HAIL
GRTST 24HR M ON M 6 = FREEZING RAIN OR DRIZZLE
GRTST DEPTH: M ON M 7 = DUSTSTORM OR SANDSTORM:
VSBY 1/2 MILE OR LESS
8 = SMOKE OR HAZE
[NO. OF DAYS WITH] [WEATHER - DAYS WITH] 9 = BLOWING SNOW
X = TORNADO
MAX 32 OR BELOW: 0 0.01 INCH OR MORE: 5
MAX 90 OR ABOVE: 18 0.10 INCH OR MORE: 5
MIN 32 OR BELOW: 0 0.50 INCH OR MORE: 2
MIN 0 OR BELOW: 0 1.00 INCH OR MORE: 0
[HDD (BASE 65) ]
TOTAL THIS MO. 3 CLEAR (SCALE 0-3) 27
DPTR FM NORMAL -27 PTCLDY (SCALE 4-7) 3
TOTAL FM JUL 1 3 CLOUDY (SCALE 8-10) 1
DPTR FM NORMAL -25
[CDD (BASE 65) ]
TOTAL THIS MO. 307
DPTR FM NORMAL 140 [PRESSURE DATA]
TOTAL FM JAN 1 440 HIGHEST SLP M ON M
DPTR FM NORMAL 216 LOWEST SLP 29.64 ON 3
[REMARKS]
#FINAL-07-21#