000
CXUS53 KBIS 010830
CF6DIK
PRELIMINARY LOCAL CLIMATOLOGICAL DATA (WS FORM: F-6)
STATION: DICKINSON ND
MONTH: JUNE
YEAR: 2021
LATITUDE: 46 47 N
LONGITUDE: 102 48 W
TEMPERATURE IN F: :PCPN: SNOW: WIND :SUNSHINE: SKY :PK WND
================================================================================
1 2 3 4 5 6A 6B 7 8 9 10 11 12 13 14 15 16 17 18
12Z AVG MX 2MIN
DY MAX MIN AVG DEP HDD CDD WTR SNW DPTH SPD SPD DIR MIN PSBL S-S WX SPD DR
================================================================================
1 80 50 65 6 0 0 0.00 M M 5.1 18 120 M M 0 26 110
2 83 53 68 9 0 3 0.00 M M 7.7 14 340 M M 0 19 330
3 92 59 76 17 0 11 0.00 M M 7.9 18 280 M M 0 24 280
4 97 64 81 21 0 16 T M M 9.2 31 320 M M 0 3 42 320
5 94 61 78 18 0 13 0.27 M M 9.9 44 300 M M 0 38 67 310
6 75 50 63 3 2 0 0.00 M M 13.9 33 320 M M 1 38 46 310
7 85 52 69 9 0 4 0.21 M M 11.7 30 140 M M 1 3 39 150
8 88 60 74 13 0 9 0.49 M M 20.8 46 110 M M 2 138 66 140
9 82 59 71 10 0 6 0.01 M M 7.8 38 80 M M 1 3 51 100
10 91 63 77 16 0 12 T M M 22.2 54 190 M M 0 3 78 190
11 71 51 61 0 4 0 0.03 M M 22.0 41 280 M M 3 3 58 270
12 82 46 64 2 1 0 0.00 M M 8.2 18 160 M M 0 23 160
13 81 55 68 6 0 3 0.00 M M 9.5 17 30 M M 0 24 40
14 85 50 68 6 0 3 0.00 M M 13.6 23 120 M M 0 29 140
15 88 59 74 12 0 9 0.00 M M 20.5 33 140 M M 0 44 140
16 84 52 68 5 0 3 0.00 M M 15.7 38 320 M M 0 50 320
17 86 49 68 5 0 3 0.00 M M 5.9 16 320 M M 2 22 320
18 79 46 63 0 2 0 0.00 M M 11.3 26 330 M M 0 36 310
19 83 45 64 1 1 0 0.16 M M 12.4 29 350 M M 2 1 40 350
20 71 47 59 -5 6 0 0.06 M M 12.6 29 350 M M 6 1 43 350
21 73 42 58 -6 7 0 0.00 M M 8.3 20 320 M M 1 29 320
22 87 48 68 4 0 3 0.00 M M 10.2 17 120 M M 0 33 150
23 97 57 77 13 0 12 0.00 M M 12.7 26 300 M M 0 35 330
24 83 52 68 3 0 3 0.29 M M 7.1 20 100 M M 3 1 27 90
25 68 53 61 -4 4 0 0.07 M M 7.5 15 320 M M 7 1 20 320
26 76 50 63 -2 2 0 0.09 M M 6.6 13 300 M M 6 1 16 290
27 78 54 66 1 0 1 0.02 M M 7.6 26 20 M M 3 37 10
28 79 50 65 -1 0 0 0.00 M M 6.9 14 40 M M 2 23 80
29 85 51 68 2 0 3 0.00 M M 6.9 12 120 M M 0 16 160
30 91 54 73 7 0 8 0.00 M M 8.9 16 120 M M 0 21 130
================================================================================
SM 2494 1582 29 125 1.70 M 330.6 M 40
================================================================================
AV 83.1 52.7 11.0 FASTST M M 1 MAX(MPH)
MISC ----> 54 190 78 190
================================================================================
NOTES:
# LAST OF SEVERAL OCCURRENCES
COLUMN 17 PEAK WIND IN M.P.H.
PRELIMINARY LOCAL CLIMATOLOGICAL DATA (WS FORM: F-6) , PAGE 2
STATION: DICKINSON ND
MONTH: JUNE
YEAR: 2021
LATITUDE: 46 47 N
LONGITUDE: 102 48 W
[TEMPERATURE DATA] [PRECIPITATION DATA] SYMBOLS USED IN COLUMN 16
AVERAGE MONTHLY: 67.9 TOTAL FOR MONTH: 1.70 1 = FOG OR MIST
DPTR FM NORMAL: 5.4 DPTR FM NORMAL: -1.35 2 = FOG REDUCING VISIBILITY
HIGHEST: 97 ON 23, 4 GRTST 24HR 0.50 ON 8- 9 TO 1/4 MILE OR LESS
LOWEST: 42 ON 21 3 = THUNDER
SNOW, ICE PELLETS, HAIL 4 = ICE PELLETS
TOTAL MONTH: M 5 = HAIL
GRTST 24HR M ON M 6 = FREEZING RAIN OR DRIZZLE
GRTST DEPTH: M ON M 7 = DUSTSTORM OR SANDSTORM:
VSBY 1/2 MILE OR LESS
8 = SMOKE OR HAZE
[NO. OF DAYS WITH] [WEATHER - DAYS WITH] 9 = BLOWING SNOW
X = TORNADO
MAX 32 OR BELOW: 0 0.01 INCH OR MORE: 11
MAX 90 OR ABOVE: 6 0.10 INCH OR MORE: 5
MIN 32 OR BELOW: 0 0.50 INCH OR MORE: 0
MIN 0 OR BELOW: 0 1.00 INCH OR MORE: 0
[HDD (BASE 65) ]
TOTAL THIS MO. 29 CLEAR (SCALE 0-3) 26
DPTR FM NORMAL -95 PTCLDY (SCALE 4-7) 4
TOTAL FM JUL 1 7724 CLOUDY (SCALE 8-10) 0
DPTR FM NORMAL -747
[CDD (BASE 65) ]
TOTAL THIS MO. 125
DPTR FM NORMAL 76 [PRESSURE DATA]
TOTAL FM JAN 1 133 HIGHEST SLP M ON M
DPTR FM NORMAL 76 LOWEST SLP 29.29 ON 6
[REMARKS]
#FINAL-06-21#