000
CXUS53 KBIS 010830
CF6DIK
PRELIMINARY LOCAL CLIMATOLOGICAL DATA (WS FORM: F-6)
STATION: DICKINSON ND
MONTH: MAY
YEAR: 2021
LATITUDE: 46 47 N
LONGITUDE: 102 48 W
TEMPERATURE IN F: :PCPN: SNOW: WIND :SUNSHINE: SKY :PK WND
================================================================================
1 2 3 4 5 6A 6B 7 8 9 10 11 12 13 14 15 16 17 18
12Z AVG MX 2MIN
DY MAX MIN AVG DEP HDD CDD WTR SNW DPTH SPD SPD DIR MIN PSBL S-S WX SPD DR
================================================================================
1 80 48 64 17 1 0 0.00 M M 13.9 30 300 M M 0 44 320
2 60 43 52 5 13 0 0.04 M M 11.2 28 300 M M 8 35 300
3 59 26 43 -5 22 0 0.00 M M 10.8 25 330 M M 3 1 40 310
4 66 27 47 -1 18 0 0.03 M M 10.6 28 210 M M 6 8 41 230
5 60 33 47 -1 18 0 0.06 M M 7.2 22 60 M M 7 1 30 60
6 67 29 48 -1 17 0 0.00 M M 9.1 20 310 M M 1 28 350
7 66 29 48 -1 17 0 0.00 M M 18.5 29 120 M M 0 39 130
8 46 33 40 -10 25 0 0.78 M M 14.9 28 110 M M 10 1 35 110
9 53 33 43 -7 22 0 0.14 M M 7.9 15 110 M M 7 1 20 90
10 59 27 43 -8 22 0 0.00 M M 5.5 14 60 M M 0 18 60
11 64 33 49 -2 16 0 0.00 M M 6.6 16 180 M M 2 23 190
12 68 40 54 3 11 0 0.01 M M 12.2 26 220 M M 7 33 170
13 71 38 55 3 10 0 0.00 M M 6.6 15 360 M M 0 24 340
14 71 39 55 3 10 0 T M M 5.7 22 10 M M 4 31 360
15 77 39 58 5 7 0 0.00 M M 5.6 24 240 M M 3 32 240
16 79 46 63 10 2 0 0.00 M M 8.3 16 210 M M 1 24 190
17 78 50 64 11 1 0 0.00 M M 16.7 31 170 M M 0 40 160
18 85 52 69 15 0 4 0.00 M M 19.2 30 160 M M 3 1 43 190
19 74 56 65 11 0 0 0.00 M M 15.2 25 10 M M 1 37 340
20 85 52 69 14 0 4 0.06 M M 16.0 26 120 M M 5 138 36 110
21 57 41 49 -6 16 0 0.51 M M 13.0 20 30 M M 10 13 26 20
22 51 41 46 -9 19 0 0.19 M M 8.9 16 330 M M 10 1 23 330
23 56 44 50 -6 15 0 1.47 M M 11.8 21 110 M M 10 123 26 100
24 74 46 60 4 5 0 0.00 M M 15.5 28 240 M M 2 36 220
25 62 44 53 -3 12 0 0.00 M M 23.4 40 290 M M 7 51 250
26 49 37 43 -14 22 0 0.44 M M 11.4 20 110 M M 10 1 25 80
27 48 33 41 -16 24 0 0.31 M M 9.5 16 80 M M 9 1 21 150
28 60 40 50 -8 15 0 0.02 M M 21.1 31 160 M M 5 40 140
29 71 44 58 0 7 0 0.00 M M 8.8 24 270 M M 5 32 270
30 73 41 57 -1 8 0 0.00 M M 10.7 21 330 M M 2 34 320
31 77 37 57 -1 8 0 0.21 M M 10.4 23 110 M M 2 138 30 110
================================================================================
SM 2046 1221 383 8 4.27 M 366.2 M 140
================================================================================
AV 66.0 39.4 11.8 FASTST M M 5 MAX(MPH)
MISC ----> 40 290 51 250
================================================================================
NOTES:
# LAST OF SEVERAL OCCURRENCES
COLUMN 17 PEAK WIND IN M.P.H.
PRELIMINARY LOCAL CLIMATOLOGICAL DATA (WS FORM: F-6) , PAGE 2
STATION: DICKINSON ND
MONTH: MAY
YEAR: 2021
LATITUDE: 46 47 N
LONGITUDE: 102 48 W
[TEMPERATURE DATA] [PRECIPITATION DATA] SYMBOLS USED IN COLUMN 16
AVERAGE MONTHLY: 52.7 TOTAL FOR MONTH: 4.27 1 = FOG OR MIST
DPTR FM NORMAL: -0.2 DPTR FM NORMAL: 1.72 2 = FOG REDUCING VISIBILITY
HIGHEST: 85 ON 20,18 GRTST 24HR 1.47 ON 23-23 TO 1/4 MILE OR LESS
LOWEST: 26 ON 3 3 = THUNDER
SNOW, ICE PELLETS, HAIL 4 = ICE PELLETS
TOTAL MONTH: M 5 = HAIL
GRTST 24HR M ON M 6 = FREEZING RAIN OR DRIZZLE
GRTST DEPTH: M ON M 7 = DUSTSTORM OR SANDSTORM:
VSBY 1/2 MILE OR LESS
8 = SMOKE OR HAZE
[NO. OF DAYS WITH] [WEATHER - DAYS WITH] 9 = BLOWING SNOW
X = TORNADO
MAX 32 OR BELOW: 0 0.01 INCH OR MORE: 14
MAX 90 OR ABOVE: 0 0.10 INCH OR MORE: 8
MIN 32 OR BELOW: 5 0.50 INCH OR MORE: 3
MIN 0 OR BELOW: 0 1.00 INCH OR MORE: 1
[HDD (BASE 65) ]
TOTAL THIS MO. 383 CLEAR (SCALE 0-3) 13
DPTR FM NORMAL -1 PTCLDY (SCALE 4-7) 11
TOTAL FM JUL 1 7695 CLOUDY (SCALE 8-10) 7
DPTR FM NORMAL -653
[CDD (BASE 65) ]
TOTAL THIS MO. 8
DPTR FM NORMAL 0 [PRESSURE DATA]
TOTAL FM JAN 1 8 HIGHEST SLP M ON M
DPTR FM NORMAL 0 LOWEST SLP 29.51 ON 2
[REMARKS]
#FINAL-05-21#