000
CXUS53 KBIS 010830
CF6DIK
PRELIMINARY LOCAL CLIMATOLOGICAL DATA (WS FORM: F-6)
STATION: DICKINSON ND
MONTH: MARCH
YEAR: 2021
LATITUDE: 46 47 N
LONGITUDE: 102 48 W
TEMPERATURE IN F: :PCPN: SNOW: WIND :SUNSHINE: SKY :PK WND
================================================================================
1 2 3 4 5 6A 6B 7 8 9 10 11 12 13 14 15 16 17 18
12Z AVG MX 2MIN
DY MAX MIN AVG DEP HDD CDD WTR SNW DPTH SPD SPD DIR MIN PSBL S-S WX SPD DR
================================================================================
1 57 11 34 10 31 0 0.00 M M 15.2 25 180 M M 4 31 180
2 58 29 44 19 21 0 0.00 M M 12.3 31 290 M M 0 46 290
3 62 25 44 19 21 0 0.00 M M 9.5 22 260 M M 1 29 270
4 65 20 43 18 22 0 0.00 M M 5.3 13 120 M M 0 21 120
5 64 23 44 18 21 0 0.00 M M 8.4 17 120 M M 1 12 22 130
6 63 32 48 22 17 0 0.00 M M 18.7 32 150 M M 2 128 42 140
7 55 27 41 15 24 0 0.00 M M 13.5 26 300 M M 0 32 290
8 61 25 43 16 22 0 0.00 M M 13.8 28 130 M M 1 35 120
9 48 27 38 11 27 0 0.00 M M 16.3 32 300 M M 2 41 290
10 39 24 32 4 33 0 0.00 M M 8.3 15 10 M M 7 20 350
11 33 15 24 -4 41 0 0.00 M M 10.3 21 320 M M 5 1 25 320
12 57 13 35 7 30 0 0.00 M M 11.1 21 210 M M 0 29 230
13 62 22 42 13 23 0 0.00 M M 6.5 13 60 M M 0 18 60
14 51 26 39 10 26 0 0.00 M M 15.0 28 100 M M 2 37 110
15 34 28 31 2 34 0 T M M 9.3 17 110 M M 10 16 22 120
16 38 28 33 3 32 0 T M M 4.9 13 310 M M 10 18 18 330
17 43 19 31 1 34 0 T M M 7.7 18 300 M M 4 1 23 310
18 49 16 33 2 32 0 0.00 M M 14.8 25 170 M M 3 1 35 160
19 67 24 46 15 19 0 0.00 M M 15.9 22 180 M M 0 30 190
20 66 29 48 17 17 0 T M M 14.2 23 300 M M 2 31 300
21 56 21 39 7 26 0 0.02 M M 13.0 28 310 M M 3 38 300
22 59 18 39 7 26 0 0.00 M M 12.0 23 210 M M 5 33 210
23 56 28 42 9 23 0 T M M 11.2 28 20 M M 8 35 20
24 50 28 39 6 26 0 0.00 M M 7.4 18 140 M M 5 25 140
25 60 27 44 10 21 0 0.00 M M 10.9 18 280 M M 4 27 160
26 43 31 37 3 28 0 0.00 M M 10.2 21 320 M M 8 28 340
27 44 16 30 -4 35 0 T M M 12.9 25 330 M M 6 1 35 330
28 66 19 43 8 22 0 0.00 M M 12.7 26 270 M M 2 35 260
29 54 19 37 2 28 0 0.01 M M 34.3 55 280 M M 5 128 69 280
30 29 6 18 -18 47 0 T M M 26.1 46 290 M M 6 62 300
31 47 6 27 -9 38 0 0.00 M M 8.5 21 320 M M 1 30 340
================================================================================
SM 1636 682 847 0 0.03 M 390.2 M 107
================================================================================
AV 52.8 22.0 12.6 FASTST M M 3 MAX(MPH)
MISC ----> 55 280 69 280
================================================================================
NOTES:
# LAST OF SEVERAL OCCURRENCES
COLUMN 17 PEAK WIND IN M.P.H.
PRELIMINARY LOCAL CLIMATOLOGICAL DATA (WS FORM: F-6) , PAGE 2
STATION: DICKINSON ND
MONTH: MARCH
YEAR: 2021
LATITUDE: 46 47 N
LONGITUDE: 102 48 W
[TEMPERATURE DATA] [PRECIPITATION DATA] SYMBOLS USED IN COLUMN 16
AVERAGE MONTHLY: 37.4 TOTAL FOR MONTH: 0.03 1 = FOG OR MIST
DPTR FM NORMAL: 7.4 DPTR FM NORMAL: -0.66 2 = FOG REDUCING VISIBILITY
HIGHEST: 67 ON 19 GRTST 24HR 0.02 ON 20-21 TO 1/4 MILE OR LESS
LOWEST: 6 ON 31,30 3 = THUNDER
SNOW, ICE PELLETS, HAIL 4 = ICE PELLETS
TOTAL MONTH: M 5 = HAIL
GRTST 24HR M ON M 6 = FREEZING RAIN OR DRIZZLE
GRTST DEPTH: M ON M 7 = DUSTSTORM OR SANDSTORM:
VSBY 1/2 MILE OR LESS
8 = SMOKE OR HAZE
[NO. OF DAYS WITH] [WEATHER - DAYS WITH] 9 = BLOWING SNOW
X = TORNADO
MAX 32 OR BELOW: 1 0.01 INCH OR MORE: 2
MAX 90 OR ABOVE: 0 0.10 INCH OR MORE: 0
MIN 32 OR BELOW: 31 0.50 INCH OR MORE: 0
MIN 0 OR BELOW: 0 1.00 INCH OR MORE: 0
[HDD (BASE 65) ]
TOTAL THIS MO. 847 CLEAR (SCALE 0-3) 16
DPTR FM NORMAL -239 PTCLDY (SCALE 4-7) 13
TOTAL FM JUL 1 6623 CLOUDY (SCALE 8-10) 2
DPTR FM NORMAL -758
[CDD (BASE 65) ]
TOTAL THIS MO. 0
DPTR FM NORMAL 0 [PRESSURE DATA]
TOTAL FM JAN 1 0 HIGHEST SLP M ON M
DPTR FM NORMAL 0 LOWEST SLP 29.10 ON 29
[REMARKS]
#FINAL-03-21#