801
CXUS53 KBIS 010830
CF6DIK
PRELIMINARY LOCAL CLIMATOLOGICAL DATA (WS FORM: F-6)
STATION: DICKINSON ND
MONTH: OCTOBER
YEAR: 2020
LATITUDE: 46 47 N
LONGITUDE: 102 48 W
TEMPERATURE IN F: :PCPN: SNOW: WIND :SUNSHINE: SKY :PK WND
================================================================================
1 2 3 4 5 6A 6B 7 8 9 10 11 12 13 14 15 16 17 18
12Z AVG MX 2MIN
DY MAX MIN AVG DEP HDD CDD WTR SNW DPTH SPD SPD DIR MIN PSBL S-S WX SPD DR
================================================================================
1 52 28 40 -10 25 0 0.00 M M 6.8 15 320 M M 2 23 340
2 62 32 47 -3 18 0 0.00 M M 7.5 13 330 M M 3 8 21 290
3 61 34 48 -1 17 0 0.00 M M 6.9 12 40 M M 1 17 50
4 76 34 55 6 10 0 0.00 M M 13.8 23 200 M M 0 8 30 190
5 71 47 59 11 6 0 0.00 M M 14.7 31 300 M M 1 8 41 290
6 76 47 62 14 3 0 T M M 12.8 24 290 M M 2 32 280
7 65 39 52 4 13 0 0.00 M M 7.1 12 100 M M 6 15 110
8 77 39 58 11 7 0 0.00 M M 13.9 31 170 M M 0 8 40 170
9 68 41 55 8 10 0 0.00 M M 8.7 18 300 M M 0 22 300
10 76 40 58 12 7 0 0.00 M M 19.6 36 170 M M 0 8 45 160
11 63 38 51 5 14 0 T M M 19.4 40 300 M M 4 8 52 300
12 64 32 48 2 17 0 0.12 M M 14.8 53 300 M M 4 1 67 290
13 58 34 46 1 19 0 T M M 12.9 21 250 M M 0 26 250
14 51 24 38 -7 27 0 0.01 M M 16.2 36 290 M M 5 46 290
15 44 27 36 -8 29 0 T M M 16.5 29 300 M M 5 1 36 290
16 41 26 34 -10 31 0 0.15 M M 10.3 20 270 M M 7 1 25 280
17 37 17 27 -17 38 0 0.01 M M 15.5 24 300 M M 4 126 32 310
18 29 15 22 -21 43 0 T M M 9.3 18 290 M M 7 1 23 290
19 28 18 23 -20 42 0 T M M 9.9 17 140 M M 10 1 23 140
20 36 21 29 -13 36 0 0.02 M M 15.8 30 310 M M 9 1 39 290
21 34 19 27 -15 38 0 T M M 7.9 15 110 M M 7 1 19 110
22 29 8 19 -22 46 0 M M M 11.5 18 350 M M 9 18 24 340
23 23 4 14 -27 51 0 0.00 M M 7.0 12 270 M M 1 14 270
24 21 11 16 -24 49 0 T M M 10.4 18 60 M M 9 1 23 50
25 19 0 10 -30 55 0 T M M 11.0 23 300 M M 9 1 27 300
26 26 -1 13 -27 52 0 T M M 13.0 23 230 M M 1 29 230
27 42 16 29 -10 36 0 0.00 M M 18.7 30 250 M M 2 37 240
28 46 26 36 -3 29 0 0.00 M M 11.2 18 290 M M 4 25 290
29 55 30 43 5 22 0 T M M 8.8 18 270 M M 7 12 23 260
30 57 25 41 3 24 0 0.00 M M 15.1 32 290 M M 3 12 41 300
31 50 22 36 -1 29 0 0.00 M M 21.0 43 300 M M 2 57 310
================================================================================
SM 1537 793 843 0 0.31 M 388.0 M 124
================================================================================
AV 49.6 25.6 12.5 FASTST M M 4 MAX(MPH)
MISC ----> # 53 300 # 67 290
================================================================================
NOTES:
# LAST OF SEVERAL OCCURRENCES
COLUMN 17 PEAK WIND IN M.P.H.
PRELIMINARY LOCAL CLIMATOLOGICAL DATA (WS FORM: F-6) , PAGE 2
STATION: DICKINSON ND
MONTH: OCTOBER
YEAR: 2020
LATITUDE: 46 47 N
LONGITUDE: 102 48 W
[TEMPERATURE DATA] [PRECIPITATION DATA] SYMBOLS USED IN COLUMN 16
AVERAGE MONTHLY: 37.6 TOTAL FOR MONTH: 0.31 1 = FOG OR MIST
DPTR FM NORMAL: -6.2 DPTR FM NORMAL: -0.92 2 = FOG REDUCING VISIBILITY
HIGHEST: 77 ON 8 GRTST 24HR 0.15 ON 16-16 TO 1/4 MILE OR LESS
LOWEST: -1 ON 26 3 = THUNDER
SNOW, ICE PELLETS, HAIL 4 = ICE PELLETS
TOTAL MONTH: M 5 = HAIL
GRTST 24HR M ON M 6 = FREEZING RAIN OR DRIZZLE
GRTST DEPTH: M ON M 7 = DUSTSTORM OR SANDSTORM:
VSBY 1/2 MILE OR LESS
8 = SMOKE OR HAZE
[NO. OF DAYS WITH] [WEATHER - DAYS WITH] 9 = BLOWING SNOW
X = TORNADO
MAX 32 OR BELOW: 7 0.01 INCH OR MORE: 5
MAX 90 OR ABOVE: 0 0.10 INCH OR MORE: 2
MIN 32 OR BELOW: 21 0.50 INCH OR MORE: 0
MIN 0 OR BELOW: 2 1.00 INCH OR MORE: 0
[HDD (BASE 65) ]
TOTAL THIS MO. 843 CLEAR (SCALE 0-3) 13
DPTR FM NORMAL 186 PTCLDY (SCALE 4-7) 13
TOTAL FM JUL 1 1068 CLOUDY (SCALE 8-10) 5
DPTR FM NORMAL 57
[CDD (BASE 65) ]
TOTAL THIS MO. 0
DPTR FM NORMAL -1 [PRESSURE DATA]
TOTAL FM JAN 1 488 HIGHEST SLP 30.61 ON 23
DPTR FM NORMAL 69 LOWEST SLP 29.29 ON 11
[REMARKS]
#FINAL-10-20#