000
CXUS53 KBIS 010830
CF6DIK
PRELIMINARY LOCAL CLIMATOLOGICAL DATA (WS FORM: F-6)
STATION: DICKINSON ND
MONTH: JULY
YEAR: 2020
LATITUDE: 46 47 N
LONGITUDE: 102 48 W
TEMPERATURE IN F: :PCPN: SNOW: WIND :SUNSHINE: SKY :PK WND
================================================================================
1 2 3 4 5 6A 6B 7 8 9 10 11 12 13 14 15 16 17 18
12Z AVG MX 2MIN
DY MAX MIN AVG DEP HDD CDD WTR SNW DPTH SPD SPD DIR MIN PSBL S-S WX SPD DR
================================================================================
1 81 50 66 0 0 1 0.00 M M 10.6 20 170 M M 0 25 180
2 90 57 74 7 0 9 0.04 M M 9.6 25 140 M M 2 3 38 140
3 88 57 73 6 0 8 0.06 M M 11.8 23 120 M M 2 3 31 150
4 88 62 75 8 0 10 0.27 M M 11.4 39 110 M M 2 13 50 100
5 85 62 74 6 0 9 0.26 M M 6.1 22 110 M M 4 13 30 140
6 82 59 71 3 0 6 0.02 M M 6.8 20 30 M M 2 12 26 30
7 82 55 69 1 0 4 0.40 M M 13.9 49 260 M M 1 123 63 260
8 81 53 67 -1 0 2 0.00 M M 7.4 17 300 M M 1 1 25 290
9 78 52 65 -3 0 0 0.00 M M 13.5 26 270 M M 0 36 280
10 80 53 67 -1 0 2 0.29 M M 9.0 26 230 M M 2 13 36 240
11 79 53 66 -3 0 1 0.00 M M 11.2 24 310 M M 0 31 330
12 87 54 71 2 0 6 0.03 M M 13.8 26 170 M M 1 3 37 170
13 81 53 67 -2 0 2 0.03 M M 10.5 26 300 M M 1 3 34 300
14 78 46 62 -7 3 0 0.00 M M 9.2 21 260 M M 1 29 260
15 83 48 66 -3 0 1 0.00 M M 7.2 17 270 M M 0 27 250
16 87 51 69 -1 0 4 0.00 M M 9.0 16 290 M M 0 23 150
17 97 62 80 10 0 15 0.00 M M 10.6 23 320 M M 0 31 320
18 82 52 67 -3 0 2 0.02 M M 12.4 29 290 M M 4 8 39 320
19 82 49 66 -4 0 1 0.00 M M 7.8 17 300 M M 1 23 300
20 74 53 64 -6 1 0 0.28 M M 6.1 21 310 M M 6 13 30 310
21 82 50 66 -4 0 1 0.00 M M 6.2 14 30 M M 1 18 270
22 88 58 73 3 0 8 0.00 M M 15.7 26 150 M M 0 37 140
23 89 68 79 9 0 14 0.00 M M 13.7 26 140 M M 0 33 130
24 94 61 78 8 0 13 0.00 M M 8.6 18 160 M M 1 23 160
25 90 56 73 2 0 8 0.00 M M 9.5 21 350 M M 1 30 350
26 86 51 69 -2 0 4 0.00 M M 7.9 18 300 M M 3 26 300
27 89 55 72 1 0 7 0.00 M M 8.5 17 340 M M 0 24 330
28 87 51 69 -2 0 4 0.00 M M M M M M M M 25 150
29 87 61 74 3 0 9 0.00 M M 8.2 17 130 M M 2 27 200
30 91 58 75 4 0 10 0.09 M M 6.8 30 260 M M 1 3 48 260
31 88 58 73 2 0 8 0.14 M M 7.8 46 300 M M 2 138 58 300
================================================================================
SM 2636 1708 4 169 1.93 M 290.8 M 41
================================================================================
AV 85.0 55.1 9.7 FASTST M M 1 MAX(MPH)
MISC ----> # 49 260 # 63 260
================================================================================
NOTES:
# LAST OF SEVERAL OCCURRENCES
COLUMN 17 PEAK WIND IN M.P.H.
PRELIMINARY LOCAL CLIMATOLOGICAL DATA (WS FORM: F-6) , PAGE 2
STATION: DICKINSON ND
MONTH: JULY
YEAR: 2020
LATITUDE: 46 47 N
LONGITUDE: 102 48 W
[TEMPERATURE DATA] [PRECIPITATION DATA] SYMBOLS USED IN COLUMN 16
AVERAGE MONTHLY: 70.1 TOTAL FOR MONTH: 1.93 1 = FOG OR MIST
DPTR FM NORMAL: 0.9 DPTR FM NORMAL: -0.51 2 = FOG REDUCING VISIBILITY
HIGHEST: 97 ON 17 GRTST 24HR 0.70 ON 30- 1 TO 1/4 MILE OR LESS
LOWEST: 46 ON 14 3 = THUNDER
SNOW, ICE PELLETS, HAIL 4 = ICE PELLETS
TOTAL MONTH: M 5 = HAIL
GRTST 24HR M ON M 6 = FREEZING RAIN OR DRIZZLE
GRTST DEPTH: M ON M 7 = DUSTSTORM OR SANDSTORM:
VSBY 1/2 MILE OR LESS
8 = SMOKE OR HAZE
[NO. OF DAYS WITH] [WEATHER - DAYS WITH] 9 = BLOWING SNOW
X = TORNADO
MAX 32 OR BELOW: 0 0.01 INCH OR MORE: 13
MAX 90 OR ABOVE: 5 0.10 INCH OR MORE: 6
MIN 32 OR BELOW: 0 0.50 INCH OR MORE: 0
MIN 0 OR BELOW: 0 1.00 INCH OR MORE: 0
[HDD (BASE 65) ]
TOTAL THIS MO. 4 CLEAR (SCALE 0-3) 27
DPTR FM NORMAL -30 PTCLDY (SCALE 4-7) 3
TOTAL FM JUL 1 4 CLOUDY (SCALE 8-10) 0
DPTR FM NORMAL -30
[CDD (BASE 65) ]
TOTAL THIS MO. 169
DPTR FM NORMAL 4 [PRESSURE DATA]
TOTAL FM JAN 1 276 HIGHEST SLP 30.11 ON 27
DPTR FM NORMAL 47 LOWEST SLP 29.55 ON 17
[REMARKS]
#FINAL-07-20#